[dpdk-test-report] |WARNING| pw95709 [PATCH] net/ena: enable multi segment in Tx offload flags
dpdklab at iol.unh.edu
dpdklab at iol.unh.edu
Tue Jul 13 01:55:39 CEST 2021
Test-Label: iol-abi-testing
Test-Status: WARNING
http://dpdk.org/patch/95709
_Testing issues_
Submitter: Ghalem Boudour <ghalem.boudour at 6wind.com>
Date: Monday, July 12 2021 17:01:53
DPDK git baseline: Repo:dpdk
Branch: master
CommitID:a95bbb72623c310df4d0c8ad45c2ee06f538e01b
95709 --> testing fail
Test environment and result as below:
+------------------------------------+----------+
| Environment | abi_test |
+====================================+==========+
| FreeBSD 13 | FAIL |
+------------------------------------+----------+
| Ubuntu 18.04 ARM | PASS |
+------------------------------------+----------+
| Ubuntu 18.04 | PASS |
+------------------------------------+----------+
| Ubuntu 20.04 | PASS |
+------------------------------------+----------+
| RHEL 7 | PASS |
+------------------------------------+----------+
| RHEL8 | PASS |
+------------------------------------+----------+
| Arch Linux | PASS |
+------------------------------------+----------+
| CentOS 8 | PASS |
+------------------------------------+----------+
| Fedora 32 | PASS |
+------------------------------------+----------+
| CentOS Stream 8 | PASS |
+------------------------------------+----------+
| openSUSE Leap 15 | PASS |
+------------------------------------+----------+
| Fedora 31 | PASS |
+------------------------------------+----------+
| Ubuntu 20.04 ARM cross-compilation | PASS |
+------------------------------------+----------+
| Fedora 34 | PASS |
+------------------------------------+----------+
| Fedora 33 | PASS |
+------------------------------------+----------+
| Fedora 34 clang | PASS |
+------------------------------------+----------+
==== 20 line log output for FreeBSD 13 (abi_test): ====
Functions changes summary: 0 Removed, 0 Changed (1 filtered out), 0 Added function
Variables changes summary: 0 Removed, 0 Changed, 0 Added variable
Functions changes summary: 0 Removed, 0 Changed (1 filtered out), 0 Added (1 filtered out) functions
Variables changes summary: 0 Removed, 0 Changed, 0 Added variable
Functions changes summary: 0 Removed, 0 Changed (10 filtered out), 0 Added (1 filtered out) functions
Variables changes summary: 0 Removed, 0 Changed, 0 Added variable
Functions changes summary: 0 Removed, 0 Changed (1 filtered out), 0 Added function
Variables changes summary: 0 Removed, 0 Changed, 0 Added variable
Error: cannot find librte_event_octeontx.dump in build_install
Functions changes summary: 0 Removed, 0 Changed, 0 Added (6 filtered out) functions
Variables changes summary: 0 Removed, 0 Changed, 0 Added variable
Functions changes summary: 0 Removed, 0 Changed (54 filtered out), 0 Added (11 filtered out) functions
Variables changes summary: 0 Removed, 0 Changed, 0 Added variable
==== End log output ====
FreeBSD 13
Kernel: 13.0
Compiler: clang 11.0.1
Ubuntu 18.04 ARM
Kernel: 5.4.0-53-generic
Compiler: gcc 9.3
Ubuntu 18.04
Kernel: 4.18.0-240.10.1.el8_3.x86_64
Compiler: gcc 7.5.0-3ubuntu1~18.04
Ubuntu 20.04
Kernel: 4.18.0-240.10.1.el8_3.x86_64
Compiler: gcc 9.3.0-17ubuntu1~20.04
RHEL 7
Kernel: 4.18.0-240.10.1.el8_3.x86_64
Compiler: gcc 4.8.5 20150623 (Red Hat 4.8.5-44)
RHEL8
Kernel: 4.18.0-240.10.1.el8_3.x86_64
Compiler: gcc 8.3.1 20191121 (Red Hat 8.3.1-5)
Arch Linux
Kernel: 5.4.0-73-generic
Compiler: gcc 11.1.0
CentOS 8
Kernel: 4.18.0-240.10.1.el8_3.x86_64
Compiler: gcc 8.3.1 20191121 (Red Hat 8.3.1-5)
Fedora 32
Kernel: 4.18.0-240.10.1.el8_3.x86_64
Compiler: gcc 10.2.1
CentOS Stream 8
Kernel: 4.18.0-240.10.1.el8_3.x86_64
Compiler: gcc 8.4.1 20200928
openSUSE Leap 15
Kernel: 4.18.0-240.10.1.el8_3.x86_64
Compiler: gcc 7.5.0
Fedora 31
Kernel: 4.18.0-240.10.1.el8_3.x86_64
Compiler: gcc 9.3.1
Ubuntu 20.04 ARM cross-compilation
Kernel: 5.4.0-72-generic
Compiler: aarch64-linux-gnu-gcc (Ubuntu 9.3.0-17ubuntu1~20.04) 9.3.0
Fedora 34
Kernel: 5.4.0-72-generic
Compiler: gcc 11.1.1 20210428 (Red Hat 11.1.1-1)
Fedora 33
Kernel: 5.4.0-72-generic
Compiler: gcc 10.3.1 20210422 (Red Hat 10.3.1-1)
Fedora 34 clang
Kernel: 5.4.0-72-generic
Compiler: clang 12.0.0 (Fedora 12.0.0-0.3.rc1.fc34)
To view detailed results, visit:
https://lab.dpdk.org/results/dashboard/patchsets/17785/
UNH-IOL DPDK Community Lab
To manage your email subscriptions, visit:
https://lab.dpdk.org/results/dashboard/preferences/subscriptions/
More information about the test-report
mailing list