[dpdk-test-report] |FAILURE| pw95806-95815 [PATCH] [10/10] ipsec: add ol_flags support
dpdklab at iol.unh.edu
dpdklab at iol.unh.edu
Fri Jul 16 06:06:17 CEST 2021
Test-Label: iol-testing
Test-Status: FAILURE
http://dpdk.org/patch/95815
_Testing issues_
Submitter: Radu Nicolau <radu.nicolau at intel.com>
Date: Tuesday, July 13 2021 13:35:42
DPDK git baseline: Repo:dpdk
Branch: master
CommitID:a95bbb72623c310df4d0c8ad45c2ee06f538e01b
95806-95815 --> testing fail
Test environment and result as below:
+------------------------------------+----------------------+--------------------+----------------+-------------------+
| Environment | dpdk_mingw64_compile | dpdk_meson_compile | dpdk_unit_test | dpdk_compile_spdk |
+====================================+======================+====================+================+===================+
| Windows Server 2019 | PASS | PASS | SKIPPED | SKIPPED |
+------------------------------------+----------------------+--------------------+----------------+-------------------+
| FreeBSD 13 | SKIPPED | FAIL | SKIPPED | SKIPPED |
+------------------------------------+----------------------+--------------------+----------------+-------------------+
| FreeBSD 11.2 | SKIPPED | PASS | SKIPPED | SKIPPED |
+------------------------------------+----------------------+--------------------+----------------+-------------------+
| Ubuntu 20.04 ARM | SKIPPED | PASS | FAIL | SKIPPED |
+------------------------------------+----------------------+--------------------+----------------+-------------------+
| Fedora 31 | SKIPPED | PASS | PASS | SKIPPED |
+------------------------------------+----------------------+--------------------+----------------+-------------------+
| Ubuntu 18.04 | SKIPPED | PASS | PASS | PASS |
+------------------------------------+----------------------+--------------------+----------------+-------------------+
| CentOS Stream 8 | SKIPPED | PASS | PASS | SKIPPED |
+------------------------------------+----------------------+--------------------+----------------+-------------------+
| Fedora 32 | SKIPPED | FAIL | FAIL | SKIPPED |
+------------------------------------+----------------------+--------------------+----------------+-------------------+
| openSUSE Leap 15 | SKIPPED | PASS | PASS | SKIPPED |
+------------------------------------+----------------------+--------------------+----------------+-------------------+
| RHEL 7 | SKIPPED | PASS | PASS | SKIPPED |
+------------------------------------+----------------------+--------------------+----------------+-------------------+
| Arch Linux | SKIPPED | FAIL | FAIL | SKIPPED |
+------------------------------------+----------------------+--------------------+----------------+-------------------+
| CentOS 8 | SKIPPED | PASS | PASS | SKIPPED |
+------------------------------------+----------------------+--------------------+----------------+-------------------+
| Fedora 34 | SKIPPED | FAIL | FAIL | SKIPPED |
+------------------------------------+----------------------+--------------------+----------------+-------------------+
| Fedora 34 clang | SKIPPED | FAIL | FAIL | SKIPPED |
+------------------------------------+----------------------+--------------------+----------------+-------------------+
| RHEL8 | SKIPPED | PASS | PASS | SKIPPED |
+------------------------------------+----------------------+--------------------+----------------+-------------------+
| Ubuntu 20.04 | SKIPPED | PASS | PASS | SKIPPED |
+------------------------------------+----------------------+--------------------+----------------+-------------------+
| Fedora 33 | SKIPPED | FAIL | FAIL | SKIPPED |
+------------------------------------+----------------------+--------------------+----------------+-------------------+
| Ubuntu 20.04 ARM cross-compilation | SKIPPED | PASS | SKIPPED | SKIPPED |
+------------------------------------+----------------------+--------------------+----------------+-------------------+
| Alpine | SKIPPED | FAIL | SKIPPED | SKIPPED |
+------------------------------------+----------------------+--------------------+----------------+-------------------+
==== 20 line log output for FreeBSD 13 (dpdk_meson_compile): ====
FAILED: lib/librte_ipsec.so.21.3
cc -o lib/librte_ipsec.so.21.3 lib/librte_ipsec.a.p/ipsec_esp_inb.c.o lib/librte_ipsec.a.p/ipsec_esp_outb.c.o lib/librte_ipsec.a.p/ipsec_sa.c.o lib/librte_ipsec.a.p/ipsec_ses.c.o lib/librte_ipsec.a.p/ipsec_ipsec_sad.c.o -Wl,--as-needed -Wl,--no-undefined -Wl,-O1 -shared -fPIC -Wl,--start-group -Wl,-soname,librte_ipsec.so.21 -Wl,--no-as-needed -pthread -lm -lexecinfo -larchive '-Wl,-rpath,$ORIGIN/' -Wl,-rpath-link,/usr/home/jenkins/jenkins-agent/workspace/Generic-VM-DPDK-Compile-Meson/dpdk/build/lib lib/librte_eal.so.21.3 lib/librte_kvargs.so.21.3 lib/librte_telemetry.so.21.3 lib/librte_mbuf.so.21.3 lib/librte_mempool.so.21.3 lib/librte_ring.so.21.3 lib/librte_net.so.21.3 lib/librte_cryptodev.so.21.3 lib/librte_rcu.so.21.3 lib/librte_security.so.21.3 lib/librte_hash.so.21.3 -Wl,--end-group -Wl,--version-script=/usr/home/jenkins/jenkins-agent/workspace/Generic-VM-DPDK-Compile-Meson/dpdk/lib/ipsec/version.map
ld: error: duplicate symbol: salt_union
>>> defined at esp_inb.c
>>> lib/librte_ipsec.a.p/ipsec_esp_inb.c.o:(salt_union)
>>> defined at esp_outb.c
>>> lib/librte_ipsec.a.p/ipsec_esp_outb.c.o:(.bss+0x0)
ld: error: duplicate symbol: salt_union
>>> defined at esp_inb.c
>>> lib/librte_ipsec.a.p/ipsec_esp_inb.c.o:(salt_union)
>>> defined at sa.c
>>> lib/librte_ipsec.a.p/ipsec_sa.c.o:(.bss+0x10)
cc: error: linker command failed with exit code 1 (use -v to see invocation)
[422/1954] Linking target lib/librte_pdump.so.21.3
[423/1954] Generating symbol file lib/librte_metrics.so.21.3.p/librte_metrics.so.21.3.symbols
[424/1954] Compiling C object lib/librte_port.a.p/port_rte_swx_port_ethdev.c.o
[425/1954] Generating symbol file lib/librte_lpm.so.21.3.p/librte_lpm.so.21.3.symbols
[426/1954] Generating symbol file lib/librte_ip_frag.so.21.3.p/librte_ip_frag.so.21.3.symbols
ninja: build stopped: subcommand failed.
==== End log output ====
Windows Server 2019
Kernel: 10.0
Compiler: clang 9.0 and gcc 8.1.0 (MinGW)
FreeBSD 13
Kernel: 13.0
Compiler: clang 11.0.1
FreeBSD 11.2
Kernel: 11.2
Compiler: gcc 8.3
Ubuntu 20.04 ARM
Kernel: 5.4.0-53-generic
Compiler: gcc 9.3
Fedora 31
Kernel: 4.18.0-240.10.1.el8_3.x86_64
Compiler: gcc 9.3.1
Ubuntu 18.04
Kernel: 4.18.0-240.10.1.el8_3.x86_64
Compiler: gcc 7.5.0-3ubuntu1~18.04
CentOS Stream 8
Kernel: 4.18.0-240.10.1.el8_3.x86_64
Compiler: gcc 8.4.1 20200928
Fedora 32
Kernel: 4.18.0-240.10.1.el8_3.x86_64
Compiler: gcc 10.2.1
openSUSE Leap 15
Kernel: 4.18.0-240.10.1.el8_3.x86_64
Compiler: gcc 7.5.0
RHEL 7
Kernel: 4.18.0-240.10.1.el8_3.x86_64
Compiler: gcc 4.8.5 20150623 (Red Hat 4.8.5-44)
Arch Linux
Kernel: 5.4.0-73-generic
Compiler: gcc 11.1.0
CentOS 8
Kernel: 4.18.0-240.10.1.el8_3.x86_64
Compiler: gcc 8.3.1 20191121 (Red Hat 8.3.1-5)
Fedora 34
Kernel: 5.4.0-72-generic
Compiler: gcc 11.1.1 20210428 (Red Hat 11.1.1-1)
Fedora 34 clang
Kernel: 5.4.0-72-generic
Compiler: clang 12.0.0 (Fedora 12.0.0-0.3.rc1.fc34)
RHEL8
Kernel: 4.18.0-240.10.1.el8_3.x86_64
Compiler: gcc 8.3.1 20191121 (Red Hat 8.3.1-5)
Ubuntu 20.04
Kernel: 4.18.0-240.10.1.el8_3.x86_64
Compiler: gcc 9.3.0-17ubuntu1~20.04
Fedora 33
Kernel: 5.4.0-72-generic
Compiler: gcc 10.3.1 20210422 (Red Hat 10.3.1-1)
Ubuntu 20.04 ARM cross-compilation
Kernel: 5.4.0-72-generic
Compiler: aarch64-linux-gnu-gcc (Ubuntu 9.3.0-17ubuntu1~20.04) 9.3.0
Alpine
Kernel: 5.4.0-73-generic
Compiler: gcc (Alpine 10.3.1_git20210424) 10.3.1 20210424
To view detailed results, visit:
https://lab.dpdk.org/results/dashboard/patchsets/17810/
UNH-IOL DPDK Community Lab
To manage your email subscriptions, visit:
https://lab.dpdk.org/results/dashboard/preferences/subscriptions/
More information about the test-report
mailing list