[dpdk-test-report] |FAILURE| pw95874-95876 [PATCH] [v2, 3/3] examples/ipsec-secgw: update L2 length for Tx

dpdklab at iol.unh.edu dpdklab at iol.unh.edu
Sat Jul 17 04:24:21 CEST 2021


Test-Label: iol-testing
Test-Status: FAILURE
http://dpdk.org/patch/95876

_Testing issues_

Submitter: Nithin Dabilpuram <ndabilpuram at marvell.com>
Date: Thursday, July 15 2021 06:09:47 
DPDK git baseline: Repo:dpdk
  Branch: master
  CommitID:a95bbb72623c310df4d0c8ad45c2ee06f538e01b

95874-95876 --> testing fail

Test environment and result as below:

+------------------------------------+----------------------+--------------------+----------------+-------------------+
|            Environment             | dpdk_mingw64_compile | dpdk_meson_compile | dpdk_unit_test | dpdk_compile_spdk |
+====================================+======================+====================+================+===================+
| Windows Server 2019                | PASS                 | PASS               | SKIPPED        | SKIPPED           |
+------------------------------------+----------------------+--------------------+----------------+-------------------+
| Ubuntu 20.04 ARM                   | SKIPPED              | PASS               | SKIPPED        | SKIPPED           |
+------------------------------------+----------------------+--------------------+----------------+-------------------+
| Fedora 31                          | SKIPPED              | PASS               | FAIL           | SKIPPED           |
+------------------------------------+----------------------+--------------------+----------------+-------------------+
| FreeBSD 11.2                       | SKIPPED              | PASS               | SKIPPED        | SKIPPED           |
+------------------------------------+----------------------+--------------------+----------------+-------------------+
| FreeBSD 13                         | SKIPPED              | PASS               | SKIPPED        | SKIPPED           |
+------------------------------------+----------------------+--------------------+----------------+-------------------+
| Ubuntu 18.04                       | SKIPPED              | PASS               | FAIL           | PASS              |
+------------------------------------+----------------------+--------------------+----------------+-------------------+
| openSUSE Leap 15                   | SKIPPED              | PASS               | FAIL           | SKIPPED           |
+------------------------------------+----------------------+--------------------+----------------+-------------------+
| CentOS 8                           | SKIPPED              | PASS               | FAIL           | SKIPPED           |
+------------------------------------+----------------------+--------------------+----------------+-------------------+
| CentOS Stream 8                    | SKIPPED              | PASS               | FAIL           | SKIPPED           |
+------------------------------------+----------------------+--------------------+----------------+-------------------+
| Fedora 32                          | SKIPPED              | PASS               | FAIL           | SKIPPED           |
+------------------------------------+----------------------+--------------------+----------------+-------------------+
| RHEL 7                             | SKIPPED              | PASS               | FAIL           | SKIPPED           |
+------------------------------------+----------------------+--------------------+----------------+-------------------+
| Ubuntu 20.04                       | SKIPPED              | PASS               | FAIL           | SKIPPED           |
+------------------------------------+----------------------+--------------------+----------------+-------------------+
| RHEL8                              | SKIPPED              | PASS               | FAIL           | SKIPPED           |
+------------------------------------+----------------------+--------------------+----------------+-------------------+
| Arch Linux                         | SKIPPED              | PASS               | FAIL           | SKIPPED           |
+------------------------------------+----------------------+--------------------+----------------+-------------------+
| Fedora 33                          | SKIPPED              | PASS               | FAIL           | SKIPPED           |
+------------------------------------+----------------------+--------------------+----------------+-------------------+
| Fedora 34                          | SKIPPED              | PASS               | FAIL           | SKIPPED           |
+------------------------------------+----------------------+--------------------+----------------+-------------------+
| Fedora 34 clang                    | SKIPPED              | PASS               | FAIL           | SKIPPED           |
+------------------------------------+----------------------+--------------------+----------------+-------------------+
| Ubuntu 20.04 ARM cross-compilation | SKIPPED              | PASS               | SKIPPED        | SKIPPED           |
+------------------------------------+----------------------+--------------------+----------------+-------------------+
| Alpine                             | SKIPPED              | PASS               | SKIPPED        | SKIPPED           |
+------------------------------------+----------------------+--------------------+----------------+-------------------+

==== 20 line log output for Arch Linux (dpdk_unit_test): ====
85/94 DPDK:fast-tests / thash_autotest                 OK                0.22s
86/94 DPDK:fast-tests / trace_autotest                 OK                0.15s
87/94 DPDK:fast-tests / telemetry_json_autotest        OK                0.17s
88/94 DPDK:fast-tests / telemetry_data_autotest        OK                0.18s
89/94 DPDK:fast-tests / ring_pmd_autotest              OK                0.17s
90/94 DPDK:fast-tests / event_eth_tx_adapter_autotest  OK                0.56s
91/94 DPDK:fast-tests / bitratestats_autotest          OK                0.18s
92/94 DPDK:fast-tests / latencystats_autotest          OK                0.19s
93/94 DPDK:fast-tests / pdump_autotest                 OK                5.27s
94/94 DPDK:fast-tests / compressdev_autotest           SKIP              0.16s   exit status 77


Ok:                 88
Expected Fail:      0
Fail:               1
Unexpected Pass:    0
Skipped:            5
Timeout:            0

Full log written to /home-local/jenkins-local/jenkins-agent/workspace/Generic-Unit-Test-DPDK/dpdk/build/meson-logs/testlog.txt
==== End log output ====

Windows Server 2019
	Kernel: 10.0
	Compiler: clang 9.0 and gcc 8.1.0 (MinGW)

Ubuntu 20.04 ARM
	Kernel: 5.4.0-53-generic
	Compiler: gcc 9.3

Fedora 31
	Kernel: 4.18.0-240.10.1.el8_3.x86_64
	Compiler: gcc 9.3.1

FreeBSD 11.2
	Kernel: 11.2
	Compiler: gcc 8.3

FreeBSD 13
	Kernel: 13.0
	Compiler: clang 11.0.1

Ubuntu 18.04
	Kernel: 4.18.0-240.10.1.el8_3.x86_64
	Compiler: gcc 7.5.0-3ubuntu1~18.04

openSUSE Leap 15
	Kernel: 4.18.0-240.10.1.el8_3.x86_64
	Compiler: gcc 7.5.0

CentOS 8
	Kernel: 4.18.0-240.10.1.el8_3.x86_64
	Compiler: gcc 8.3.1 20191121 (Red Hat 8.3.1-5)

CentOS Stream 8
	Kernel: 4.18.0-240.10.1.el8_3.x86_64
	Compiler: gcc 8.4.1 20200928

Fedora 32
	Kernel: 4.18.0-240.10.1.el8_3.x86_64
	Compiler: gcc 10.2.1

RHEL 7
	Kernel: 4.18.0-240.10.1.el8_3.x86_64
	Compiler: gcc 4.8.5 20150623 (Red Hat 4.8.5-44)

Ubuntu 20.04
	Kernel: 4.18.0-240.10.1.el8_3.x86_64
	Compiler: gcc 9.3.0-17ubuntu1~20.04

RHEL8
	Kernel: 4.18.0-240.10.1.el8_3.x86_64
	Compiler: gcc 8.3.1 20191121 (Red Hat 8.3.1-5)

Arch Linux
	Kernel: 5.4.0-73-generic
	Compiler: gcc 11.1.0

Fedora 33
	Kernel: 5.4.0-72-generic
	Compiler: gcc 10.3.1 20210422 (Red Hat 10.3.1-1)

Fedora 34
	Kernel: 5.4.0-72-generic
	Compiler: gcc 11.1.1 20210428 (Red Hat 11.1.1-1)

Fedora 34 clang
	Kernel: 5.4.0-72-generic
	Compiler: clang 12.0.0 (Fedora 12.0.0-0.3.rc1.fc34)

Ubuntu 20.04 ARM cross-compilation
	Kernel: 5.4.0-72-generic
	Compiler: aarch64-linux-gnu-gcc (Ubuntu 9.3.0-17ubuntu1~20.04) 9.3.0

Alpine
	Kernel: 5.4.0-73-generic
	Compiler: gcc (Alpine 10.3.1_git20210424) 10.3.1 20210424

To view detailed results, visit:
https://lab.dpdk.org/results/dashboard/patchsets/17833/

UNH-IOL DPDK Community Lab

To manage your email subscriptions, visit: 
https://lab.dpdk.org/results/dashboard/preferences/subscriptions/


More information about the test-report mailing list