[dpdk-test-report] |FAILURE| pw95988 [PATCH] raw/ioat: fix termination descriptor for batch

dpdklab at iol.unh.edu dpdklab at iol.unh.edu
Sat Jul 17 20:51:58 CEST 2021


Test-Label: iol-testing
Test-Status: FAILURE
http://dpdk.org/patch/95988

_Testing issues_

Submitter: Ananyev, Konstantin <konstantin.ananyev at intel.com>
Date: Friday, July 16 2021 13:50:27 
DPDK git baseline: Repo:dpdk
  Branch: master
  CommitID:761a321acf9111132f7789ac374e08a7ea7ea0f7

95988 --> testing fail

Test environment and result as below:

+------------------------------------+----------------------+--------------------+-------------------+----------------+
|            Environment             | dpdk_mingw64_compile | dpdk_meson_compile | dpdk_compile_spdk | dpdk_unit_test |
+====================================+======================+====================+===================+================+
| Windows Server 2019                | PASS                 | FAIL               | SKIPPED           | SKIPPED        |
+------------------------------------+----------------------+--------------------+-------------------+----------------+
| Ubuntu 20.04 ARM                   | SKIPPED              | PASS               | SKIPPED           | SKIPPED        |
+------------------------------------+----------------------+--------------------+-------------------+----------------+
| FreeBSD 13                         | SKIPPED              | PASS               | SKIPPED           | SKIPPED        |
+------------------------------------+----------------------+--------------------+-------------------+----------------+
| FreeBSD 11.2                       | SKIPPED              | PASS               | SKIPPED           | SKIPPED        |
+------------------------------------+----------------------+--------------------+-------------------+----------------+
| Fedora 31                          | SKIPPED              | PASS               | SKIPPED           | PASS           |
+------------------------------------+----------------------+--------------------+-------------------+----------------+
| openSUSE Leap 15                   | SKIPPED              | PASS               | SKIPPED           | PASS           |
+------------------------------------+----------------------+--------------------+-------------------+----------------+
| CentOS 8                           | SKIPPED              | PASS               | SKIPPED           | PASS           |
+------------------------------------+----------------------+--------------------+-------------------+----------------+
| Fedora 32                          | SKIPPED              | PASS               | SKIPPED           | PASS           |
+------------------------------------+----------------------+--------------------+-------------------+----------------+
| Ubuntu 20.04                       | SKIPPED              | PASS               | SKIPPED           | PASS           |
+------------------------------------+----------------------+--------------------+-------------------+----------------+
| RHEL 7                             | SKIPPED              | PASS               | SKIPPED           | PASS           |
+------------------------------------+----------------------+--------------------+-------------------+----------------+
| Ubuntu 18.04                       | SKIPPED              | PASS               | PASS              | PASS           |
+------------------------------------+----------------------+--------------------+-------------------+----------------+
| RHEL8                              | SKIPPED              | PASS               | SKIPPED           | PASS           |
+------------------------------------+----------------------+--------------------+-------------------+----------------+
| Arch Linux                         | SKIPPED              | PASS               | SKIPPED           | PASS           |
+------------------------------------+----------------------+--------------------+-------------------+----------------+
| Fedora 34                          | SKIPPED              | PASS               | SKIPPED           | PASS           |
+------------------------------------+----------------------+--------------------+-------------------+----------------+
| Fedora 33                          | SKIPPED              | PASS               | SKIPPED           | PASS           |
+------------------------------------+----------------------+--------------------+-------------------+----------------+
| CentOS Stream 8                    | SKIPPED              | PASS               | SKIPPED           | PASS           |
+------------------------------------+----------------------+--------------------+-------------------+----------------+
| Alpine                             | SKIPPED              | PASS               | SKIPPED           | SKIPPED        |
+------------------------------------+----------------------+--------------------+-------------------+----------------+
| Ubuntu 20.04 ARM cross-compilation | SKIPPED              | PASS               | SKIPPED           | SKIPPED        |
+------------------------------------+----------------------+--------------------+-------------------+----------------+
| Fedora 34 clang                    | SKIPPED              | PASS               | SKIPPED           | PASS           |
+------------------------------------+----------------------+--------------------+-------------------+----------------+

==== 20 line log output for Windows Server 2019 (dpdk_meson_compile): ====
Version: 0.57.1
Source dir: C:\Users\builder\jenkins\workspace\Windows-Compile-DPDK-Meson\dpdk
Build dir: C:\Users\builder\jenkins\workspace\Windows-Compile-DPDK-Meson\dpdk\build
Build type: native build
Program more found: YES (C:\Windows\system32\more.COM)
Project name: DPDK
Project version: 21.08.0-rc1
C compiler for the host machine: clang (clang 9.0.0 "clang version 9.0.0 (tags/RELEASE_900/final)")
C linker for the host machine: clang link 14.24.28314.0
Host machine cpu family: x86_64
Host machine cpu: x86_64
Message: ## Building in Developer Mode ##
Program pkg-config pkgconf found: NO
Program check-symbols.sh found: YES (sh C:\Users\builder\jenkins\workspace\Windows-Compile-DPDK-Meson\dpdk\buildtools\check-symbols.sh)
Program options-ibverbs-static.sh found: YES (sh C:\Users\builder\jenkins\workspace\Windows-Compile-DPDK-Meson\dpdk\buildtools\options-ibverbs-static.sh)
Program binutils-avx512-check.sh found: YES (sh C:\Users\builder\jenkins\workspace\Windows-Compile-DPDK-Meson\dpdk\buildtools\binutils-avx512-check.sh)
Program python3 found: YES (c:\python38\python.exe)
Program more found: YES (C:\Windows\system32\more.COM)
Checking for size of "void *" : 8
[2] Error running command.
==== End log output ====

Windows Server 2019
	Kernel: 10.0
	Compiler: clang 9.0 and gcc 8.1.0 (MinGW)

Ubuntu 20.04 ARM
	Kernel: 5.4.0-53-generic
	Compiler: gcc 9.3

FreeBSD 13
	Kernel: 13.0
	Compiler: clang 11.0.1

FreeBSD 11.2
	Kernel: 11.2
	Compiler: gcc 8.3

Fedora 31
	Kernel: 4.18.0-240.10.1.el8_3.x86_64
	Compiler: gcc 9.3.1

openSUSE Leap 15
	Kernel: 4.18.0-240.10.1.el8_3.x86_64
	Compiler: gcc 7.5.0

CentOS 8
	Kernel: 4.18.0-240.10.1.el8_3.x86_64
	Compiler: gcc 8.3.1 20191121 (Red Hat 8.3.1-5)

Fedora 32
	Kernel: 4.18.0-240.10.1.el8_3.x86_64
	Compiler: gcc 10.2.1

Ubuntu 20.04
	Kernel: 4.18.0-240.10.1.el8_3.x86_64
	Compiler: gcc 9.3.0-17ubuntu1~20.04

RHEL 7
	Kernel: 4.18.0-240.10.1.el8_3.x86_64
	Compiler: gcc 4.8.5 20150623 (Red Hat 4.8.5-44)

Ubuntu 18.04
	Kernel: 4.18.0-240.10.1.el8_3.x86_64
	Compiler: gcc 7.5.0-3ubuntu1~18.04

RHEL8
	Kernel: 4.18.0-240.10.1.el8_3.x86_64
	Compiler: gcc 8.3.1 20191121 (Red Hat 8.3.1-5)

Arch Linux
	Kernel: 5.4.0-73-generic
	Compiler: gcc 11.1.0

Fedora 34
	Kernel: 5.4.0-72-generic
	Compiler: gcc 11.1.1 20210428 (Red Hat 11.1.1-1)

Fedora 33
	Kernel: 5.4.0-72-generic
	Compiler: gcc 10.3.1 20210422 (Red Hat 10.3.1-1)

CentOS Stream 8
	Kernel: 4.18.0-240.10.1.el8_3.x86_64
	Compiler: gcc 8.4.1 20200928

Alpine
	Kernel: 5.4.0-73-generic
	Compiler: gcc (Alpine 10.3.1_git20210424) 10.3.1 20210424

Ubuntu 20.04 ARM cross-compilation
	Kernel: 5.4.0-72-generic
	Compiler: aarch64-linux-gnu-gcc (Ubuntu 9.3.0-17ubuntu1~20.04) 9.3.0

Fedora 34 clang
	Kernel: 5.4.0-72-generic
	Compiler: clang 12.0.0 (Fedora 12.0.0-0.3.rc1.fc34)

To view detailed results, visit:
https://lab.dpdk.org/results/dashboard/patchsets/17866/

UNH-IOL DPDK Community Lab

To manage your email subscriptions, visit: 
https://lab.dpdk.org/results/dashboard/preferences/subscriptions/


More information about the test-report mailing list