[dpdk-test-report] |WARNING| pw96136 [PATCH] net/mlx5: fix ROCE LAG bond device probing
dpdklab at iol.unh.edu
dpdklab at iol.unh.edu
Thu Jul 22 02:19:17 CEST 2021
Test-Label: iol-abi-testing
Test-Status: WARNING
http://dpdk.org/patch/96136
_Testing issues_
Submitter: Viacheslav Ovsiienko <viacheslavo at nvidia.com>
Date: Wednesday, July 21 2021 08:31:40
DPDK git baseline: Repo:dpdk
Branch: master
CommitID:cf1e803508009917f41dd5bb347e4140043afe03
96136 --> testing fail
Test environment and result as below:
+------------------------------------+----------+
| Environment | abi_test |
+====================================+==========+
| Ubuntu 20.04 ARM | PASS |
+------------------------------------+----------+
| Ubuntu 18.04 | FAIL |
+------------------------------------+----------+
| RHEL 7 | PASS |
+------------------------------------+----------+
| Ubuntu 20.04 | PASS |
+------------------------------------+----------+
| RHEL8 | PASS |
+------------------------------------+----------+
| Arch Linux | PASS |
+------------------------------------+----------+
| CentOS 8 | FAIL |
+------------------------------------+----------+
| Fedora 32 | PASS |
+------------------------------------+----------+
| CentOS Stream 8 | FAIL |
+------------------------------------+----------+
| Fedora 31 | PASS |
+------------------------------------+----------+
| Ubuntu 20.04 ARM cross-compilation | FAIL |
+------------------------------------+----------+
| openSUSE Leap 15 | PASS |
+------------------------------------+----------+
| Fedora 33 | PASS |
+------------------------------------+----------+
| Fedora 34 | FAIL |
+------------------------------------+----------+
| Fedora 34 clang | PASS |
+------------------------------------+----------+
==== 20 line log output for Ubuntu 18.04 (abi_test): ====
[3018/3067] Linking target examples/dpdk-ip_reassembly
[3019/3067] Linking target examples/dpdk-ipv4_multicast
[3020/3067] Linking target examples/dpdk-helloworld
[3021/3067] Linking target examples/dpdk-ioat
[3022/3067] Linking target app/test/dpdk-test
[3023/3067] Linking target examples/dpdk-ipsec-secgw
[3024/3067] Linking target examples/dpdk-vhost_crypto
[3025/3067] Linking target examples/dpdk-cmdline
[3026/3067] Linking target examples/dpdk-packet_ordering
[3027/3067] Linking target examples/dpdk-ip_fragmentation
[3028/3067] Linking target examples/dpdk-flow_classify
[3029/3067] Linking target examples/dpdk-flow_filtering
[3030/3067] Linking target examples/dpdk-distributor
[3031/3067] Linking target examples/dpdk-ip_pipeline
[3032/3067] Linking target examples/dpdk-l2fwd-crypto
[3033/3067] Linking target examples/dpdk-kni
[3034/3067] Linking target examples/dpdk-eventdev_pipeline
ninja: build stopped: subcommand failed.
==== Creating reference DPDK ABI
==== Checking ABI
==== End log output ====
Ubuntu 20.04 ARM
Kernel: 5.4.0-53-generic
Compiler: gcc 9.3
Ubuntu 18.04
Kernel: 4.18.0-240.10.1.el8_3.x86_64
Compiler: gcc 7.5.0-3ubuntu1~18.04
RHEL 7
Kernel: 4.18.0-240.10.1.el8_3.x86_64
Compiler: gcc 4.8.5 20150623 (Red Hat 4.8.5-44)
Ubuntu 20.04
Kernel: 4.18.0-240.10.1.el8_3.x86_64
Compiler: gcc 9.3.0-17ubuntu1~20.04
RHEL8
Kernel: 4.18.0-240.10.1.el8_3.x86_64
Compiler: gcc 8.3.1 20191121 (Red Hat 8.3.1-5)
Arch Linux
Kernel: 5.4.0-73-generic
Compiler: gcc 11.1.0
CentOS 8
Kernel: 4.18.0-240.10.1.el8_3.x86_64
Compiler: gcc 8.3.1 20191121 (Red Hat 8.3.1-5)
Fedora 32
Kernel: 4.18.0-240.10.1.el8_3.x86_64
Compiler: gcc 10.2.1
CentOS Stream 8
Kernel: 4.18.0-240.10.1.el8_3.x86_64
Compiler: gcc 8.4.1 20200928
Fedora 31
Kernel: 4.18.0-240.10.1.el8_3.x86_64
Compiler: gcc 9.3.1
Ubuntu 20.04 ARM cross-compilation
Kernel: 5.4.0-72-generic
Compiler: aarch64-linux-gnu-gcc (Ubuntu 9.3.0-17ubuntu1~20.04) 9.3.0
openSUSE Leap 15
Kernel: 4.18.0-240.10.1.el8_3.x86_64
Compiler: gcc 7.5.0
Fedora 33
Kernel: 5.4.0-72-generic
Compiler: gcc 10.3.1 20210422 (Red Hat 10.3.1-1)
Fedora 34
Kernel: 5.4.0-72-generic
Compiler: gcc 11.1.1 20210428 (Red Hat 11.1.1-1)
Fedora 34 clang
Kernel: 5.4.0-72-generic
Compiler: clang 12.0.0 (Fedora 12.0.0-0.3.rc1.fc34)
To view detailed results, visit:
https://lab.dpdk.org/results/dashboard/patchsets/17918/
UNH-IOL DPDK Community Lab
To manage your email subscriptions, visit:
https://lab.dpdk.org/results/dashboard/preferences/subscriptions/
More information about the test-report
mailing list