[dpdk-test-report] |WARNING| pw96128-96130 [PATCH] [v2, 3/3] app/flow-perf: add the supports for meter PPS
dpdklab at iol.unh.edu
dpdklab at iol.unh.edu
Thu Jul 22 02:41:08 CEST 2021
Test-Label: iol-abi-testing
Test-Status: WARNING
http://dpdk.org/patch/96130
_Testing issues_
Submitter: Rongwei Liu <rongweil at nvidia.com>
Date: Wednesday, July 21 2021 07:05:42
DPDK git baseline: Repo:dpdk
Branch: master
CommitID:cf1e803508009917f41dd5bb347e4140043afe03
96128-96130 --> testing fail
Test environment and result as below:
+------------------------------------+----------+
| Environment | abi_test |
+====================================+==========+
| Ubuntu 20.04 ARM | PASS |
+------------------------------------+----------+
| Ubuntu 18.04 | PASS |
+------------------------------------+----------+
| RHEL8 | FAIL |
+------------------------------------+----------+
| Ubuntu 20.04 | PASS |
+------------------------------------+----------+
| RHEL 7 | PASS |
+------------------------------------+----------+
| Fedora 32 | FAIL |
+------------------------------------+----------+
| Arch Linux | PASS |
+------------------------------------+----------+
| CentOS 8 | PASS |
+------------------------------------+----------+
| CentOS Stream 8 | FAIL |
+------------------------------------+----------+
| openSUSE Leap 15 | PASS |
+------------------------------------+----------+
| Fedora 31 | PASS |
+------------------------------------+----------+
| Fedora 33 | PASS |
+------------------------------------+----------+
| Fedora 34 clang | PASS |
+------------------------------------+----------+
| Ubuntu 20.04 ARM cross-compilation | PASS |
+------------------------------------+----------+
| Fedora 34 | PASS |
+------------------------------------+----------+
==== 20 line log output for RHEL8 (abi_test): ====
/usr/bin/ld: final link failed: No space left on device
collect2: error: ld returned 1 exit status
[3005/3069] Linking target examples/dpdk-bbdev_app
[3006/3069] Linking target examples/dpdk-cmdline
[3007/3069] Linking target app/dpdk-test-flow-perf
[3008/3069] Linking target app/dpdk-test-acl
[3009/3069] Linking target app/dpdk-test-fib
[3010/3069] Linking target app/dpdk-test-bbdev
[3011/3069] Linking target examples/dpdk-bond
[3012/3069] Linking target app/dpdk-test-regex
[3013/3069] Linking target app/dpdk-test-cmdline
[3014/3069] Linking target app/dpdk-test-compress-perf
[3015/3069] Linking target app/dpdk-pdump
[3016/3069] Linking target app/dpdk-test-sad
[3017/3069] Linking target app/dpdk-test-crypto-perf
[3018/3069] Linking target app/dpdk-test-pipeline
[3019/3069] Linking target app/test/dpdk-test
ninja: build stopped: subcommand failed.
==== Creating reference DPDK ABI
==== Checking ABI
==== End log output ====
Ubuntu 20.04 ARM
Kernel: 5.4.0-53-generic
Compiler: gcc 9.3
Ubuntu 18.04
Kernel: 4.18.0-240.10.1.el8_3.x86_64
Compiler: gcc 7.5.0-3ubuntu1~18.04
RHEL8
Kernel: 4.18.0-240.10.1.el8_3.x86_64
Compiler: gcc 8.3.1 20191121 (Red Hat 8.3.1-5)
Ubuntu 20.04
Kernel: 4.18.0-240.10.1.el8_3.x86_64
Compiler: gcc 9.3.0-17ubuntu1~20.04
RHEL 7
Kernel: 4.18.0-240.10.1.el8_3.x86_64
Compiler: gcc 4.8.5 20150623 (Red Hat 4.8.5-44)
Fedora 32
Kernel: 4.18.0-240.10.1.el8_3.x86_64
Compiler: gcc 10.2.1
Arch Linux
Kernel: 5.4.0-73-generic
Compiler: gcc 11.1.0
CentOS 8
Kernel: 4.18.0-240.10.1.el8_3.x86_64
Compiler: gcc 8.3.1 20191121 (Red Hat 8.3.1-5)
CentOS Stream 8
Kernel: 4.18.0-240.10.1.el8_3.x86_64
Compiler: gcc 8.4.1 20200928
openSUSE Leap 15
Kernel: 4.18.0-240.10.1.el8_3.x86_64
Compiler: gcc 7.5.0
Fedora 31
Kernel: 4.18.0-240.10.1.el8_3.x86_64
Compiler: gcc 9.3.1
Fedora 33
Kernel: 5.4.0-72-generic
Compiler: gcc 10.3.1 20210422 (Red Hat 10.3.1-1)
Fedora 34 clang
Kernel: 5.4.0-72-generic
Compiler: clang 12.0.0 (Fedora 12.0.0-0.3.rc1.fc34)
Ubuntu 20.04 ARM cross-compilation
Kernel: 5.4.0-72-generic
Compiler: aarch64-linux-gnu-gcc (Ubuntu 9.3.0-17ubuntu1~20.04) 9.3.0
Fedora 34
Kernel: 5.4.0-72-generic
Compiler: gcc 11.1.1 20210428 (Red Hat 11.1.1-1)
To view detailed results, visit:
https://lab.dpdk.org/results/dashboard/patchsets/17916/
UNH-IOL DPDK Community Lab
To manage your email subscriptions, visit:
https://lab.dpdk.org/results/dashboard/preferences/subscriptions/
More information about the test-report
mailing list