[dpdk-test-report] |WARNING| pw96126 [PATCH] net/iavf: fix virtual channel RSS command error handling

dpdklab at iol.unh.edu dpdklab at iol.unh.edu
Thu Jul 22 02:57:02 CEST 2021


Test-Label: iol-abi-testing
Test-Status: WARNING
http://dpdk.org/patch/96126

_Testing issues_

Submitter: Alvin Zhang <alvinx.zhang at intel.com>
Date: Wednesday, July 21 2021 06:32:09 
DPDK git baseline: Repo:dpdk
  Branch: master
  CommitID:cf1e803508009917f41dd5bb347e4140043afe03

96126 --> testing fail

Test environment and result as below:

+------------------------------------+----------+
|            Environment             | abi_test |
+====================================+==========+
| Ubuntu 20.04 ARM                   | PASS     |
+------------------------------------+----------+
| Ubuntu 18.04                       | PASS     |
+------------------------------------+----------+
| RHEL 7                             | PASS     |
+------------------------------------+----------+
| Ubuntu 20.04                       | PASS     |
+------------------------------------+----------+
| RHEL8                              | PASS     |
+------------------------------------+----------+
| Arch Linux                         | PASS     |
+------------------------------------+----------+
| Fedora 32                          | FAIL     |
+------------------------------------+----------+
| CentOS 8                           | PASS     |
+------------------------------------+----------+
| CentOS Stream 8                    | FAIL     |
+------------------------------------+----------+
| openSUSE Leap 15                   | PASS     |
+------------------------------------+----------+
| Fedora 31                          | PASS     |
+------------------------------------+----------+
| Fedora 33                          | FAIL     |
+------------------------------------+----------+
| Fedora 34 clang                    | PASS     |
+------------------------------------+----------+
| Ubuntu 20.04 ARM cross-compilation | PASS     |
+------------------------------------+----------+
| Fedora 34                          | PASS     |
+------------------------------------+----------+

==== 20 line log output for Fedora 32 (abi_test): ====
[2982/3069] Compiling C object examples/dpdk-vhost_blk.p/vhost_blk_vhost_blk_compat.c.o
[2983/3069] Compiling C object examples/dpdk-vhost_crypto.p/vhost_crypto_main.c.o
[2984/3069] Compiling C object examples/dpdk-vdpa.p/vdpa_main.c.o
[2985/3069] Compiling C object examples/dpdk-vhost_blk.p/vhost_blk_vhost_blk.c.o
[2986/3069] Compiling C object examples/dpdk-vmdq_dcb.p/vmdq_dcb_main.c.o
[2987/3069] Compiling C object examples/dpdk-vhost.p/vhost_main.c.o
[2988/3069] Compiling C object examples/dpdk-vmdq.p/vmdq_main.c.o
[2989/3069] Compiling C object examples/dpdk-efd_node.p/server_node_efd_node_node.c.o
[2990/3069] Compiling C object examples/dpdk-vhost.p/vhost_virtio_net.c.o
[2991/3069] Compiling C object app/test/dpdk-test.p/test_ring.c.o
[2992/3069] Compiling C object examples/dpdk-ipsec-secgw.p/ipsec-secgw_esp.c.o
[2993/3069] Compiling C object drivers/libtmp_rte_event_octeontx2.a.p/event_octeontx2_otx2_worker_dual.c.o
FAILED: drivers/libtmp_rte_event_octeontx2.a.p/event_octeontx2_otx2_worker_dual.c.o
ccache cc -Idrivers/libtmp_rte_event_octeontx2.a.p -Idrivers -I../drivers -Idrivers/event/octeontx2 -I../drivers/event/octeontx2 -Idrivers/crypto/octeontx2 -I../drivers/crypto/octeontx2 -Idrivers/common/cpt -I../drivers/common/cpt -Ilib/eventdev -I../lib/eventdev -I. -I.. -Iconfig -I../config -Ilib/eal/include -I../lib/eal/include -Ilib/eal/linux/include -I../lib/eal/linux/include -Ilib/eal/x86/include -I../lib/eal/x86/include -Ilib/eal/common -I../lib/eal/common -Ilib/eal -I../lib/eal -Ilib/kvargs -I../lib/kvargs -Ilib/metrics -I../lib/metrics -Ilib/telemetry -I../lib/telemetry -Ilib/ring -I../lib/ring -Ilib/ethdev -I../lib/ethdev -Ilib/net -I../lib/net -Ilib/mbuf -I../lib/mbuf -Ilib/mempool -I../lib/mempool -Ilib/meter -I../lib/meter -Ilib/hash -I../lib/hash -Ilib/rcu -I../lib/rcu -Ilib/timer -I../lib/timer -Ilib/cryptodev -I../lib/cryptodev -Idrivers/bus/pci -I../drivers/bus/pci -I../drivers/bus/pci/linux -Ilib/pci -I../lib/pci -Idrivers/common/octeontx2 -I../drivers/common/octeontx2 -Idrivers/mempool/octeontx2 -I../drivers/mempool/octeontx2 -Idrivers/net/octeontx2 -I../drivers/net/octeontx2 -Idrivers/crypto/octeontx -I../drivers/crypto/octeontx -Ilib/security -I../lib/security -Idrivers/bus/vdev -I../drivers/bus/vdev -fdiagnostics-color=always -pipe -D_FILE_OFFSET_BITS=64 -Wall -Winvalid-pch -O2 -g -include rte_config.h -Wextra -Wcast-qual -Wdeprecated -Wformat -Wformat-nonliteral -Wformat-security -Wmissing-declarations -Wmissing-prototypes -Wnested-externs -Wold-style-definition -Wpointer-arith -Wsign-compare -Wstrict-prototypes -Wundef -Wwrite-strings -Wno-address-of-packed-member -Wno-packed-not-aligned -Wno-missing-field-initializers -Wno-zero-length-bounds -D_GNU_SOURCE -fPIC -march=native -DALLOW_EXPERIMENTAL_API -DALLOW_INTERNAL_API -Wno-format-truncation -DRTE_LOG_DEFAULT_LOGTYPE=pmd.event.octeontx2 -MD -MQ drivers/libtmp_rte_event_octeontx2.a.p/event_octeontx2_otx2_worker_dual.c.o -MF drivers/libtmp_rte_event_octeontx2.a.p/event_octeontx2_otx2_worker_dual.c.o.d -o drivers/libtmp_rte_event_octeontx2.a.p/event_octeontx2_otx2_worker_dual.c.o -c ../drivers/event/octeontx2/otx2_worker_dual.c
cc: fatal error: Killed signal terminated program cc1
compilation terminated.
[2994/3069] Compiling C object drivers/libtmp_rte_event_octeontx2.a.p/event_octeontx2_otx2_worker.c.o
ninja: build stopped: subcommand failed.
==== Creating reference DPDK ABI
==== Checking ABI
==== End log output ====

Ubuntu 20.04 ARM
	Kernel: 5.4.0-53-generic
	Compiler: gcc 9.3

Ubuntu 18.04
	Kernel: 4.18.0-240.10.1.el8_3.x86_64
	Compiler: gcc 7.5.0-3ubuntu1~18.04

RHEL 7
	Kernel: 4.18.0-240.10.1.el8_3.x86_64
	Compiler: gcc 4.8.5 20150623 (Red Hat 4.8.5-44)

Ubuntu 20.04
	Kernel: 4.18.0-240.10.1.el8_3.x86_64
	Compiler: gcc 9.3.0-17ubuntu1~20.04

RHEL8
	Kernel: 4.18.0-240.10.1.el8_3.x86_64
	Compiler: gcc 8.3.1 20191121 (Red Hat 8.3.1-5)

Arch Linux
	Kernel: 5.4.0-73-generic
	Compiler: gcc 11.1.0

Fedora 32
	Kernel: 4.18.0-240.10.1.el8_3.x86_64
	Compiler: gcc 10.2.1

CentOS 8
	Kernel: 4.18.0-240.10.1.el8_3.x86_64
	Compiler: gcc 8.3.1 20191121 (Red Hat 8.3.1-5)

CentOS Stream 8
	Kernel: 4.18.0-240.10.1.el8_3.x86_64
	Compiler: gcc 8.4.1 20200928

openSUSE Leap 15
	Kernel: 4.18.0-240.10.1.el8_3.x86_64
	Compiler: gcc 7.5.0

Fedora 31
	Kernel: 4.18.0-240.10.1.el8_3.x86_64
	Compiler: gcc 9.3.1

Fedora 33
	Kernel: 5.4.0-72-generic
	Compiler: gcc 10.3.1 20210422 (Red Hat 10.3.1-1)

Fedora 34 clang
	Kernel: 5.4.0-72-generic
	Compiler: clang 12.0.0 (Fedora 12.0.0-0.3.rc1.fc34)

Ubuntu 20.04 ARM cross-compilation
	Kernel: 5.4.0-72-generic
	Compiler: aarch64-linux-gnu-gcc (Ubuntu 9.3.0-17ubuntu1~20.04) 9.3.0

Fedora 34
	Kernel: 5.4.0-72-generic
	Compiler: gcc 11.1.1 20210428 (Red Hat 11.1.1-1)

To view detailed results, visit:
https://lab.dpdk.org/results/dashboard/patchsets/17915/

UNH-IOL DPDK Community Lab

To manage your email subscriptions, visit: 
https://lab.dpdk.org/results/dashboard/preferences/subscriptions/


More information about the test-report mailing list