[dpdk-test-report] |WARNING| pw96180 [PATCH] build: enable to build on power10 or newer for ppc
dpdklab at iol.unh.edu
dpdklab at iol.unh.edu
Thu Jul 22 04:19:03 CEST 2021
Test-Label: iol-abi-testing
Test-Status: WARNING
http://dpdk.org/patch/96180
_Testing issues_
Submitter: Thinh Tran <thinhtr at linux.vnet.ibm.com>
Date: Wednesday, July 21 2021 21:13:08
DPDK git baseline: Repo:dpdk
Branch: master
CommitID:cf1e803508009917f41dd5bb347e4140043afe03
96180 --> testing fail
Test environment and result as below:
+------------------------------------+----------+
| Environment | abi_test |
+====================================+==========+
| Ubuntu 20.04 ARM | PASS |
+------------------------------------+----------+
| Ubuntu 18.04 | PASS |
+------------------------------------+----------+
| RHEL8 | FAIL |
+------------------------------------+----------+
| RHEL 7 | PASS |
+------------------------------------+----------+
| Fedora 32 | FAIL |
+------------------------------------+----------+
| Arch Linux | PASS |
+------------------------------------+----------+
| openSUSE Leap 15 | PASS |
+------------------------------------+----------+
| Ubuntu 20.04 | PASS |
+------------------------------------+----------+
| Fedora 31 | PASS |
+------------------------------------+----------+
| Fedora 34 clang | PASS |
+------------------------------------+----------+
| Fedora 33 | PASS |
+------------------------------------+----------+
| CentOS Stream 8 | PASS |
+------------------------------------+----------+
| CentOS 8 | PASS |
+------------------------------------+----------+
| Fedora 34 | PASS |
+------------------------------------+----------+
| Ubuntu 20.04 ARM cross-compilation | PASS |
+------------------------------------+----------+
==== 20 line log output for RHEL8 (abi_test): ====
/usr/bin/ld: BFD version 2.30-93.el8 internal error, aborting at merge.c:908 in _bfd_merged_section_offset
/usr/bin/ld: Please report this bug.
collect2: error: ld returned 1 exit status
[3008/3069] Linking target app/dpdk-pdump
[3009/3069] Linking target examples/dpdk-bond
[3010/3069] Linking target app/dpdk-test-eventdev
[3011/3069] Linking target app/dpdk-test-regex
[3012/3069] Linking target app/dpdk-test-sad
[3013/3069] Linking target app/dpdk-testpmd
[3014/3069] Linking target app/dpdk-test-compress-perf
[3015/3069] Linking target app/dpdk-proc-info
[3016/3069] Linking target app/dpdk-test-bbdev
[3017/3069] Linking target app/dpdk-test-fib
[3018/3069] Linking target app/dpdk-test-flow-perf
[3019/3069] Linking target app/dpdk-test-crypto-perf
ninja: build stopped: subcommand failed.
==== Creating reference DPDK ABI
==== Checking ABI
==== End log output ====
Ubuntu 20.04 ARM
Kernel: 5.4.0-53-generic
Compiler: gcc 9.3
Ubuntu 18.04
Kernel: 4.18.0-240.10.1.el8_3.x86_64
Compiler: gcc 7.5.0-3ubuntu1~18.04
RHEL8
Kernel: 4.18.0-240.10.1.el8_3.x86_64
Compiler: gcc 8.3.1 20191121 (Red Hat 8.3.1-5)
RHEL 7
Kernel: 4.18.0-240.10.1.el8_3.x86_64
Compiler: gcc 4.8.5 20150623 (Red Hat 4.8.5-44)
Fedora 32
Kernel: 4.18.0-240.10.1.el8_3.x86_64
Compiler: gcc 10.2.1
Arch Linux
Kernel: 5.4.0-73-generic
Compiler: gcc 11.1.0
openSUSE Leap 15
Kernel: 4.18.0-240.10.1.el8_3.x86_64
Compiler: gcc 7.5.0
Ubuntu 20.04
Kernel: 4.18.0-240.10.1.el8_3.x86_64
Compiler: gcc 9.3.0-17ubuntu1~20.04
Fedora 31
Kernel: 4.18.0-240.10.1.el8_3.x86_64
Compiler: gcc 9.3.1
Fedora 34 clang
Kernel: 5.4.0-72-generic
Compiler: clang 12.0.0 (Fedora 12.0.0-0.3.rc1.fc34)
Fedora 33
Kernel: 5.4.0-72-generic
Compiler: gcc 10.3.1 20210422 (Red Hat 10.3.1-1)
CentOS Stream 8
Kernel: 4.18.0-240.10.1.el8_3.x86_64
Compiler: gcc 8.4.1 20200928
CentOS 8
Kernel: 4.18.0-240.10.1.el8_3.x86_64
Compiler: gcc 8.3.1 20191121 (Red Hat 8.3.1-5)
Fedora 34
Kernel: 5.4.0-72-generic
Compiler: gcc 11.1.1 20210428 (Red Hat 11.1.1-1)
Ubuntu 20.04 ARM cross-compilation
Kernel: 5.4.0-72-generic
Compiler: aarch64-linux-gnu-gcc (Ubuntu 9.3.0-17ubuntu1~20.04) 9.3.0
To view detailed results, visit:
https://lab.dpdk.org/results/dashboard/patchsets/17932/
UNH-IOL DPDK Community Lab
To manage your email subscriptions, visit:
https://lab.dpdk.org/results/dashboard/preferences/subscriptions/
More information about the test-report
mailing list