[dpdk-test-report] |WARNING| pw96195 [PATCH] maintainers: update for crypto API

dpdklab at iol.unh.edu dpdklab at iol.unh.edu
Thu Jul 22 14:15:58 CEST 2021


Test-Label: iol-abi-testing
Test-Status: WARNING
http://dpdk.org/patch/96195

_Testing issues_

Submitter: Akhil Goyal <gakhil at marvell.com>
Date: Thursday, July 22 2021 08:37:39 
DPDK git baseline: Repo:dpdk
  Branch: master
  CommitID:4e8169eb0d2d34067f56b368633f816ce927650a

96195 --> testing fail

Test environment and result as below:

+------------------------------------+----------+
|            Environment             | abi_test |
+====================================+==========+
| Ubuntu 20.04 ARM                   | PASS     |
+------------------------------------+----------+
| RHEL8                              | PASS     |
+------------------------------------+----------+
| Ubuntu 20.04                       | PASS     |
+------------------------------------+----------+
| Ubuntu 18.04                       | PASS     |
+------------------------------------+----------+
| Fedora 31                          | PASS     |
+------------------------------------+----------+
| RHEL 7                             | PASS     |
+------------------------------------+----------+
| CentOS 8                           | FAIL     |
+------------------------------------+----------+
| Fedora 32                          | FAIL     |
+------------------------------------+----------+
| openSUSE Leap 15                   | FAIL     |
+------------------------------------+----------+
| Arch Linux                         | PASS     |
+------------------------------------+----------+
| CentOS Stream 8                    | PASS     |
+------------------------------------+----------+
| Ubuntu 20.04 ARM cross-compilation | PASS     |
+------------------------------------+----------+
| Fedora 33                          | PASS     |
+------------------------------------+----------+
| Fedora 34                          | PASS     |
+------------------------------------+----------+
| Fedora 34 clang                    | PASS     |
+------------------------------------+----------+

==== 20 line log output for CentOS 8 (abi_test): ====
[3015/3081] Linking target app/dpdk-test-acl
[3016/3081] Linking target app/dpdk-test-flow-perf
[3017/3081] Linking target examples/dpdk-distributor
[3018/3081] Linking target app/dpdk-pdump
[3019/3081] Linking target app/dpdk-test-eventdev
[3020/3081] Linking target app/dpdk-test-compress-perf
[3021/3081] Linking target examples/dpdk-bond
[3022/3081] Linking target app/dpdk-test-sad
[3023/3081] Linking target app/dpdk-test-fib
[3024/3081] Linking target app/dpdk-test-pipeline
[3025/3081] Linking target app/dpdk-proc-info
[3026/3081] Linking target app/dpdk-test-crypto-perf
[3027/3081] Linking target app/dpdk-test-regex
[3028/3081] Linking target examples/dpdk-bbdev_app
[3029/3081] Linking target app/test/dpdk-test
[3030/3081] Linking target app/dpdk-test-cmdline
[3031/3081] Linking target app/dpdk-testpmd
ninja: build stopped: subcommand failed.
==== Creating reference DPDK ABI
==== Checking ABI
==== End log output ====

Ubuntu 20.04 ARM
	Kernel: 5.4.0-53-generic
	Compiler: gcc 9.3

RHEL8
	Kernel: 4.18.0-240.10.1.el8_3.x86_64
	Compiler: gcc 8.3.1 20191121 (Red Hat 8.3.1-5)

Ubuntu 20.04
	Kernel: 4.18.0-240.10.1.el8_3.x86_64
	Compiler: gcc 9.3.0-17ubuntu1~20.04

Ubuntu 18.04
	Kernel: 4.18.0-240.10.1.el8_3.x86_64
	Compiler: gcc 7.5.0-3ubuntu1~18.04

Fedora 31
	Kernel: 4.18.0-240.10.1.el8_3.x86_64
	Compiler: gcc 9.3.1

RHEL 7
	Kernel: 4.18.0-240.10.1.el8_3.x86_64
	Compiler: gcc 4.8.5 20150623 (Red Hat 4.8.5-44)

CentOS 8
	Kernel: 4.18.0-240.10.1.el8_3.x86_64
	Compiler: gcc 8.3.1 20191121 (Red Hat 8.3.1-5)

Fedora 32
	Kernel: 4.18.0-240.10.1.el8_3.x86_64
	Compiler: gcc 10.2.1

openSUSE Leap 15
	Kernel: 4.18.0-240.10.1.el8_3.x86_64
	Compiler: gcc 7.5.0

Arch Linux
	Kernel: 5.4.0-73-generic
	Compiler: gcc 11.1.0

CentOS Stream 8
	Kernel: 4.18.0-240.10.1.el8_3.x86_64
	Compiler: gcc 8.4.1 20200928

Ubuntu 20.04 ARM cross-compilation
	Kernel: 5.4.0-72-generic
	Compiler: aarch64-linux-gnu-gcc (Ubuntu 9.3.0-17ubuntu1~20.04) 9.3.0

Fedora 33
	Kernel: 5.4.0-72-generic
	Compiler: gcc 10.3.1 20210422 (Red Hat 10.3.1-1)

Fedora 34
	Kernel: 5.4.0-72-generic
	Compiler: gcc 11.1.1 20210428 (Red Hat 11.1.1-1)

Fedora 34 clang
	Kernel: 5.4.0-72-generic
	Compiler: clang 12.0.0 (Fedora 12.0.0-0.3.rc1.fc34)

To view detailed results, visit:
https://lab.dpdk.org/results/dashboard/patchsets/17941/

UNH-IOL DPDK Community Lab

To manage your email subscriptions, visit: 
https://lab.dpdk.org/results/dashboard/preferences/subscriptions/


More information about the test-report mailing list