[dpdk-test-report] |WARNING| pw96192 [PATCH] net/mlx5: add check for pop and push VLAN actions

dpdklab at iol.unh.edu dpdklab at iol.unh.edu
Thu Jul 22 17:41:32 CEST 2021


Test-Label: iol-abi-testing
Test-Status: WARNING
http://dpdk.org/patch/96192

_Testing issues_

Submitter: Dong Zhou <dongzhou at nvidia.com>
Date: Thursday, July 22 2021 07:48:39 
DPDK git baseline: Repo:dpdk
  Branch: master
  CommitID:4e8169eb0d2d34067f56b368633f816ce927650a

96192 --> testing fail

Test environment and result as below:

+------------------------------------+----------+
|            Environment             | abi_test |
+====================================+==========+
| Ubuntu 20.04 ARM                   | PASS     |
+------------------------------------+----------+
| Ubuntu 18.04                       | PASS     |
+------------------------------------+----------+
| RHEL8                              | FAIL     |
+------------------------------------+----------+
| RHEL 7                             | PASS     |
+------------------------------------+----------+
| Ubuntu 20.04                       | PASS     |
+------------------------------------+----------+
| Arch Linux                         | PASS     |
+------------------------------------+----------+
| openSUSE Leap 15                   | PASS     |
+------------------------------------+----------+
| Fedora 32                          | PASS     |
+------------------------------------+----------+
| Fedora 31                          | PASS     |
+------------------------------------+----------+
| Ubuntu 20.04 ARM cross-compilation | PASS     |
+------------------------------------+----------+
| Fedora 34 clang                    | PASS     |
+------------------------------------+----------+
| CentOS Stream 8                    | PASS     |
+------------------------------------+----------+
| Fedora 33                          | PASS     |
+------------------------------------+----------+
| Fedora 34                          | PASS     |
+------------------------------------+----------+

==== 20 line log output for RHEL8 (abi_test): ====
collect2: error: ld returned 1 exit status
[3020/3081] Linking target app/dpdk-test-flow-perf
FAILED: app/dpdk-test-flow-perf
cc  -o app/dpdk-test-flow-perf app/dpdk-test-flow-perf.p/test-flow-perf_actions_gen.c.o app/dpdk-test-flow-perf.p/test-flow-perf_flow_gen.c.o app/dpdk-test-flow-perf.p/test-flow-perf_items_gen.c.o app/dpdk-test-flow-perf.p/test-flow-perf_main.c.o -Wl,--as-needed -Wl,--no-undefined -Wl,--whole-archive -Wl,--start-group lib/librte_node.a lib/librte_graph.a lib/librte_bpf.a lib/librte_flow_classify.a lib/librte_pipeline.a lib/librte_table.a lib/librte_port.a lib/librte_fib.a lib/librte_ipsec.a lib/librte_vhost.a lib/librte_stack.a lib/librte_security.a lib/librte_sched.a lib/librte_reorder.a lib/librte_rib.a lib/librte_regexdev.a lib/librte_rawdev.a lib/librte_pdump.a lib/librte_power.a lib/librte_member.a lib/librte_lpm.a lib/librte_latencystats.a lib/librte_kni.a lib/librte_jobstats.a lib/librte_ip_frag.a lib/librte_gso.a lib/librte_gro.a lib/librte_eventdev.a lib/librte_efd.a lib/librte_distributor.a lib/librte_cryptodev.a lib/librte_compressdev.a lib/librte_cfgfile.a lib/librte_bitratestats.a lib/librte_bbdev.a lib/librte_acl.a lib/librte_timer.a lib/librte_hash.a lib/librte_metrics.a lib/librte_cmdline.a lib/librte_pci.a lib/librte_ethdev.a lib/librte_meter.a lib/librte_net.a lib/librte_mbuf.a lib/librte_mempool.a lib/librte_rcu.a lib/librte_ring.a lib/librte_eal.a lib/librte_telemetry.a lib/librte_kvargs.a drivers/librte_common_cpt.a drivers/librte_common_dpaax.a drivers/librte_common_iavf.a drivers/librte_common_octeontx.a drivers/librte_common_octeontx2.a drivers/librte_bus_auxiliary.a drivers/librte_bus_dpaa.a drivers/librte_bus_fslmc.a drivers/librte_bus_ifpga.a drivers/librte_bus_pci.a drivers/librte_bus_vdev.a drivers/librte_bus_vmbus.a drivers/librte_common_cnxk.a drivers/librte_common_mlx5.a drivers/librte_common_qat.a drivers/librte_common_sfc_efx.a drivers/librte_mempool_bucket.a drivers/librte_mempool_cnxk.a drivers/librte_mempool_dpaa.a drivers/librte_mempool_dpaa2.a drivers/librte_mempool_octeontx.a drivers/librte_mempool_octeontx2.a drivers/librte_mempool_ring.a drivers/librte_mempool_stack.a drivers/librte_net_af_packet.a drivers/librte_net_ark.a drivers/librte_net_atlantic.a drivers/librte_net_avp.a drivers/librte_net_axgbe.a drivers/librte_net_bnx2x.a drivers/librte_net_bnxt.a drivers/librte_net_bond.a drivers/librte_net_cnxk.a drivers/librte_net_cxgbe.a drivers/librte_net_dpaa.a drivers/librte_net_dpaa2.a drivers/librte_net_e1000.a drivers/librte_net_ena.a drivers/librte_net_enetc.a drivers/librte_net_enic.a drivers/librte_net_failsafe.a drivers/librte_net_fm10k.a drivers/librte_net_hinic.a drivers/librte_net_hns3.a drivers/librte_net_i40e.a drivers/librte_net_iavf.a drivers/librte_net_ice.a drivers/librte_net_igc.a drivers/librte_net_ionic.a drivers/librte_net_ixgbe.a drivers/librte_net_kni.a drivers/librte_net_liquidio.a drivers/librte_net_memif.a drivers/librte_net_mlx4.a drivers/librte_net_mlx5.a drivers/librte_net_netvsc.a drivers/librte_net_nfp.a drivers/librte_net_ngbe.a drivers/librte_net_null.a drivers/librte_net_octeontx.a drivers/librte_net_octeontx2.a drivers/librte_net_octeontx_ep.a drivers/librte_net_pcap.a drivers/librte_net_pfe.a drivers/librte_net_qede.a drivers/librte_net_ring.a drivers/librte_net_sfc.a drivers/librte_net_softnic.a drivers/librte_net_tap.a drivers/librte_net_thunderx.a drivers/librte_net_txgbe.a drivers/librte_net_vdev_netvsc.a drivers/librte_net_vhost.a drivers/librte_net_virtio.a drivers/librte_net_vmxnet3.a drivers/librte_raw_cnxk_bphy.a drivers/librte_raw_dpaa2_cmdif.a drivers/librte_raw_dpaa2_qdma.a drivers/librte_raw_ioat.a drivers/librte_raw_ntb.a drivers/librte_raw_octeontx2_dma.a drivers/librte_raw_octeontx2_ep.a drivers/librte_raw_skeleton.a drivers/librte_crypto_bcmfs.a drivers/librte_crypto_caam_jr.a drivers/librte_crypto_ccp.a drivers/librte_crypto_cnxk.a drivers/librte_crypto_dpaa_sec.a drivers/librte_crypto_dpaa2_sec.a drivers/librte_crypto_mlx5.a drivers/librte_crypto_nitrox.a drivers/librte_crypto_null.a drivers/librte_crypto_octeontx.a drivers/librte_crypto_octeontx2.a drivers/librte_crypto_openssl.a drivers/librte_crypto_scheduler.a drivers/librte_crypto_virtio.a drivers/librte_compress_mlx5.a drivers/librte_compress_octeontx.a drivers/librte_compress_zlib.a drivers/librte_regex_mlx5.a drivers/librte_regex_octeontx2.a drivers/librte_vdpa_ifc.a drivers/librte_vdpa_mlx5.a drivers/librte_event_cnxk.a drivers/librte_event_dlb2.a drivers/librte_event_dpaa.a drivers/librte_event_dpaa2.a drivers/librte_event_dsw.a drivers/librte_event_octeontx2.a drivers/librte_event_opdl.a drivers/librte_event_skeleton.a drivers/librte_event_sw.a drivers/librte_event_octeontx.a drivers/librte_baseband_acc100.a drivers/librte_baseband_fpga_5gnr_fec.a drivers/librte_baseband_fpga_lte_fec.a drivers/librte_baseband_null.a drivers/librte_baseband_turbo_sw.a -Wl,--no-whole-archive -Wl,--no-as-needed -pthread -lm -ldl -lnuma -Wl,--export-dynamic /usr/lib64/libelf.so /usr/lib64/libpcap.so /usr/lib64/libjansson.so /usr/lib/gcc/x86_64-redhat-linux/8/../../../../lib64/libmlx5.so /usr/lib/gcc/x86_64-redhat-linux/8/../../../../lib64/libibverbs.so /usr/lib64/libcrypto.so /usr/lib64/libz.so /usr/lib/gcc/x86_64-redhat-linux/8/../../../../lib64/libmlx4.so -latomic -Wl,--end-group -Wl,-rpath,XXXXXXXXXXXXXXXXXXXXXXXXXXXXXXX
drivers/librte_event_octeontx2.a(event_octeontx2_otx2_evdev_adptr.c.o): error adding symbols: Cannot allocate memory
collect2: error: ld returned 1 exit status
[3021/3081] Linking target app/dpdk-pdump
[3022/3081] Linking target app/dpdk-test-cmdline
[3023/3081] Linking target app/dpdk-proc-info
[3024/3081] Linking target app/dpdk-test-bbdev
[3025/3081] Linking target app/dpdk-test-compress-perf
[3026/3081] Linking target app/dpdk-test-sad
[3027/3081] Linking target app/dpdk-testpmd
[3028/3081] Linking target examples/dpdk-bond
[3029/3081] Linking target app/dpdk-test-crypto-perf
[3030/3081] Linking target app/dpdk-test-pipeline
[3031/3081] Linking target app/test/dpdk-test
ninja: build stopped: subcommand failed.
==== Creating reference DPDK ABI
==== Checking ABI
==== End log output ====

Ubuntu 20.04 ARM
	Kernel: 5.4.0-53-generic
	Compiler: gcc 9.3

Ubuntu 18.04
	Kernel: 4.18.0-240.10.1.el8_3.x86_64
	Compiler: gcc 7.5.0-3ubuntu1~18.04

RHEL8
	Kernel: 4.18.0-240.10.1.el8_3.x86_64
	Compiler: gcc 8.3.1 20191121 (Red Hat 8.3.1-5)

RHEL 7
	Kernel: 4.18.0-240.10.1.el8_3.x86_64
	Compiler: gcc 4.8.5 20150623 (Red Hat 4.8.5-44)

Ubuntu 20.04
	Kernel: 4.18.0-240.10.1.el8_3.x86_64
	Compiler: gcc 9.3.0-17ubuntu1~20.04

Arch Linux
	Kernel: 5.4.0-73-generic
	Compiler: gcc 11.1.0

openSUSE Leap 15
	Kernel: 4.18.0-240.10.1.el8_3.x86_64
	Compiler: gcc 7.5.0

Fedora 32
	Kernel: 4.18.0-240.10.1.el8_3.x86_64
	Compiler: gcc 10.2.1

Fedora 31
	Kernel: 4.18.0-240.10.1.el8_3.x86_64
	Compiler: gcc 9.3.1

Ubuntu 20.04 ARM cross-compilation
	Kernel: 5.4.0-72-generic
	Compiler: aarch64-linux-gnu-gcc (Ubuntu 9.3.0-17ubuntu1~20.04) 9.3.0

Fedora 34 clang
	Kernel: 5.4.0-72-generic
	Compiler: clang 12.0.0 (Fedora 12.0.0-0.3.rc1.fc34)

CentOS Stream 8
	Kernel: 4.18.0-240.10.1.el8_3.x86_64
	Compiler: gcc 8.4.1 20200928

Fedora 33
	Kernel: 5.4.0-72-generic
	Compiler: gcc 10.3.1 20210422 (Red Hat 10.3.1-1)

Fedora 34
	Kernel: 5.4.0-72-generic
	Compiler: gcc 11.1.1 20210428 (Red Hat 11.1.1-1)

To view detailed results, visit:
https://lab.dpdk.org/results/dashboard/patchsets/17938/

UNH-IOL DPDK Community Lab

To manage your email subscriptions, visit: 
https://lab.dpdk.org/results/dashboard/preferences/subscriptions/


More information about the test-report mailing list