[dpdk-test-report] |WARNING| pw93847 [PATCH] [v3] vhost: enable IOMMU for async vhost
dpdklab at iol.unh.edu
dpdklab at iol.unh.edu
Thu Jun 3 11:56:23 CEST 2021
Test-Label: iol-abi-testing
Test-Status: WARNING
http://dpdk.org/patch/93847
_Testing issues_
Submitter: Xuan Ding <xuan.ding at intel.com>
Date: Thursday, June 03 2021 17:30:23
DPDK git baseline: Repo:dpdk
Branch: master
CommitID:66b3a54b9feab193a5cf8ad54606d745078587cc
93847 --> testing fail
Test environment and result as below:
+------------------+----------+
| Environment | abi_test |
+==================+==========+
| Ubuntu 18.04 | FAIL |
+------------------+----------+
| Ubuntu 20.04 | FAIL |
+------------------+----------+
| Arch Linux | FAIL |
+------------------+----------+
| RHEL 7 | FAIL |
+------------------+----------+
| Fedora 32 | FAIL |
+------------------+----------+
| Ubuntu 18.04 ARM | PASS |
+------------------+----------+
| CentOS Stream 8 | FAIL |
+------------------+----------+
| Fedora 31 | FAIL |
+------------------+----------+
| Ubuntu20.04 | FAIL |
+------------------+----------+
| Fedora 33 | FAIL |
+------------------+----------+
| openSUSE Leap 15 | FAIL |
+------------------+----------+
| Fedora 34 | FAIL |
+------------------+----------+
| RHEL8 | FAIL |
+------------------+----------+
| CentOS 8 | FAIL |
+------------------+----------+
==== 20 line log output for Ubuntu 18.04 (abi_test): ====
net/szedata2: missing dependency, "libsze2"
raw/ifpga: missing dependency, "libfdt"
crypto/aesni_gcm: missing dependency, "libIPSec_MB"
crypto/aesni_mb: missing dependency, "libIPSec_MB"
crypto/armv8: missing dependency, "libAArch64crypto"
crypto/kasumi: missing dependency, "libIPSec_MB"
crypto/mvsam: missing dependency, "libmusdk"
crypto/snow3g: missing dependency, "libIPSec_MB"
crypto/zuc: missing dependency, "libIPSec_MB"
compress/isal: missing dependency, "libisal"
Build targets in project: 1130
Option buildtype is: debugoptimized [default: release]
Found ninja-1.10.0.git.kitware.jobserver-1 at /usr/local/bin/ninja
ERROR: Clock skew detected. File /home-local/jenkins-local/jenkins-agent/workspace/Generic-DPDK-Compile-ABI/dpdk/build/../meson.build has a time stamp 28960.4296s in the future.
A full log can be found at /home-local/jenkins-local/jenkins-agent/workspace/Generic-DPDK-Compile-ABI/dpdk/build/meson-logs/meson-log.txt
==== End log output ====
Ubuntu 18.04
Kernel: 4.18.0-240.10.1.el8_3.x86_64
Compiler: gcc 7.5.0-3ubuntu1~18.04
Ubuntu 20.04
Kernel: 4.18.0-240.10.1.el8_3.x86_64
Compiler: gcc 9.3.0-17ubuntu1~20.04
Arch Linux
Kernel: 4.18.0-240.10.1.el8_3.x86_64
Compiler: gcc 10.2.0
RHEL 7
Kernel: 4.18.0-240.10.1.el8_3.x86_64
Compiler: gcc 4.8.5 20150623 (Red Hat 4.8.5-44)
Fedora 32
Kernel: 4.18.0-240.10.1.el8_3.x86_64
Compiler: gcc 10.2.1
Ubuntu 18.04 ARM
Kernel: 5.4.0-53-generic
Compiler: gcc 9.3
CentOS Stream 8
Kernel: 4.18.0-240.10.1.el8_3.x86_64
Compiler: gcc 8.4.1 20200928
Fedora 31
Kernel: 4.18.0-240.10.1.el8_3.x86_64
Compiler: gcc 9.3.1
Ubuntu20.04
Kernel: 5.4.0-72-generic
Compiler: aarch64-linux-gnu-gcc (Ubuntu 9.3.0-17ubuntu1~20.04) 9.3.0
Fedora 33
Kernel: 5.4.0-72-generic
Compiler: gcc 10.3.1 20210422 (Red Hat 10.3.1-1)
openSUSE Leap 15
Kernel: 4.18.0-240.10.1.el8_3.x86_64
Compiler: gcc 7.5.0
Fedora 34
Kernel: 5.4.0-72-generic
Compiler: gcc 11.1.1 20210428 (Red Hat 11.1.1-1)
RHEL8
Kernel: 4.18.0-240.10.1.el8_3.x86_64
Compiler: gcc 8.3.1 20191121 (Red Hat 8.3.1-5)
CentOS 8
Kernel: 4.18.0-240.10.1.el8_3.x86_64
Compiler: gcc 8.3.1 20191121 (Red Hat 8.3.1-5)
To view detailed results, visit:
https://lab.dpdk.org/results/dashboard/patchsets/17302/
UNH-IOL DPDK Community Lab
To manage your email subscriptions, visit:
https://lab.dpdk.org/results/dashboard/preferences/subscriptions/
More information about the test-report
mailing list