[dpdk-test-report] |WARNING| pw94295 [PATCH] bus/pci: fix leak for unbound devices

dpdklab at iol.unh.edu dpdklab at iol.unh.edu
Wed Jun 16 10:34:36 CEST 2021


Test-Label: iol-abi-testing
Test-Status: WARNING
http://dpdk.org/patch/94295

_Testing issues_

Submitter: David Marchand <david.marchand at redhat.com>
Date: Wednesday, June 16 2021 06:52:57 
DPDK git baseline: Repo:dpdk
  Branch: master
  CommitID:2ca92f54410400af76a1f0bc3bfecc8077e282aa

94295 --> testing fail

Test environment and result as below:

+------------------+----------+
|   Environment    | abi_test |
+==================+==========+
| Ubuntu 18.04 ARM | PASS     |
+------------------+----------+
| FreeBSD 13       | FAIL     |
+------------------+----------+
| Ubuntu 18.04     | PASS     |
+------------------+----------+
| RHEL 7           | PASS     |
+------------------+----------+
| RHEL8            | PASS     |
+------------------+----------+
| Ubuntu 20.04     | PASS     |
+------------------+----------+
| CentOS 8         | PASS     |
+------------------+----------+
| Arch Linux       | PASS     |
+------------------+----------+
| Fedora 32        | PASS     |
+------------------+----------+
| Ubuntu20.04      | PASS     |
+------------------+----------+
| CentOS Stream 8  | PASS     |
+------------------+----------+
| openSUSE Leap 15 | PASS     |
+------------------+----------+
| Fedora 31        | PASS     |
+------------------+----------+
| Fedora 34        | PASS     |
+------------------+----------+
| Fedora 33        | PASS     |
+------------------+----------+
| Fedora 34 clang  | PASS     |
+------------------+----------+

==== 20 line log output for FreeBSD 13 (abi_test): ====
Variables changes summary: 0 Removed, 0 Changed, 0 Added variable

Functions changes summary: 0 Removed, 0 Changed (177 filtered out), 0 Added functions
Variables changes summary: 0 Removed, 0 Changed, 0 Added variable

Functions changes summary: 0 Removed, 0 Changed (1 filtered out), 0 Added function
Variables changes summary: 0 Removed, 0 Changed, 0 Added variable

Functions changes summary: 0 Removed, 0 Changed (3 filtered out), 0 Added functions
Variables changes summary: 0 Removed, 0 Changed, 0 Added variable

Functions changes summary: 0 Removed, 0 Changed (1 filtered out), 0 Added function
Variables changes summary: 0 Removed, 0 Changed, 0 Added variable

Functions changes summary: 0 Removed, 0 Changed (2 filtered out), 0 Added functions
Variables changes summary: 0 Removed, 0 Changed, 0 Added variable

Functions changes summary: 0 Removed, 0 Changed (1 filtered out), 0 Added function
Variables changes summary: 0 Removed, 0 Changed, 0 Added variable

==== End log output ====

Ubuntu 18.04 ARM
	Kernel: 5.4.0-53-generic
	Compiler: gcc 9.3

FreeBSD 13
	Kernel: 13.0
	Compiler: gcc 10.2.0

Ubuntu 18.04
	Kernel: 4.18.0-240.10.1.el8_3.x86_64
	Compiler: gcc 7.5.0-3ubuntu1~18.04

RHEL 7
	Kernel: 4.18.0-240.10.1.el8_3.x86_64
	Compiler: gcc 4.8.5 20150623 (Red Hat 4.8.5-44)

RHEL8
	Kernel: 4.18.0-240.10.1.el8_3.x86_64
	Compiler: gcc 8.3.1 20191121 (Red Hat 8.3.1-5)

Ubuntu 20.04
	Kernel: 4.18.0-240.10.1.el8_3.x86_64
	Compiler: gcc 9.3.0-17ubuntu1~20.04

CentOS 8
	Kernel: 4.18.0-240.10.1.el8_3.x86_64
	Compiler: gcc 8.3.1 20191121 (Red Hat 8.3.1-5)

Arch Linux
	Kernel: 5.4.0-73-generic
	Compiler: gcc 11.1.0

Fedora 32
	Kernel: 4.18.0-240.10.1.el8_3.x86_64
	Compiler: gcc 10.2.1

Ubuntu20.04
	Kernel: 5.4.0-72-generic
	Compiler: aarch64-linux-gnu-gcc (Ubuntu 9.3.0-17ubuntu1~20.04) 9.3.0

CentOS Stream 8
	Kernel: 4.18.0-240.10.1.el8_3.x86_64
	Compiler: gcc 8.4.1 20200928

openSUSE Leap 15
	Kernel: 4.18.0-240.10.1.el8_3.x86_64
	Compiler: gcc 7.5.0

Fedora 31
	Kernel: 4.18.0-240.10.1.el8_3.x86_64
	Compiler: gcc 9.3.1

Fedora 34
	Kernel: 5.4.0-72-generic
	Compiler: gcc 11.1.1 20210428 (Red Hat 11.1.1-1)

Fedora 33
	Kernel: 5.4.0-72-generic
	Compiler: gcc 10.3.1 20210422 (Red Hat 10.3.1-1)

Fedora 34 clang
	Kernel: 5.4.0-72-generic
	Compiler: clang 12.0.0 (Fedora 12.0.0-0.3.rc1.fc34)

To view detailed results, visit:
https://lab.dpdk.org/results/dashboard/patchsets/17405/

UNH-IOL DPDK Community Lab

To manage your email subscriptions, visit: 
https://lab.dpdk.org/results/dashboard/preferences/subscriptions/


More information about the test-report mailing list