[dpdk-test-report] |FAILURE| pw94480 [PATCH] net/octeontx2: use runtime lso format indices

dpdklab at iol.unh.edu dpdklab at iol.unh.edu
Sat Jun 19 06:11:19 CEST 2021


Test-Label: iol-testing
Test-Status: FAILURE
http://dpdk.org/patch/94480

_Testing issues_

Submitter: Nithin Dabilpuram <ndabilpuram at marvell.com>
Date: Friday, June 18 2021 13:06:06 
DPDK git baseline: Repo:dpdk
  Branch: master
  CommitID:8050b61562723c531ad9d4736f5549050eba190e

94480 --> testing fail

Test environment and result as below:

+------------------------------------+----------------------+--------------------+-------------------+----------------+
|            Environment             | dpdk_mingw64_compile | dpdk_meson_compile | dpdk_compile_spdk | dpdk_unit_test |
+====================================+======================+====================+===================+================+
| Windows Server 2019                | PASS                 | PASS               | SKIPPED           | SKIPPED        |
+------------------------------------+----------------------+--------------------+-------------------+----------------+
| FreeBSD 13                         | SKIPPED              | PASS               | SKIPPED           | SKIPPED        |
+------------------------------------+----------------------+--------------------+-------------------+----------------+
| Ubuntu 18.04 ARM                   | SKIPPED              | PASS               | SKIPPED           | SKIPPED        |
+------------------------------------+----------------------+--------------------+-------------------+----------------+
| FreeBSD 11.2                       | SKIPPED              | PASS               | SKIPPED           | SKIPPED        |
+------------------------------------+----------------------+--------------------+-------------------+----------------+
| Fedora 31                          | SKIPPED              | PASS               | SKIPPED           | PASS           |
+------------------------------------+----------------------+--------------------+-------------------+----------------+
| CentOS 8                           | SKIPPED              | PASS               | SKIPPED           | PASS           |
+------------------------------------+----------------------+--------------------+-------------------+----------------+
| Ubuntu 18.04                       | SKIPPED              | PASS               | PASS              | PASS           |
+------------------------------------+----------------------+--------------------+-------------------+----------------+
| openSUSE Leap 15                   | SKIPPED              | PASS               | SKIPPED           | PASS           |
+------------------------------------+----------------------+--------------------+-------------------+----------------+
| CentOS Stream 8                    | SKIPPED              | PASS               | SKIPPED           | FAIL           |
+------------------------------------+----------------------+--------------------+-------------------+----------------+
| RHEL 7                             | SKIPPED              | PASS               | SKIPPED           | PASS           |
+------------------------------------+----------------------+--------------------+-------------------+----------------+
| Arch Linux                         | SKIPPED              | PASS               | SKIPPED           | PASS           |
+------------------------------------+----------------------+--------------------+-------------------+----------------+
| Ubuntu 20.04                       | SKIPPED              | PASS               | SKIPPED           | PASS           |
+------------------------------------+----------------------+--------------------+-------------------+----------------+
| Fedora 32                          | SKIPPED              | PASS               | SKIPPED           | PASS           |
+------------------------------------+----------------------+--------------------+-------------------+----------------+
| Fedora 34                          | SKIPPED              | PASS               | SKIPPED           | PASS           |
+------------------------------------+----------------------+--------------------+-------------------+----------------+
| RHEL8                              | SKIPPED              | PASS               | SKIPPED           | PASS           |
+------------------------------------+----------------------+--------------------+-------------------+----------------+
| Fedora 34 clang                    | SKIPPED              | PASS               | SKIPPED           | PASS           |
+------------------------------------+----------------------+--------------------+-------------------+----------------+
| Ubuntu 20.04 ARM cross-compilation | SKIPPED              | PASS               | SKIPPED           | SKIPPED        |
+------------------------------------+----------------------+--------------------+-------------------+----------------+
| Fedora 33                          | SKIPPED              | PASS               | SKIPPED           | PASS           |
+------------------------------------+----------------------+--------------------+-------------------+----------------+

==== 20 line log output for CentOS Stream 8 (dpdk_unit_test): ====
83/93 DPDK:fast-tests / service_autotest               OK             3.78s
84/93 DPDK:fast-tests / thash_autotest                 OK             0.17s
85/93 DPDK:fast-tests / trace_autotest                 OK             0.17s
86/93 DPDK:fast-tests / telemetry_json_autotest        OK             0.22s
87/93 DPDK:fast-tests / telemetry_data_autotest        OK             0.22s
88/93 DPDK:fast-tests / ring_pmd_autotest              OK             0.17s
89/93 DPDK:fast-tests / event_eth_tx_adapter_autotest  OK             0.47s
90/93 DPDK:fast-tests / bitratestats_autotest          OK             0.17s
91/93 DPDK:fast-tests / latencystats_autotest          OK             0.22s
92/93 DPDK:fast-tests / pdump_autotest                 OK             5.24s
93/93 DPDK:fast-tests / compressdev_autotest           SKIP           0.17s

Ok:                 87
Expected Fail:      0
Fail:               1
Unexpected Pass:    0
Skipped:            5
Timeout:            0

Full log written to /home-local/jenkins-local/jenkins-agent/workspace/Generic-Unit-Test-DPDK/dpdk/build/meson-logs/testlog.txt
==== End log output ====

Windows Server 2019
	Kernel: 10.0
	Compiler: clang 9.0 and gcc 8.1.0 (MinGW)

FreeBSD 13
	Kernel: 13.0
	Compiler: gcc 10.2.0

Ubuntu 18.04 ARM
	Kernel: 5.4.0-53-generic
	Compiler: gcc 9.3

FreeBSD 11.2
	Kernel: 11.2
	Compiler: gcc 8.3

Fedora 31
	Kernel: 4.18.0-240.10.1.el8_3.x86_64
	Compiler: gcc 9.3.1

CentOS 8
	Kernel: 4.18.0-240.10.1.el8_3.x86_64
	Compiler: gcc 8.3.1 20191121 (Red Hat 8.3.1-5)

Ubuntu 18.04
	Kernel: 4.18.0-240.10.1.el8_3.x86_64
	Compiler: gcc 7.5.0-3ubuntu1~18.04

openSUSE Leap 15
	Kernel: 4.18.0-240.10.1.el8_3.x86_64
	Compiler: gcc 7.5.0

CentOS Stream 8
	Kernel: 4.18.0-240.10.1.el8_3.x86_64
	Compiler: gcc 8.4.1 20200928

RHEL 7
	Kernel: 4.18.0-240.10.1.el8_3.x86_64
	Compiler: gcc 4.8.5 20150623 (Red Hat 4.8.5-44)

Arch Linux
	Kernel: 5.4.0-73-generic
	Compiler: gcc 11.1.0

Ubuntu 20.04
	Kernel: 4.18.0-240.10.1.el8_3.x86_64
	Compiler: gcc 9.3.0-17ubuntu1~20.04

Fedora 32
	Kernel: 4.18.0-240.10.1.el8_3.x86_64
	Compiler: gcc 10.2.1

Fedora 34
	Kernel: 5.4.0-72-generic
	Compiler: gcc 11.1.1 20210428 (Red Hat 11.1.1-1)

RHEL8
	Kernel: 4.18.0-240.10.1.el8_3.x86_64
	Compiler: gcc 8.3.1 20191121 (Red Hat 8.3.1-5)

Fedora 34 clang
	Kernel: 5.4.0-72-generic
	Compiler: clang 12.0.0 (Fedora 12.0.0-0.3.rc1.fc34)

Ubuntu 20.04 ARM cross-compilation
	Kernel: 5.4.0-72-generic
	Compiler: aarch64-linux-gnu-gcc (Ubuntu 9.3.0-17ubuntu1~20.04) 9.3.0

Fedora 33
	Kernel: 5.4.0-72-generic
	Compiler: gcc 10.3.1 20210422 (Red Hat 10.3.1-1)

To view detailed results, visit:
https://lab.dpdk.org/results/dashboard/patchsets/17440/

UNH-IOL DPDK Community Lab

To manage your email subscriptions, visit: 
https://lab.dpdk.org/results/dashboard/preferences/subscriptions/


More information about the test-report mailing list