[dpdk-test-report] |WARNING| pw94977 [PATCH] [v1] net/ice: enable to set HW debug mask
dpdklab at iol.unh.edu
dpdklab at iol.unh.edu
Wed Jun 30 04:06:31 CEST 2021
Test-Label: iol-abi-testing
Test-Status: WARNING
http://dpdk.org/patch/94977
_Testing issues_
Submitter: Haiyue Wang <haiyue.wang at intel.com>
Date: Tuesday, June 29 2021 13:33:32
DPDK git baseline: Repo:dpdk
Branch: master
CommitID:568d97c09ca00e52fd7805ef0cab522250dac18b
94977 --> testing fail
Test environment and result as below:
+------------------------------------+----------+
| Environment | abi_test |
+====================================+==========+
| FreeBSD 13 | PASS |
+------------------------------------+----------+
| RHEL 7 | PASS |
+------------------------------------+----------+
| Arch Linux | FAIL |
+------------------------------------+----------+
| Ubuntu 18.04 | PASS |
+------------------------------------+----------+
| Ubuntu 20.04 | PASS |
+------------------------------------+----------+
| Fedora 32 | PASS |
+------------------------------------+----------+
| CentOS 8 | PASS |
+------------------------------------+----------+
| CentOS Stream 8 | PASS |
+------------------------------------+----------+
| RHEL8 | PASS |
+------------------------------------+----------+
| openSUSE Leap 15 | PASS |
+------------------------------------+----------+
| Ubuntu 20.04 ARM cross-compilation | PASS |
+------------------------------------+----------+
| Fedora 33 | PASS |
+------------------------------------+----------+
| Fedora 34 | PASS |
+------------------------------------+----------+
| Fedora 31 | PASS |
+------------------------------------+----------+
| Fedora 34 clang | PASS |
+------------------------------------+----------+
==== 20 line log output for Arch Linux (abi_test): ====
[C] 'function int rte_vmbus_chan_open(rte_vmbus_device*, vmbus_channel**)' at vmbus_channel.c:340:1 has some indirect sub-type changes:
parameter 1 of type 'rte_vmbus_device*' has sub-type changes:
in pointed to type 'struct rte_vmbus_device' at rte_bus_vmbus.h:64:1:
type size hasn't changed
1 data member change:
type of 'rte_intr_handle intr_handle' changed:
type size hasn't changed
1 data member insertion:
'union {struct {union {int vfio_dev_fd; int uio_cfg_fd;}; int fd;}; void* handle;}', at offset 0 (in bits)
Functions changes summary: 0 Removed, 0 Changed (171 filtered out), 0 Added functions
Variables changes summary: 0 Removed, 0 Changed, 0 Added variable
Functions changes summary: 0 Removed, 0 Changed (23 filtered out), 0 Added functions
Variables changes summary: 0 Removed, 0 Changed, 0 Added variable
==== Creating reference DPDK ABI
==== Checking ABI
==== End log output ====
FreeBSD 13
Kernel: 13.0
Compiler: clang 11.0.1
RHEL 7
Kernel: 4.18.0-240.10.1.el8_3.x86_64
Compiler: gcc 4.8.5 20150623 (Red Hat 4.8.5-44)
Arch Linux
Kernel: 5.4.0-73-generic
Compiler: gcc 11.1.0
Ubuntu 18.04
Kernel: 4.18.0-240.10.1.el8_3.x86_64
Compiler: gcc 7.5.0-3ubuntu1~18.04
Ubuntu 20.04
Kernel: 4.18.0-240.10.1.el8_3.x86_64
Compiler: gcc 9.3.0-17ubuntu1~20.04
Fedora 32
Kernel: 4.18.0-240.10.1.el8_3.x86_64
Compiler: gcc 10.2.1
CentOS 8
Kernel: 4.18.0-240.10.1.el8_3.x86_64
Compiler: gcc 8.3.1 20191121 (Red Hat 8.3.1-5)
CentOS Stream 8
Kernel: 4.18.0-240.10.1.el8_3.x86_64
Compiler: gcc 8.4.1 20200928
RHEL8
Kernel: 4.18.0-240.10.1.el8_3.x86_64
Compiler: gcc 8.3.1 20191121 (Red Hat 8.3.1-5)
openSUSE Leap 15
Kernel: 4.18.0-240.10.1.el8_3.x86_64
Compiler: gcc 7.5.0
Ubuntu 20.04 ARM cross-compilation
Kernel: 5.4.0-72-generic
Compiler: aarch64-linux-gnu-gcc (Ubuntu 9.3.0-17ubuntu1~20.04) 9.3.0
Fedora 33
Kernel: 5.4.0-72-generic
Compiler: gcc 10.3.1 20210422 (Red Hat 10.3.1-1)
Fedora 34
Kernel: 5.4.0-72-generic
Compiler: gcc 11.1.1 20210428 (Red Hat 11.1.1-1)
Fedora 31
Kernel: 4.18.0-240.10.1.el8_3.x86_64
Compiler: gcc 9.3.1
Fedora 34 clang
Kernel: 5.4.0-72-generic
Compiler: clang 12.0.0 (Fedora 12.0.0-0.3.rc1.fc34)
To view detailed results, visit:
https://lab.dpdk.org/results/dashboard/patchsets/17552/
UNH-IOL DPDK Community Lab
To manage your email subscriptions, visit:
https://lab.dpdk.org/results/dashboard/preferences/subscriptions/
More information about the test-report
mailing list