[dpdk-test-report] |FAILURE| pw95032-95038 [PATCH] [v4, 7/7] doc: release note for ETS-based Tx QoS

dpdklab at iol.unh.edu dpdklab at iol.unh.edu
Wed Jun 30 14:56:59 CEST 2021


Test-Label: iol-testing
Test-Status: FAILURE
http://dpdk.org/patch/95038

_Testing issues_

Submitter: Ting Xu <ting.xu at intel.com>
Date: Wednesday, June 30 2021 06:53:44 
DPDK git baseline: Repo:dpdk
  Branch: master
  CommitID:568d97c09ca00e52fd7805ef0cab522250dac18b

95032-95038 --> testing fail

Test environment and result as below:

+------------------------------------+----------------------+-------------------+--------------------+----------------+
|            Environment             | dpdk_mingw64_compile | dpdk_compile_spdk | dpdk_meson_compile | dpdk_unit_test |
+====================================+======================+===================+====================+================+
| Windows Server 2019                | PASS                 | SKIPPED           | FAIL               | SKIPPED        |
+------------------------------------+----------------------+-------------------+--------------------+----------------+
| Ubuntu 18.04                       | SKIPPED              | PASS              | PASS               | PASS           |
+------------------------------------+----------------------+-------------------+--------------------+----------------+
| Fedora 31                          | SKIPPED              | SKIPPED           | PASS               | PASS           |
+------------------------------------+----------------------+-------------------+--------------------+----------------+
| FreeBSD 13                         | SKIPPED              | SKIPPED           | PASS               | SKIPPED        |
+------------------------------------+----------------------+-------------------+--------------------+----------------+
| CentOS 8                           | SKIPPED              | SKIPPED           | PASS               | PASS           |
+------------------------------------+----------------------+-------------------+--------------------+----------------+
| openSUSE Leap 15                   | SKIPPED              | SKIPPED           | PASS               | PASS           |
+------------------------------------+----------------------+-------------------+--------------------+----------------+
| CentOS Stream 8                    | SKIPPED              | SKIPPED           | PASS               | PASS           |
+------------------------------------+----------------------+-------------------+--------------------+----------------+
| Fedora 32                          | SKIPPED              | SKIPPED           | PASS               | PASS           |
+------------------------------------+----------------------+-------------------+--------------------+----------------+
| FreeBSD 11.2                       | SKIPPED              | SKIPPED           | PASS               | SKIPPED        |
+------------------------------------+----------------------+-------------------+--------------------+----------------+
| RHEL 7                             | SKIPPED              | SKIPPED           | FAIL               | FAIL           |
+------------------------------------+----------------------+-------------------+--------------------+----------------+
| Ubuntu 20.04                       | SKIPPED              | SKIPPED           | PASS               | PASS           |
+------------------------------------+----------------------+-------------------+--------------------+----------------+
| RHEL8                              | SKIPPED              | SKIPPED           | PASS               | PASS           |
+------------------------------------+----------------------+-------------------+--------------------+----------------+
| Arch Linux                         | SKIPPED              | SKIPPED           | PASS               | PASS           |
+------------------------------------+----------------------+-------------------+--------------------+----------------+
| Fedora 34                          | SKIPPED              | SKIPPED           | PASS               | PASS           |
+------------------------------------+----------------------+-------------------+--------------------+----------------+
| Ubuntu 18.04 ARM                   | SKIPPED              | SKIPPED           | PASS               | FAIL           |
+------------------------------------+----------------------+-------------------+--------------------+----------------+
| Fedora 33                          | SKIPPED              | SKIPPED           | PASS               | PASS           |
+------------------------------------+----------------------+-------------------+--------------------+----------------+
| Alpine                             | SKIPPED              | SKIPPED           | PASS               | SKIPPED        |
+------------------------------------+----------------------+-------------------+--------------------+----------------+
| Ubuntu 20.04 ARM cross-compilation | SKIPPED              | SKIPPED           | PASS               | SKIPPED        |
+------------------------------------+----------------------+-------------------+--------------------+----------------+
| Fedora 34 clang                    | SKIPPED              | SKIPPED           | PASS               | PASS           |
+------------------------------------+----------------------+-------------------+--------------------+----------------+

==== 20 line log output for Windows Server 2019 (dpdk_meson_compile): ====
[236/347] Linking static target drivers/net/ice/base/libice_base.a
[237/347] Compiling C object drivers/libtmp_rte_net_ice.a.p/net_ice_ice_rxtx.c.obj
[238/347] Compiling C object drivers/libtmp_rte_net_ice.a.p/net_ice_ice_acl_filter.c.obj
[239/347] Compiling C object drivers/libtmp_rte_net_ice.a.p/net_ice_ice_generic_flow.c.obj
[240/347] Compiling C object drivers/libtmp_rte_net_ice.a.p/net_ice_ice_fdir_filter.c.obj
[241/347] Compiling C object drivers/libtmp_rte_net_ice.a.p/net_ice_ice_ethdev.c.obj
[242/347] Compiling C object drivers/libtmp_rte_net_ice.a.p/net_ice_ice_dcf_sched.c.obj
FAILED: drivers/libtmp_rte_net_ice.a.p/net_ice_ice_dcf_sched.c.obj
"clang" "-Idrivers\libtmp_rte_net_ice.a.p" "-Idrivers" "-I..\drivers" "-Idrivers\net\ice" "-I..\drivers\net\ice" "-Idrivers\net\ice\base" "-I..\drivers\net\ice\base" "-Idrivers\common\iavf" "-I..\drivers\common\iavf" "-Ilib\ethdev" "-I..\lib\ethdev" "-I." "-I.." "-Iconfig" "-I..\config" "-Ilib\eal\include" "-I..\lib\eal\include" "-Ilib\eal\windows\include" "-I..\lib\eal\windows\include" "-Ilib\eal\x86\include" "-I..\lib\eal\x86\include" "-Ilib\eal\common" "-I..\lib\eal\common" "-Ilib\eal" "-I..\lib\eal" "-Ilib\kvargs" "-I..\lib\kvargs" "-Ilib\net" "-I..\lib\net" "-Ilib\mbuf" "-I..\lib\mbuf" "-Ilib\mempool" "-I..\lib\mempool" "-Ilib\ring" "-I..\lib\ring" "-Ilib\meter" "-I..\lib\meter" "-I..\lib\metrics" "-Ilib\telemetry" "-I..\lib\telemetry" "-Idrivers\bus\pci" "-I..\drivers\bus\pci" "-I..\drivers\bus\pci\windows" "-Ilib\pci" "-I..\lib\pci" "-Idrivers\bus\vdev" "-I..\drivers\bus\vdev" "-Ilib\hash" "-I..\lib\hash" "-Ilib\rcu" "-I..\lib\rcu" "-Xclang" "-fcolor-diagnostics" "-pipe" "-D_FILE_OFFSET_BITS=64" "-Wall" "-Winvalid-pch" "-Werror" "-O3" "-include" "rte_config.h" "-Wextra" "-Wcast-qual" "-Wdeprecated" "-Wformat" "-Wformat-nonliteral" "-Wformat-security" "-Wmissing-declarations" "-Wmissing-prototypes" "-Wnested-externs" "-Wold-style-definition" "-Wpointer-arith" "-Wsign-compare" "-Wstrict-prototypes" "-Wundef" "-Wwrite-strings" "-Wno-address-of-packed-member" "-Wno-missing-field-initializers" "-D_GNU_SOURCE" "-D_WIN32_WINNT=0x0A00" "-D_CRT_SECURE_NO_WARNINGS" "-march=native" "-DALLOW_EXPERIMENTAL_API" "-DALLOW_INTERNAL_API" "-DCC_AVX2_SUPPORT" "-DCC_AVX512_SUPPORT" "-DRTE_LOG_DEFAULT_LOGTYPE=pmd.net.ice" -MD -MQ drivers/libtmp_rte_net_ice.a.p/net_ice_ice_dcf_sched.c.obj -MF "drivers\libtmp_rte_net_ice.a.p\net_ice_ice_dcf_sched.c.obj.d" -o drivers/libtmp_rte_net_ice.a.p/net_ice_ice_dcf_sched.c.obj "-c" ../drivers/net/ice/ice_dcf_sched.c
../drivers/net/ice/ice_dcf_sched.c:331:15: error: comparison of integers of different signs: 'uint32_t' (aka 'unsigned int') and 'int' [-Werror,-Wsign-compare]
level_id != parent_node_type + 1) {
~~~~~~~~ ^  ~~~~~~~~~~~~~~~~~~~~
1 error generated.
[243/347] Compiling C object drivers/libtmp_rte_net_ice.a.p/net_ice_ice_dcf_ethdev.c.obj
[244/347] Compiling C object drivers/libtmp_rte_net_ice.a.p/net_ice_ice_switch_filter.c.obj
[245/347] Compiling C object drivers/net/ice/libice_avx512_lib.a.p/ice_rxtx_vec_avx512.c.obj
[246/347] Compiling C object drivers/libtmp_rte_net_ice.a.p/net_ice_ice_dcf_parent.c.obj
[247/347] Compiling C object drivers/libtmp_rte_net_ice.a.p/net_ice_ice_dcf.c.obj
ninja: build stopped: subcommand failed.
[1] Error running command.
==== End log output ====

Windows Server 2019
	Kernel: 10.0
	Compiler: clang 9.0 and gcc 8.1.0 (MinGW)

Ubuntu 18.04
	Kernel: 4.18.0-240.10.1.el8_3.x86_64
	Compiler: gcc 7.5.0-3ubuntu1~18.04

Fedora 31
	Kernel: 4.18.0-240.10.1.el8_3.x86_64
	Compiler: gcc 9.3.1

FreeBSD 13
	Kernel: 13.0
	Compiler: clang 11.0.1

CentOS 8
	Kernel: 4.18.0-240.10.1.el8_3.x86_64
	Compiler: gcc 8.3.1 20191121 (Red Hat 8.3.1-5)

openSUSE Leap 15
	Kernel: 4.18.0-240.10.1.el8_3.x86_64
	Compiler: gcc 7.5.0

CentOS Stream 8
	Kernel: 4.18.0-240.10.1.el8_3.x86_64
	Compiler: gcc 8.4.1 20200928

Fedora 32
	Kernel: 4.18.0-240.10.1.el8_3.x86_64
	Compiler: gcc 10.2.1

FreeBSD 11.2
	Kernel: 11.2
	Compiler: gcc 8.3

RHEL 7
	Kernel: 4.18.0-240.10.1.el8_3.x86_64
	Compiler: gcc 4.8.5 20150623 (Red Hat 4.8.5-44)

Ubuntu 20.04
	Kernel: 4.18.0-240.10.1.el8_3.x86_64
	Compiler: gcc 9.3.0-17ubuntu1~20.04

RHEL8
	Kernel: 4.18.0-240.10.1.el8_3.x86_64
	Compiler: gcc 8.3.1 20191121 (Red Hat 8.3.1-5)

Arch Linux
	Kernel: 5.4.0-73-generic
	Compiler: gcc 11.1.0

Fedora 34
	Kernel: 5.4.0-72-generic
	Compiler: gcc 11.1.1 20210428 (Red Hat 11.1.1-1)

Ubuntu 18.04 ARM
	Kernel: 5.4.0-53-generic
	Compiler: gcc 9.3

Fedora 33
	Kernel: 5.4.0-72-generic
	Compiler: gcc 10.3.1 20210422 (Red Hat 10.3.1-1)

Alpine
	Kernel: 5.4.0-73-generic
	Compiler: gcc (Alpine 10.3.1_git20210424) 10.3.1 20210424

Ubuntu 20.04 ARM cross-compilation
	Kernel: 5.4.0-72-generic
	Compiler: aarch64-linux-gnu-gcc (Ubuntu 9.3.0-17ubuntu1~20.04) 9.3.0

Fedora 34 clang
	Kernel: 5.4.0-72-generic
	Compiler: clang 12.0.0 (Fedora 12.0.0-0.3.rc1.fc34)

To view detailed results, visit:
https://lab.dpdk.org/results/dashboard/patchsets/17568/

UNH-IOL DPDK Community Lab

To manage your email subscriptions, visit: 
https://lab.dpdk.org/results/dashboard/preferences/subscriptions/


More information about the test-report mailing list