[dpdk-test-report] |FAILURE| pw95055-95076 [PATCH] [v2, 22/22] net/mlx5: optimize Rx queue match
dpdklab at iol.unh.edu
dpdklab at iol.unh.edu
Wed Jun 30 21:54:45 CEST 2021
Test-Label: iol-testing
Test-Status: FAILURE
http://dpdk.org/patch/95076
_Testing issues_
Submitter: Suanming Mou <suanmingm at nvidia.com>
Date: Wednesday, June 30 2021 12:46:09
DPDK git baseline: Repo:dpdk-next-net-mlx
Branch: master
CommitID:254501687fade29b11125d79c734346a9dd21138
95055-95076 --> testing fail
Test environment and result as below:
+------------------------------------+----------------------+--------------------+----------------+-------------------+
| Environment | dpdk_mingw64_compile | dpdk_meson_compile | dpdk_unit_test | dpdk_compile_spdk |
+====================================+======================+====================+================+===================+
| Windows Server 2019 | PASS | FAIL | SKIPPED | SKIPPED |
+------------------------------------+----------------------+--------------------+----------------+-------------------+
| FreeBSD 13 | SKIPPED | PASS | SKIPPED | SKIPPED |
+------------------------------------+----------------------+--------------------+----------------+-------------------+
| FreeBSD 11.2 | SKIPPED | PASS | SKIPPED | SKIPPED |
+------------------------------------+----------------------+--------------------+----------------+-------------------+
| Ubuntu 18.04 ARM | SKIPPED | PASS | FAIL | SKIPPED |
+------------------------------------+----------------------+--------------------+----------------+-------------------+
| Fedora 31 | SKIPPED | PASS | PASS | SKIPPED |
+------------------------------------+----------------------+--------------------+----------------+-------------------+
| openSUSE Leap 15 | SKIPPED | PASS | PASS | SKIPPED |
+------------------------------------+----------------------+--------------------+----------------+-------------------+
| Ubuntu 18.04 | SKIPPED | PASS | PASS | PASS |
+------------------------------------+----------------------+--------------------+----------------+-------------------+
| CentOS 8 | SKIPPED | PASS | PASS | SKIPPED |
+------------------------------------+----------------------+--------------------+----------------+-------------------+
| CentOS Stream 8 | SKIPPED | PASS | PASS | SKIPPED |
+------------------------------------+----------------------+--------------------+----------------+-------------------+
| Fedora 32 | SKIPPED | PASS | PASS | SKIPPED |
+------------------------------------+----------------------+--------------------+----------------+-------------------+
| RHEL 7 | SKIPPED | PASS | PASS | SKIPPED |
+------------------------------------+----------------------+--------------------+----------------+-------------------+
| Ubuntu 20.04 | SKIPPED | PASS | PASS | SKIPPED |
+------------------------------------+----------------------+--------------------+----------------+-------------------+
| Arch Linux | SKIPPED | PASS | PASS | SKIPPED |
+------------------------------------+----------------------+--------------------+----------------+-------------------+
| RHEL8 | SKIPPED | PASS | PASS | SKIPPED |
+------------------------------------+----------------------+--------------------+----------------+-------------------+
| Fedora 34 | SKIPPED | PASS | PASS | SKIPPED |
+------------------------------------+----------------------+--------------------+----------------+-------------------+
| Alpine | SKIPPED | PASS | SKIPPED | SKIPPED |
+------------------------------------+----------------------+--------------------+----------------+-------------------+
| Fedora 33 | SKIPPED | PASS | PASS | SKIPPED |
+------------------------------------+----------------------+--------------------+----------------+-------------------+
| Ubuntu 20.04 ARM cross-compilation | SKIPPED | PASS | SKIPPED | SKIPPED |
+------------------------------------+----------------------+--------------------+----------------+-------------------+
| Fedora 34 clang | SKIPPED | PASS | PASS | SKIPPED |
+------------------------------------+----------------------+--------------------+----------------+-------------------+
==== 20 line log output for Windows Server 2019 (dpdk_meson_compile): ====
[343/346] Compiling C object drivers/librte_net_mlx5.a.p/meson-generated_.._rte_net_mlx5.pmd.c.obj
[344/346] Linking static target drivers/librte_net_mlx5.a
[345/346] Linking target drivers/rte_net_mlx5-21.dll
FAILED: drivers/rte_net_mlx5-21.dll
"clang" @drivers/rte_net_mlx5-21.dll.rsp
Creating library drivers\rte_net_mlx5.lib and object drivers\rte_net_mlx5.exp
net_mlx5_mlx5.c.obj : error LNK2019: unresolved external symbol mlx5_list_destroy referenced in function mlx5_dev_close
net_mlx5_mlx5_flow_dv.c.obj : error LNK2001: unresolved external symbol mlx5_list_destroy
net_mlx5_mlx5_flow_dv.c.obj : error LNK2019: unresolved external symbol mlx5_list_create referenced in function flow_dv_tbl_create_cb
net_mlx5_windows_mlx5_os.c.obj : error LNK2001: unresolved external symbol mlx5_list_create
net_mlx5_mlx5_flow_dv.c.obj : error LNK2019: unresolved external symbol mlx5_list_unregister referenced in function flow_dv_sample_sub_actions_release
net_mlx5_mlx5_rxq.c.obj : error LNK2001: unresolved external symbol mlx5_list_unregister
net_mlx5_mlx5_flow_dv.c.obj : error LNK2019: unresolved external symbol mlx5_list_register referenced in function flow_dv_translate
net_mlx5_mlx5_rxq.c.obj : error LNK2001: unresolved external symbol mlx5_list_register
net_mlx5_mlx5_rxq.c.obj : error LNK2019: unresolved external symbol mlx5_list_get_entry_num referenced in function mlx5_hrxq_verify
drivers\rte_net_mlx5-21.dll : fatal error LNK1120: 5 unresolved externals
clang: error: linker command failed with exit code 1120 (use -v to see invocation)
[346/346] Linking target examples/dpdk-helloworld.exe
ninja: build stopped: subcommand failed.
[1] Error running command.
==== End log output ====
Windows Server 2019
Kernel: 10.0
Compiler: clang 9.0 and gcc 8.1.0 (MinGW)
FreeBSD 13
Kernel: 13.0
Compiler: clang 11.0.1
FreeBSD 11.2
Kernel: 11.2
Compiler: gcc 8.3
Ubuntu 18.04 ARM
Kernel: 5.4.0-53-generic
Compiler: gcc 9.3
Fedora 31
Kernel: 4.18.0-240.10.1.el8_3.x86_64
Compiler: gcc 9.3.1
openSUSE Leap 15
Kernel: 4.18.0-240.10.1.el8_3.x86_64
Compiler: gcc 7.5.0
Ubuntu 18.04
Kernel: 4.18.0-240.10.1.el8_3.x86_64
Compiler: gcc 7.5.0-3ubuntu1~18.04
CentOS 8
Kernel: 4.18.0-240.10.1.el8_3.x86_64
Compiler: gcc 8.3.1 20191121 (Red Hat 8.3.1-5)
CentOS Stream 8
Kernel: 4.18.0-240.10.1.el8_3.x86_64
Compiler: gcc 8.4.1 20200928
Fedora 32
Kernel: 4.18.0-240.10.1.el8_3.x86_64
Compiler: gcc 10.2.1
RHEL 7
Kernel: 4.18.0-240.10.1.el8_3.x86_64
Compiler: gcc 4.8.5 20150623 (Red Hat 4.8.5-44)
Ubuntu 20.04
Kernel: 4.18.0-240.10.1.el8_3.x86_64
Compiler: gcc 9.3.0-17ubuntu1~20.04
Arch Linux
Kernel: 5.4.0-73-generic
Compiler: gcc 11.1.0
RHEL8
Kernel: 4.18.0-240.10.1.el8_3.x86_64
Compiler: gcc 8.3.1 20191121 (Red Hat 8.3.1-5)
Fedora 34
Kernel: 5.4.0-72-generic
Compiler: gcc 11.1.1 20210428 (Red Hat 11.1.1-1)
Alpine
Kernel: 5.4.0-73-generic
Compiler: gcc (Alpine 10.3.1_git20210424) 10.3.1 20210424
Fedora 33
Kernel: 5.4.0-72-generic
Compiler: gcc 10.3.1 20210422 (Red Hat 10.3.1-1)
Ubuntu 20.04 ARM cross-compilation
Kernel: 5.4.0-72-generic
Compiler: aarch64-linux-gnu-gcc (Ubuntu 9.3.0-17ubuntu1~20.04) 9.3.0
Fedora 34 clang
Kernel: 5.4.0-72-generic
Compiler: clang 12.0.0 (Fedora 12.0.0-0.3.rc1.fc34)
To view detailed results, visit:
https://lab.dpdk.org/results/dashboard/patchsets/17577/
UNH-IOL DPDK Community Lab
To manage your email subscriptions, visit:
https://lab.dpdk.org/results/dashboard/preferences/subscriptions/
More information about the test-report
mailing list