[dpdk-test-report] |FAILURE| pw88511-88516 [PATCH] [5/5] net/txgbe: add FFE parameters for user debugging
dpdklab at iol.unh.edu
dpdklab at iol.unh.edu
Fri Mar 5 16:08:18 CET 2021
Test-Label: iol-testing
Test-Status: FAILURE
http://dpdk.org/patch/88516
_Testing issues_
Submitter: Jiawen Wu <jiawenwu at trustnetic.com>
Date: Friday, March 05 2021 11:23:59
DPDK git baseline: Repo:dpdk-next-net
Branch: master
CommitID:9a328ca93dd222ab2180430b08c720e282a6023f
88511-88516 --> testing fail
Test environment and result as below:
+---------------------+----------------------+--------------------+-------------------+----------------+
| Environment | dpdk_mingw64_compile | dpdk_meson_compile | dpdk_compile_spdk | dpdk_unit_test |
+=====================+======================+====================+===================+================+
| Windows Server 2019 | PASS | PASS | SKIPPED | SKIPPED |
+---------------------+----------------------+--------------------+-------------------+----------------+
| FreeBSD 11.2 | SKIPPED | PASS | SKIPPED | SKIPPED |
+---------------------+----------------------+--------------------+-------------------+----------------+
| CentOS 8 | SKIPPED | PASS | SKIPPED | SKIPPED |
+---------------------+----------------------+--------------------+-------------------+----------------+
| openSUSE Leap 15 | SKIPPED | PASS | SKIPPED | SKIPPED |
+---------------------+----------------------+--------------------+-------------------+----------------+
| Arch Linux | SKIPPED | PASS | SKIPPED | SKIPPED |
+---------------------+----------------------+--------------------+-------------------+----------------+
| Fedora 31 | SKIPPED | PASS | PASS | SKIPPED |
+---------------------+----------------------+--------------------+-------------------+----------------+
| Ubuntu 18.04 | SKIPPED | PASS | PASS | PASS |
+---------------------+----------------------+--------------------+-------------------+----------------+
| RHEL 7 | SKIPPED | PASS | SKIPPED | SKIPPED |
+---------------------+----------------------+--------------------+-------------------+----------------+
| Fedora 32 | SKIPPED | PASS | SKIPPED | SKIPPED |
+---------------------+----------------------+--------------------+-------------------+----------------+
| RHEL8 | SKIPPED | PASS | SKIPPED | SKIPPED |
+---------------------+----------------------+--------------------+-------------------+----------------+
| Ubuntu 18.04 ARM | SKIPPED | FAIL | SKIPPED | SKIPPED |
+---------------------+----------------------+--------------------+-------------------+----------------+
==== 20 line log output for Ubuntu 18.04 ARM (dpdk_meson_compile): ====
[1816/2806] Generating rte_raw_ntb.pmd.c with a custom command
[1817/2806] Generating symbol file drivers/librte_mempool_ring.so.21.2.p/librte_mempool_ring.so.21.2.symbols
[1818/2806] Generating rte_net_qede.sym_chk with a custom command (wrapped by meson to capture output)
[1819/2806] Compiling C object drivers/libtmp_rte_crypto_null.a.p/crypto_null_null_crypto_pmd_ops.c.o
[1820/2806] Generating rte_net_ring.sym_chk with a custom command (wrapped by meson to capture output)
[1821/2806] Compiling C object drivers/libtmp_rte_crypto_caam_jr.a.p/crypto_caam_jr_caam_jr_hw.c.o
[1822/2806] Generating rte_raw_octeontx2_dma.pmd.c with a custom command
[1823/2806] Compiling C object drivers/libtmp_rte_crypto_dpaa2_sec.a.p/crypto_dpaa2_sec_dpaa2_sec_dpseci.c.o
[1824/2806] Generating rte_raw_dpaa2_cmdif.pmd.c with a custom command
[1825/2806] Compiling C object drivers/libtmp_rte_net_txgbe.a.p/net_txgbe_txgbe_ethdev.c.o
[1826/2806] Generating rte_net_octeontx2.sym_chk with a custom command (wrapped by meson to capture output)
[1827/2806] Generating rte_raw_octeontx2_ep.pmd.c with a custom command
[1828/2806] Generating rte_net_thunderx.sym_chk with a custom command (wrapped by meson to capture output)
[1829/2806] Generating symbol file lib/librte_fib.so.21.2.p/librte_fib.so.21.2.symbols
[1830/2806] Generating rte_common_sfc_efx.sym_chk with a custom command (wrapped by meson to capture output)
[1831/2806] Generating rte_net_octeontx_ep.sym_chk with a custom command (wrapped by meson to capture output)
[1832/2806] Compiling C object drivers/libtmp_rte_net_txgbe.a.p/net_txgbe_txgbe_rxtx.c.o
[1833/2806] Compiling C object drivers/libtmp_rte_net_txgbe.a.p/net_txgbe_txgbe_ipsec.c.o
ninja: build stopped: subcommand failed.
[1] Error running command.
==== End log output ====
Windows Server 2019
Kernel: 10.0
Compiler: clang 9.0 and gcc 8.1.0 (MinGW)
FreeBSD 11.2
Kernel: 11.2
Compiler: gcc 8.3
CentOS 8
Kernel: 4.18.0.el8_0
Compiler: gcc 8.3.1
openSUSE Leap 15
Kernel: 4.12.14
Compiler: gcc 7.4.1
Arch Linux
Kernel: latest
Compiler: gcc latest
Fedora 31
Kernel: 5.3.16
Compiler: gcc 9.2.1
Ubuntu 18.04
Kernel: 4.15.0-generic
Compiler: gcc 7.5
RHEL 7
Kernel: 4.18.0-240.10.1.el8_3.x86_64
Compiler: gcc 4.8.5 20150623 (Red Hat 4.8.5-44)
Fedora 32
Kernel: 4.18.0-240.10.1.el8_3.x86_64
Compiler: gcc 10.2.1
RHEL8
Kernel: 4.18.0-240.10.1.el8_3.x86_64
Compiler: gcc 8.3.1 20191121 (Red Hat 8.3.1-5)
Ubuntu 18.04 ARM
Kernel: 5.4.0-53-generic
Compiler: gcc 9.3
To view detailed results, visit:
https://lab.dpdk.org/results/dashboard/patchsets/15812/
UNH-IOL DPDK Community Lab
To manage your email subscriptions, visit:
https://lab.dpdk.org/results/dashboard/preferences/subscriptions/
More information about the test-report
mailing list