[dpdk-test-report] |FAILURE| pw88528-88579 [PATCH] [52/52] doc: add Marvell CNXK platform guide
dpdklab at iol.unh.edu
dpdklab at iol.unh.edu
Fri Mar 5 19:02:40 CET 2021
Test-Label: iol-testing
Test-Status: FAILURE
http://dpdk.org/patch/88579
_Testing issues_
Submitter: Nithin Dabilpuram <ndabilpuram at marvell.com>
Date: Friday, March 05 2021 13:39:18
DPDK git baseline: Repo:dpdk
Branch: master
CommitID:2a2ebeab9e3309ab332baefdbcc1caa7e62ecc82
88528-88579 --> testing fail
Test environment and result as below:
+---------------------+----------------------+--------------------+----------------+-------------------+
| Environment | dpdk_mingw64_compile | dpdk_meson_compile | dpdk_unit_test | dpdk_compile_spdk |
+=====================+======================+====================+================+===================+
| Windows Server 2019 | FAIL | FAIL | SKIPPED | SKIPPED |
+---------------------+----------------------+--------------------+----------------+-------------------+
| Fedora 32 | SKIPPED | PASS | SKIPPED | SKIPPED |
+---------------------+----------------------+--------------------+----------------+-------------------+
| FreeBSD 11.2 | SKIPPED | PASS | SKIPPED | SKIPPED |
+---------------------+----------------------+--------------------+----------------+-------------------+
| Ubuntu 18.04 | SKIPPED | PASS | PASS | PASS |
+---------------------+----------------------+--------------------+----------------+-------------------+
| RHEL 7 | SKIPPED | PASS | SKIPPED | SKIPPED |
+---------------------+----------------------+--------------------+----------------+-------------------+
| CentOS 8 | SKIPPED | PASS | SKIPPED | SKIPPED |
+---------------------+----------------------+--------------------+----------------+-------------------+
| RHEL8 | SKIPPED | PASS | SKIPPED | SKIPPED |
+---------------------+----------------------+--------------------+----------------+-------------------+
| openSUSE Leap 15 | SKIPPED | PASS | SKIPPED | SKIPPED |
+---------------------+----------------------+--------------------+----------------+-------------------+
| Fedora 31 | SKIPPED | PASS | SKIPPED | PASS |
+---------------------+----------------------+--------------------+----------------+-------------------+
| Arch Linux | SKIPPED | PASS | SKIPPED | SKIPPED |
+---------------------+----------------------+--------------------+----------------+-------------------+
| Ubuntu 18.04 ARM | SKIPPED | PASS | SKIPPED | SKIPPED |
+---------------------+----------------------+--------------------+----------------+-------------------+
==== 20 line log output for Windows Server 2019 (dpdk_mingw64_compile): ====
free0 |= (0x1UL << 32);
^~
cc1.exe: all warnings being treated as errors
[106/272] Compiling C object drivers/a715181@@tmp_rte_common_cnxk at sta/common_cnxk_roc_mbox.c.obj.
FAILED: drivers/a715181@@tmp_rte_common_cnxk at sta/common_cnxk_roc_mbox.c.obj
gcc @drivers/a715181@@tmp_rte_common_cnxk at sta/common_cnxk_roc_mbox.c.obj.rsp
In file included from ../drivers/common/cnxk/roc_api.h:83,
from ../drivers/common/cnxk/roc_mbox.c:10:
../drivers/common/cnxk/roc_npa.h: In function 'roc_npa_aura_batch_free':
../drivers/common/cnxk/roc_npa.h:382:19: error: left shift count >= width of type [-Werror=shift-count-overflow]
free0 |= (0x1UL << 63);
^~
../drivers/common/cnxk/roc_npa.h:384:19: error: left shift count >= width of type [-Werror=shift-count-overflow]
free0 |= (0x1UL << 32);
^~
cc1.exe: all warnings being treated as errors
[107/272] Compiling C object lib/76b5a35@@rte_ethdev at sta/librte_ethdev_rte_flow.c.obj.
[108/272] Compiling C object lib/76b5a35@@rte_ethdev at sta/librte_ethdev_rte_mtr.c.obj.
[109/272] Compiling C object lib/76b5a35@@rte_ethdev at sta/librte_ethdev_rte_ethdev.c.obj.
ninja: build stopped: subcommand failed.
==== End log output ====
Windows Server 2019
Kernel: 10.0
Compiler: clang 9.0 and gcc 8.1.0 (MinGW)
Fedora 32
Kernel: 4.18.0-240.10.1.el8_3.x86_64
Compiler: gcc 10.2.1
FreeBSD 11.2
Kernel: 11.2
Compiler: gcc 8.3
Ubuntu 18.04
Kernel: 4.15.0-generic
Compiler: gcc 7.5
RHEL 7
Kernel: 4.18.0-240.10.1.el8_3.x86_64
Compiler: gcc 4.8.5 20150623 (Red Hat 4.8.5-44)
CentOS 8
Kernel: 4.18.0.el8_0
Compiler: gcc 8.3.1
RHEL8
Kernel: 4.18.0-240.10.1.el8_3.x86_64
Compiler: gcc 8.3.1 20191121 (Red Hat 8.3.1-5)
openSUSE Leap 15
Kernel: 4.12.14
Compiler: gcc 7.4.1
Fedora 31
Kernel: 5.3.16
Compiler: gcc 9.2.1
Arch Linux
Kernel: latest
Compiler: gcc latest
Ubuntu 18.04 ARM
Kernel: 5.4.0-53-generic
Compiler: gcc 9.3
To view detailed results, visit:
https://lab.dpdk.org/results/dashboard/patchsets/15815/
UNH-IOL DPDK Community Lab
To manage your email subscriptions, visit:
https://lab.dpdk.org/results/dashboard/preferences/subscriptions/
More information about the test-report
mailing list