[dpdk-test-report] |FAILURE| pw89135-89137 [PATCH] [v2, 4/4] net/virtio: pack virtuqueue struct

dpdklab at iol.unh.edu dpdklab at iol.unh.edu
Mon Mar 15 19:36:02 CET 2021


Test-Label: iol-testing
Test-Status: FAILURE
http://dpdk.org/patch/89137

_Testing issues_

Submitter: Maxime Coquelin <maxime.coquelin at redhat.com>
Date: Monday, March 15 2021 15:19:57 
DPDK git baseline: Repo:dpdk
  Branch: master
  CommitID:c8238116ece889fe356c54930bca791091ab1938

89135-89137 --> testing fail

Test environment and result as below:

+---------------------+----------------------+--------------------+----------------+-------------------+
|     Environment     | dpdk_mingw64_compile | dpdk_meson_compile | dpdk_unit_test | dpdk_compile_spdk |
+=====================+======================+====================+================+===================+
| Windows Server 2019 | PASS                 | PASS               | SKIPPED        | SKIPPED           |
+---------------------+----------------------+--------------------+----------------+-------------------+
| Ubuntu 18.04 ARM    | SKIPPED              | FAIL               | SKIPPED        | SKIPPED           |
+---------------------+----------------------+--------------------+----------------+-------------------+
| FreeBSD 11.2        | SKIPPED              | PASS               | SKIPPED        | SKIPPED           |
+---------------------+----------------------+--------------------+----------------+-------------------+
| Ubuntu 18.04        | SKIPPED              | PASS               | PASS           | PASS              |
+---------------------+----------------------+--------------------+----------------+-------------------+
| CentOS 8            | SKIPPED              | PASS               | SKIPPED        | SKIPPED           |
+---------------------+----------------------+--------------------+----------------+-------------------+
| Fedora 32           | SKIPPED              | PASS               | SKIPPED        | SKIPPED           |
+---------------------+----------------------+--------------------+----------------+-------------------+
| openSUSE Leap 15    | SKIPPED              | PASS               | SKIPPED        | SKIPPED           |
+---------------------+----------------------+--------------------+----------------+-------------------+
| Arch Linux          | SKIPPED              | PASS               | SKIPPED        | SKIPPED           |
+---------------------+----------------------+--------------------+----------------+-------------------+
| Fedora 31           | SKIPPED              | PASS               | SKIPPED        | PASS              |
+---------------------+----------------------+--------------------+----------------+-------------------+

==== 20 line log output for Ubuntu 18.04 ARM (dpdk_meson_compile): ====
[1885/2810] Generating rte_raw_ntb.pmd.c with a custom command
[1886/2810] Generating rte_net_softnic.sym_chk with a custom command (wrapped by meson to capture output)
[1887/2810] Generating rte_compress_zlib_def with a custom command
[1888/2810] Compiling C object drivers/libtmp_rte_regex_mlx5.a.p/regex_mlx5_mlx5_regex_control.c.o
[1889/2810] Generating rte_compress_zlib_mingw with a custom command
[1890/2810] Generating rte_net_thunderx.sym_chk with a custom command (wrapped by meson to capture output)
[1891/2810] Generating rte_crypto_caam_jr.pmd.c with a custom command
[1892/2810] Generating rte_crypto_ccp.pmd.c with a custom command
[1893/2810] Generating rte_crypto_nitrox.pmd.c with a custom command
[1894/2810] Generating rte_crypto_dpaa2_sec.pmd.c with a custom command
[1895/2810] Generating rte_net_vhost.sym_chk with a custom command (wrapped by meson to capture output)
[1896/2810] Generating rte_crypto_dpaa_sec.pmd.c with a custom command
[1897/2810] Generating rte_crypto_null.pmd.c with a custom command
[1898/2810] Generating symbol file lib/librte_mempool.so.21.2.p/librte_mempool.so.21.2.symbols
[1899/2810] Generating rte_net_tap.sym_chk with a custom command (wrapped by meson to capture output)
[1900/2810] Generating symbol file lib/librte_rcu.so.21.2.p/librte_rcu.so.21.2.symbols
[1901/2810] Generating rte_net_txgbe.sym_chk with a custom command (wrapped by meson to capture output)
[1902/2810] Generating rte_common_sfc_efx.sym_chk with a custom command (wrapped by meson to capture output)
ninja: build stopped: subcommand failed.
[1] Error running command.
==== End log output ====

Windows Server 2019
	Kernel: 10.0
	Compiler: clang 9.0 and gcc 8.1.0 (MinGW)

Ubuntu 18.04 ARM
	Kernel: 5.4.0-53-generic
	Compiler: gcc 9.3

FreeBSD 11.2
	Kernel: 11.2
	Compiler: gcc 8.3

Ubuntu 18.04
	Kernel: 4.15.0-generic
	Compiler: gcc 7.5

CentOS 8
	Kernel: 4.18.0.el8_0
	Compiler: gcc 8.3.1

Fedora 32
	Kernel: 4.18.0-240.10.1.el8_3.x86_64
	Compiler: gcc 10.2.1

openSUSE Leap 15
	Kernel: 4.12.14
	Compiler: gcc 7.4.1

Arch Linux
	Kernel: latest
	Compiler: gcc latest

Fedora 31
	Kernel: 5.3.16
	Compiler: gcc 9.2.1

To view detailed results, visit:
https://lab.dpdk.org/results/dashboard/patchsets/15942/

UNH-IOL DPDK Community Lab

To manage your email subscriptions, visit: 
https://lab.dpdk.org/results/dashboard/preferences/subscriptions/


More information about the test-report mailing list