[dpdk-test-report] |FAILURE| pw89151-89155 [PATCH] [v3, 4/4] net/virtio: pack virtqueue struct

dpdklab at iol.unh.edu dpdklab at iol.unh.edu
Mon Mar 15 20:08:21 CET 2021


Test-Label: iol-testing
Test-Status: FAILURE
http://dpdk.org/patch/89155

_Testing issues_

Submitter: Maxime Coquelin <maxime.coquelin at redhat.com>
Date: Monday, March 15 2021 16:46:19 
DPDK git baseline: Repo:dpdk
  Branch: master
  CommitID:c8238116ece889fe356c54930bca791091ab1938

89151-89155 --> testing fail

Test environment and result as below:

+---------------------+----------------------+--------------------+-------------------+----------------+
|     Environment     | dpdk_mingw64_compile | dpdk_meson_compile | dpdk_compile_spdk | dpdk_unit_test |
+=====================+======================+====================+===================+================+
| Windows Server 2019 | PASS                 | PASS               | SKIPPED           | SKIPPED        |
+---------------------+----------------------+--------------------+-------------------+----------------+
| Ubuntu 18.04 ARM    | SKIPPED              | FAIL               | SKIPPED           | SKIPPED        |
+---------------------+----------------------+--------------------+-------------------+----------------+
| FreeBSD 11.2        | SKIPPED              | PASS               | SKIPPED           | SKIPPED        |
+---------------------+----------------------+--------------------+-------------------+----------------+
| Fedora 32           | SKIPPED              | PASS               | SKIPPED           | SKIPPED        |
+---------------------+----------------------+--------------------+-------------------+----------------+
| CentOS 8            | SKIPPED              | PASS               | SKIPPED           | SKIPPED        |
+---------------------+----------------------+--------------------+-------------------+----------------+
| Ubuntu 18.04        | SKIPPED              | PASS               | PASS              | PASS           |
+---------------------+----------------------+--------------------+-------------------+----------------+
| openSUSE Leap 15    | SKIPPED              | PASS               | SKIPPED           | SKIPPED        |
+---------------------+----------------------+--------------------+-------------------+----------------+
| Arch Linux          | SKIPPED              | PASS               | SKIPPED           | SKIPPED        |
+---------------------+----------------------+--------------------+-------------------+----------------+
| Fedora 31           | SKIPPED              | PASS               | PASS              | SKIPPED        |
+---------------------+----------------------+--------------------+-------------------+----------------+

==== 20 line log output for Ubuntu 18.04 ARM (dpdk_meson_compile): ====
[1726/2810] Generating rte_net_pfe.sym_chk with a custom command (wrapped by meson to capture output)
[1727/2810] Generating symbol file lib/librte_rcu.so.21.2.p/librte_rcu.so.21.2.symbols
[1728/2810] Generating symbol file drivers/librte_bus_pci.so.21.2.p/librte_bus_pci.so.21.2.symbols
[1729/2810] Generating symbol file lib/librte_cfgfile.so.21.2.p/librte_cfgfile.so.21.2.symbols
[1730/2810] Compiling C object drivers/libtmp_rte_net_virtio.a.p/net_virtio_virtio_user_vhost_user.c.o
[1731/2810] Generating rte_net_octeontx.sym_chk with a custom command (wrapped by meson to capture output)
[1732/2810] Generating rte_net_mlx5.sym_chk with a custom command (wrapped by meson to capture output)
[1733/2810] Generating rte_net_txgbe.pmd.c with a custom command
[1734/2810] Generating rte_bus_dpaa.sym_chk with a custom command (wrapped by meson to capture output)
[1735/2810] Generating rte_net_netvsc.sym_chk with a custom command (wrapped by meson to capture output)
[1736/2810] Generating symbol file lib/librte_meter.so.21.2.p/librte_meter.so.21.2.symbols
[1737/2810] Generating symbol file lib/librte_mempool.so.21.2.p/librte_mempool.so.21.2.symbols
[1738/2810] Generating rte_net_vmxnet3.pmd.c with a custom command
[1739/2810] Generating symbol file drivers/librte_common_octeontx.so.21.2.p/librte_common_octeontx.so.21.2.symbols
[1740/2810] Generating symbol file drivers/librte_bus_vmbus.so.21.2.p/librte_bus_vmbus.so.21.2.symbols
[1741/2810] Compiling C object drivers/libtmp_rte_net_virtio.a.p/net_virtio_virtio_ethdev.c.o
[1742/2810] Generating rte_common_sfc_efx.sym_chk with a custom command (wrapped by meson to capture output)
[1743/2810] Compiling C object drivers/libtmp_rte_net_virtio.a.p/net_virtio_virtio_rxtx.c.o
ninja: build stopped: subcommand failed.
[1] Error running command.
==== End log output ====

Windows Server 2019
	Kernel: 10.0
	Compiler: clang 9.0 and gcc 8.1.0 (MinGW)

Ubuntu 18.04 ARM
	Kernel: 5.4.0-53-generic
	Compiler: gcc 9.3

FreeBSD 11.2
	Kernel: 11.2
	Compiler: gcc 8.3

Fedora 32
	Kernel: 4.18.0-240.10.1.el8_3.x86_64
	Compiler: gcc 10.2.1

CentOS 8
	Kernel: 4.18.0.el8_0
	Compiler: gcc 8.3.1

Ubuntu 18.04
	Kernel: 4.15.0-generic
	Compiler: gcc 7.5

openSUSE Leap 15
	Kernel: 4.12.14
	Compiler: gcc 7.4.1

Arch Linux
	Kernel: latest
	Compiler: gcc latest

Fedora 31
	Kernel: 5.3.16
	Compiler: gcc 9.2.1

To view detailed results, visit:
https://lab.dpdk.org/results/dashboard/patchsets/15948/

UNH-IOL DPDK Community Lab

To manage your email subscriptions, visit: 
https://lab.dpdk.org/results/dashboard/preferences/subscriptions/


More information about the test-report mailing list