[dpdk-test-report] |WARNING| pw89322 [PATCH] examples/vhost: fix ioat ring space in callbacks
dpdklab at iol.unh.edu
dpdklab at iol.unh.edu
Wed Mar 17 15:08:39 CET 2021
Test-Label: iol-testing
Test-Status: WARNING
http://dpdk.org/patch/89322
_Testing issues_
Submitter: Cheng Jiang <Cheng1.jiang at intel.com>
Date: Wednesday, March 17 2021 05:40:54
DPDK git baseline: Repo:dpdk
Branch: master
CommitID:6857cb635821c280afcd7f63e588da52c0048991
89322 --> testing fail
Test environment and result as below:
+---------------------+----------------------+--------------------+-------------------+----------------+
| Environment | dpdk_mingw64_compile | dpdk_meson_compile | dpdk_compile_spdk | dpdk_unit_test |
+=====================+======================+====================+===================+================+
| Windows Server 2019 | PASS | PASS | SKIPPED | SKIPPED |
+---------------------+----------------------+--------------------+-------------------+----------------+
| FreeBSD 11.2 | SKIPPED | PASS | SKIPPED | SKIPPED |
+---------------------+----------------------+--------------------+-------------------+----------------+
| Fedora 32 | SKIPPED | PASS | SKIPPED | SKIPPED |
+---------------------+----------------------+--------------------+-------------------+----------------+
| CentOS 8 | SKIPPED | PASS | SKIPPED | SKIPPED |
+---------------------+----------------------+--------------------+-------------------+----------------+
| Ubuntu 18.04 | SKIPPED | PASS | FAIL | PASS |
+---------------------+----------------------+--------------------+-------------------+----------------+
| Ubuntu 18.04 ARM | SKIPPED | PASS | SKIPPED | PASS |
+---------------------+----------------------+--------------------+-------------------+----------------+
| openSUSE Leap 15 | SKIPPED | PASS | SKIPPED | SKIPPED |
+---------------------+----------------------+--------------------+-------------------+----------------+
| Fedora 31 | SKIPPED | PASS | FAIL | SKIPPED |
+---------------------+----------------------+--------------------+-------------------+----------------+
| Arch Linux | SKIPPED | PASS | SKIPPED | SKIPPED |
+---------------------+----------------------+--------------------+-------------------+----------------+
==== 20 line log output for Ubuntu 18.04 (dpdk_compile_spdk): ====
CC lib/util/iov.o
CC lib/util/file.o
CC lib/util/math.o
CC lib/util/fd.o
CC lib/util/pipe.o
CC lib/util/strerror_tls.o
/spdk/mk/spdk.common.mk:399: recipe for target 'env.o' failed
CC lib/util/string.o
make[2]: *** [env.o] Error 1
/spdk/mk/spdk.subdirs.mk:44: recipe for target 'env_dpdk' failed
make[1]: *** [env_dpdk] Error 2
make[1]: *** Waiting for unfinished jobs....
CC lib/util/uuid.o
CC lib/util/fd_group.o
LIB libspdk_ioat.a
LIB libspdk_vmd.a
LIB libspdk_util.a
/spdk/mk/spdk.subdirs.mk:44: recipe for target 'lib' failed
make: *** [lib] Error 2
[2] Error running command.
==== End log output ====
Windows Server 2019
Kernel: 10.0
Compiler: clang 9.0 and gcc 8.1.0 (MinGW)
FreeBSD 11.2
Kernel: 11.2
Compiler: gcc 8.3
Fedora 32
Kernel: 4.18.0-240.10.1.el8_3.x86_64
Compiler: gcc 10.2.1
CentOS 8
Kernel: 4.18.0.el8_0
Compiler: gcc 8.3.1
Ubuntu 18.04
Kernel: 4.15.0-generic
Compiler: gcc 7.5
Ubuntu 18.04 ARM
Kernel: 5.4.0-53-generic
Compiler: gcc 9.3
openSUSE Leap 15
Kernel: 4.12.14
Compiler: gcc 7.4.1
Fedora 31
Kernel: 5.3.16
Compiler: gcc 9.2.1
Arch Linux
Kernel: latest
Compiler: gcc latest
To view detailed results, visit:
https://lab.dpdk.org/results/dashboard/patchsets/15993/
UNH-IOL DPDK Community Lab
To manage your email subscriptions, visit:
https://lab.dpdk.org/results/dashboard/preferences/subscriptions/
More information about the test-report
mailing list