[dpdk-test-report] |FAILURE| pw90041 [PATCH] mbuf: Fix illegal pointer access to mempool members
dpdklab at iol.unh.edu
dpdklab at iol.unh.edu
Tue Mar 30 13:41:46 CEST 2021
Test-Label: iol-testing
Test-Status: FAILURE
http://dpdk.org/patch/90041
_Testing issues_
Submitter: None <wenwux.ma at intel.com>
Date: Tuesday, March 30 2021 14:07:02
DPDK git baseline: Repo:dpdk
Branch: master
CommitID:6545d6c52bbc28402b7bde5ee64744a99a3caf3e
90041 --> testing fail
Test environment and result as below:
+---------------------+----------------------+--------------------+----------------+-------------------+
| Environment | dpdk_mingw64_compile | dpdk_meson_compile | dpdk_unit_test | dpdk_compile_spdk |
+=====================+======================+====================+================+===================+
| Windows Server 2019 | FAIL | PASS | SKIPPED | SKIPPED |
+---------------------+----------------------+--------------------+----------------+-------------------+
| CentOS Stream 8 | SKIPPED | PASS | SKIPPED | SKIPPED |
+---------------------+----------------------+--------------------+----------------+-------------------+
| Ubuntu 20.04 | SKIPPED | PASS | SKIPPED | SKIPPED |
+---------------------+----------------------+--------------------+----------------+-------------------+
| RHEL 7 | SKIPPED | PASS | SKIPPED | SKIPPED |
+---------------------+----------------------+--------------------+----------------+-------------------+
| Fedora 32 | SKIPPED | PASS | SKIPPED | SKIPPED |
+---------------------+----------------------+--------------------+----------------+-------------------+
| Ubuntu 18.04 ARM | SKIPPED | PASS | SKIPPED | SKIPPED |
+---------------------+----------------------+--------------------+----------------+-------------------+
| FreeBSD 11.2 | SKIPPED | PASS | SKIPPED | SKIPPED |
+---------------------+----------------------+--------------------+----------------+-------------------+
| Ubuntu 18.04 | SKIPPED | PASS | FAIL | PASS |
+---------------------+----------------------+--------------------+----------------+-------------------+
| openSUSE Leap 15 | SKIPPED | PASS | SKIPPED | SKIPPED |
+---------------------+----------------------+--------------------+----------------+-------------------+
| Fedora 31 | SKIPPED | PASS | SKIPPED | PASS |
+---------------------+----------------------+--------------------+----------------+-------------------+
| RHEL8 | SKIPPED | PASS | SKIPPED | SKIPPED |
+---------------------+----------------------+--------------------+----------------+-------------------+
==== 20 line log output for Windows Server 2019 (dpdk_mingw64_compile): ====
net/softnic: only supported on Linux
net/szedata2: not supported on Windows
net/tap: only supported on Linux
net/thunderx: not supported on Windows
net/txgbe: not supported on Windows
net/vdev_netvsc: only supported on Linux
net/vhost: not supported on Windows
net/virtio: not supported on Windows
net/vmxnet3: not supported on Windows
regex/mlx5: only supported on Linux
regex/octeontx2: only supported on 64-bit Linux
Build targets in project: 85
Found ninja-1.9.0 at "C:\Program Files\Meson\ninja.EXE"
ERROR: Clock skew detected. File C:\Users\builder\jenkins\workspace\Windows-Compile-DPDK-Mingw64\dpdk\build\..\meson.build has a time stamp 10312.5685s in the future.
A full log can be found at C:\Users\builder\jenkins\workspace\Windows-Compile-DPDK-Mingw64\dpdk\build\meson-logs\meson-log.txt
==== End log output ====
Windows Server 2019
Kernel: 10.0
Compiler: clang 9.0 and gcc 8.1.0 (MinGW)
CentOS Stream 8
Kernel: 4.18.0-240.10.1.el8_3.x86_64
Compiler: gcc 8.4.1 20200928
Ubuntu 20.04
Kernel: 4.18.0-240.10.1.el8_3.x86_64
Compiler: gcc 9.3.0-17ubuntu1~20.04
RHEL 7
Kernel: 4.18.0-240.10.1.el8_3.x86_64
Compiler: gcc 4.8.5 20150623 (Red Hat 4.8.5-44)
Fedora 32
Kernel: 4.18.0-240.10.1.el8_3.x86_64
Compiler: gcc 10.2.1
Ubuntu 18.04 ARM
Kernel: 5.4.0-53-generic
Compiler: gcc 9.3
FreeBSD 11.2
Kernel: 11.2
Compiler: gcc 8.3
Ubuntu 18.04
Kernel: 4.15.0-generic
Compiler: gcc 7.5
openSUSE Leap 15
Kernel: 4.12.14
Compiler: gcc 7.4.1
Fedora 31
Kernel: 5.3.16
Compiler: gcc 9.2.1
RHEL8
Kernel: 4.18.0-240.10.1.el8_3.x86_64
Compiler: gcc 8.3.1 20191121 (Red Hat 8.3.1-5)
To view detailed results, visit:
https://lab.dpdk.org/results/dashboard/patchsets/16182/
UNH-IOL DPDK Community Lab
To manage your email subscriptions, visit:
https://lab.dpdk.org/results/dashboard/preferences/subscriptions/
More information about the test-report
mailing list