[dpdk-test-report] |FAILURE| pw93104-93107 [PATCH] [4/4] net/tap: fix build with gcc11
dpdklab at iol.unh.edu
dpdklab at iol.unh.edu
Mon May 10 18:00:23 CEST 2021
Test-Label: iol-testing
Test-Status: FAILURE
http://dpdk.org/patch/93107
_Testing issues_
Submitter: Ferruh Yigit <ferruh.yigit at intel.com>
Date: Monday, May 10 2021 15:03:19
DPDK git baseline: Repo:dpdk
Branch: master
CommitID:627c5b41bb14a1afbd1489b0fc4b8224532a823d
93104-93107 --> testing fail
Test environment and result as below:
+---------------------+----------------------+-------------------+--------------------+----------------+
| Environment | dpdk_mingw64_compile | dpdk_compile_spdk | dpdk_meson_compile | dpdk_unit_test |
+=====================+======================+===================+====================+================+
| Windows Server 2019 | PASS | SKIPPED | PASS | SKIPPED |
+---------------------+----------------------+-------------------+--------------------+----------------+
| Ubuntu 18.04 | SKIPPED | PASS | PASS | PASS |
+---------------------+----------------------+-------------------+--------------------+----------------+
| FreeBSD 11.2 | SKIPPED | SKIPPED | FAIL | SKIPPED |
+---------------------+----------------------+-------------------+--------------------+----------------+
| Fedora 31 | SKIPPED | SKIPPED | PASS | SKIPPED |
+---------------------+----------------------+-------------------+--------------------+----------------+
| Ubuntu 18.04 ARM | SKIPPED | SKIPPED | PASS | SKIPPED |
+---------------------+----------------------+-------------------+--------------------+----------------+
| CentOS 8 | SKIPPED | SKIPPED | PASS | SKIPPED |
+---------------------+----------------------+-------------------+--------------------+----------------+
| CentOS Stream 8 | SKIPPED | SKIPPED | PASS | SKIPPED |
+---------------------+----------------------+-------------------+--------------------+----------------+
| RHEL 7 | SKIPPED | SKIPPED | FAIL | SKIPPED |
+---------------------+----------------------+-------------------+--------------------+----------------+
| RHEL8 | SKIPPED | SKIPPED | PASS | SKIPPED |
+---------------------+----------------------+-------------------+--------------------+----------------+
| Arch Linux | SKIPPED | SKIPPED | PASS | SKIPPED |
+---------------------+----------------------+-------------------+--------------------+----------------+
| Fedora 32 | SKIPPED | SKIPPED | PASS | SKIPPED |
+---------------------+----------------------+-------------------+--------------------+----------------+
| Ubuntu 20.04 | SKIPPED | SKIPPED | PASS | SKIPPED |
+---------------------+----------------------+-------------------+--------------------+----------------+
| openSUSE Leap 15 | SKIPPED | SKIPPED | PASS | SKIPPED |
+---------------------+----------------------+-------------------+--------------------+----------------+
==== 20 line log output for FreeBSD 11.2 (dpdk_meson_compile): ====
[784/2109] Compiling C object drivers/libtmp_rte_net_atlantic.a.p/net_atlantic_hw_atl_hw_atl_utils.c.o
[785/2109] Compiling C object drivers/libtmp_rte_net_atlantic.a.p/net_atlantic_rte_pmd_atlantic.c.o
[786/2109] Linking static target drivers/libtmp_rte_net_atlantic.a
[787/2109] Compiling C object drivers/libtmp_rte_net_bnx2x.a.p/net_bnx2x_bnx2x_ethdev.c.o
[788/2109] Generating rte_net_atlantic.pmd.c with a custom command
[789/2109] Compiling C object drivers/libtmp_rte_net_bnx2x.a.p/net_bnx2x_bnx2x_rxtx.c.o
FAILED: drivers/libtmp_rte_net_bnx2x.a.p/net_bnx2x_bnx2x_rxtx.c.o
cc -Idrivers/libtmp_rte_net_bnx2x.a.p -Idrivers -I../drivers -Idrivers/net/bnx2x -I../drivers/net/bnx2x -Ilib/ethdev -I../lib/ethdev -I. -I.. -Iconfig -I../config -Ilib/eal/include -I../lib/eal/include -Ilib/eal/freebsd/include -I../lib/eal/freebsd/include -Ilib/eal/x86/include -I../lib/eal/x86/include -Ilib/eal/common -I../lib/eal/common -Ilib/eal -I../lib/eal -Ilib/kvargs -I../lib/kvargs -Ilib/metrics -I../lib/metrics -Ilib/telemetry -I../lib/telemetry -Ilib/net -I../lib/net -Ilib/mbuf -I../lib/mbuf -Ilib/mempool -I../lib/mempool -Ilib/ring -I../lib/ring -Ilib/meter -I../lib/meter -Idrivers/bus/pci -I../drivers/bus/pci -I../drivers/bus/pci/bsd -Ilib/pci -I../lib/pci -Idrivers/bus/vdev -I../drivers/bus/vdev -Xclang -fcolor-diagnostics -pipe -D_FILE_OFFSET_BITS=64 -Wall -Winvalid-pch -Werror -O3 -include rte_config.h -Wextra -Wcast-qual -Wdeprecated -Wformat -Wformat-nonliteral -Wformat-security -Wmissing-declarations -Wmissing-prototypes -Wnested-externs -Wold-style-definition -Wpointer-arith -Wsign-compare -Wstrict-prototypes -Wundef -Wwrite-strings -Wno-address-of-packed-member -Wno-missing-field-initializers -D_GNU_SOURCE -D__BSD_VISIBLE -fPIC -march=native -mno-avx512f -DALLOW_EXPERIMENTAL_API -DALLOW_INTERNAL_API -DZLIB_CONST -MD -MQ drivers/libtmp_rte_net_bnx2x.a.p/net_bnx2x_bnx2x_rxtx.c.o -MF drivers/libtmp_rte_net_bnx2x.a.p/net_bnx2x_bnx2x_rxtx.c.o.d -o drivers/libtmp_rte_net_bnx2x.a.p/net_bnx2x_bnx2x_rxtx.c.o -c ../drivers/net/bnx2x/bnx2x_rxtx.c
../drivers/net/bnx2x/bnx2x_rxtx.c:327:12: error: suggest braces around initialization of subobject [-Werror,-Wmissing-braces]
} val = { 0 };
^
{}
1 error generated.
[790/2109] Compiling C object drivers/librte_net_atlantic.a.p/meson-generated_.._rte_net_atlantic.pmd.c.o
[791/2109] Compiling C object drivers/libtmp_rte_net_bnx2x.a.p/net_bnx2x_bnx2x_vfpf.c.o
[792/2109] Compiling C object drivers/libtmp_rte_net_bnx2x.a.p/net_bnx2x_bnx2x_stats.c.o
[793/2109] Generating rte_common_sfc_efx.sym_chk with a meson_exe.py custom command
[794/2109] Compiling C object drivers/libtmp_rte_net_bnx2x.a.p/net_bnx2x_bnx2x.c.o
ninja: build stopped: subcommand failed.
[1] Error running command.
==== End log output ====
Windows Server 2019
Kernel: 10.0
Compiler: clang 9.0 and gcc 8.1.0 (MinGW)
Ubuntu 18.04
Kernel: 4.18.0-240.10.1.el8_3.x86_64
Compiler: gcc 7.5.0-3ubuntu1~18.04
FreeBSD 11.2
Kernel: 11.2
Compiler: gcc 8.3
Fedora 31
Kernel: 4.18.0-240.10.1.el8_3.x86_64
Compiler: gcc 9.3.1
Ubuntu 18.04 ARM
Kernel: 5.4.0-53-generic
Compiler: gcc 9.3
CentOS 8
Kernel: 4.18.0-240.10.1.el8_3.x86_64
Compiler: gcc 8.3.1 20191121 (Red Hat 8.3.1-5)
CentOS Stream 8
Kernel: 4.18.0-240.10.1.el8_3.x86_64
Compiler: gcc 8.4.1 20200928
RHEL 7
Kernel: 4.18.0-240.10.1.el8_3.x86_64
Compiler: gcc 4.8.5 20150623 (Red Hat 4.8.5-44)
RHEL8
Kernel: 4.18.0-240.10.1.el8_3.x86_64
Compiler: gcc 8.3.1 20191121 (Red Hat 8.3.1-5)
Arch Linux
Kernel: 4.18.0-240.10.1.el8_3.x86_64
Compiler: gcc 10.2.0
Fedora 32
Kernel: 4.18.0-240.10.1.el8_3.x86_64
Compiler: gcc 10.2.1
Ubuntu 20.04
Kernel: 4.18.0-240.10.1.el8_3.x86_64
Compiler: gcc 9.3.0-17ubuntu1~20.04
openSUSE Leap 15
Kernel: 4.18.0-240.10.1.el8_3.x86_64
Compiler: gcc 7.5.0
To view detailed results, visit:
https://lab.dpdk.org/results/dashboard/patchsets/17019/
UNH-IOL DPDK Community Lab
To manage your email subscriptions, visit:
https://lab.dpdk.org/results/dashboard/preferences/subscriptions/
More information about the test-report
mailing list