[dpdk-test-report] |FAILURE| pw93240-93241 [PATCH] [v2, 2/2] net/hns3: refactor SVE code compile method
dpdklab at iol.unh.edu
dpdklab at iol.unh.edu
Thu May 13 07:31:14 CEST 2021
Test-Label: iol-testing
Test-Status: FAILURE
http://dpdk.org/patch/93241
_Testing issues_
Submitter: fengchengwen <fengchengwen at huawei.com>
Date: Thursday, May 13 2021 04:41:49
DPDK git baseline: Repo:dpdk
Branch: master
CommitID:7989b7e7da9be588563c809264c9347a35319969
93240-93241 --> testing fail
Test environment and result as below:
+---------------------+----------------------+-------------------+--------------------+----------------+
| Environment | dpdk_mingw64_compile | dpdk_compile_spdk | dpdk_meson_compile | dpdk_unit_test |
+=====================+======================+===================+====================+================+
| Windows Server 2019 | PASS | SKIPPED | PASS | SKIPPED |
+---------------------+----------------------+-------------------+--------------------+----------------+
| Ubuntu 18.04 | SKIPPED | PASS | PASS | PASS |
+---------------------+----------------------+-------------------+--------------------+----------------+
| Fedora 31 | SKIPPED | SKIPPED | PASS | SKIPPED |
+---------------------+----------------------+-------------------+--------------------+----------------+
| Ubuntu 18.04 ARM | SKIPPED | SKIPPED | FAIL | SKIPPED |
+---------------------+----------------------+-------------------+--------------------+----------------+
| FreeBSD 11.2 | SKIPPED | SKIPPED | PASS | SKIPPED |
+---------------------+----------------------+-------------------+--------------------+----------------+
| CentOS 8 | SKIPPED | SKIPPED | PASS | SKIPPED |
+---------------------+----------------------+-------------------+--------------------+----------------+
| CentOS Stream 8 | SKIPPED | SKIPPED | PASS | SKIPPED |
+---------------------+----------------------+-------------------+--------------------+----------------+
| Fedora 32 | SKIPPED | SKIPPED | PASS | SKIPPED |
+---------------------+----------------------+-------------------+--------------------+----------------+
| RHEL 7 | SKIPPED | SKIPPED | PASS | SKIPPED |
+---------------------+----------------------+-------------------+--------------------+----------------+
| openSUSE Leap 15 | SKIPPED | SKIPPED | PASS | SKIPPED |
+---------------------+----------------------+-------------------+--------------------+----------------+
| Ubuntu 20.04 | SKIPPED | SKIPPED | PASS | SKIPPED |
+---------------------+----------------------+-------------------+--------------------+----------------+
| RHEL8 | SKIPPED | SKIPPED | PASS | SKIPPED |
+---------------------+----------------------+-------------------+--------------------+----------------+
| Arch Linux | SKIPPED | SKIPPED | PASS | SKIPPED |
+---------------------+----------------------+-------------------+--------------------+----------------+
==== 20 line log output for Ubuntu 18.04 ARM (dpdk_meson_compile): ====
[1170/2906] Generating rte_net_af_packet.sym_chk with a custom command (wrapped by meson to capture output)
[1171/2906] Compiling C object drivers/libtmp_rte_net_hns3.a.p/net_hns3_hns3_tm.c.o
[1172/2906] Generating rte_net_atlantic.sym_chk with a custom command (wrapped by meson to capture output)
[1173/2906] Generating rte_net_ark.sym_chk with a custom command (wrapped by meson to capture output)
[1174/2906] Generating rte_mempool_dpaa2.sym_chk with a custom command (wrapped by meson to capture output)
[1175/2906] Compiling C object drivers/libtmp_rte_net_hns3.a.p/net_hns3_hns3_rxtx.c.o
[1176/2906] Generating rte_net_axgbe.sym_chk with a custom command (wrapped by meson to capture output)
[1177/2906] Generating rte_net_avp.sym_chk with a custom command (wrapped by meson to capture output)
[1178/2906] Generating rte_mempool_octeontx.sym_chk with a custom command (wrapped by meson to capture output)
[1179/2906] Generating rte_net_enetc.pmd.c with a custom command
[1180/2906] Generating rte_mempool_stack.sym_chk with a custom command (wrapped by meson to capture output)
[1181/2906] Generating rte_net_enic.pmd.c with a custom command
[1182/2906] Generating eal.sym_chk with a custom command (wrapped by meson to capture output)
[1183/2906] Generating rte_bus_dpaa.sym_chk with a custom command (wrapped by meson to capture output)
[1184/2906] Generating rte_bus_fslmc.sym_chk with a custom command (wrapped by meson to capture output)
[1185/2906] Generating rte_common_mlx5.sym_chk with a custom command (wrapped by meson to capture output)
[1186/2906] Generating rte_common_cnxk.sym_chk with a custom command (wrapped by meson to capture output)
[1187/2906] Generating rte_common_sfc_efx.sym_chk with a custom command (wrapped by meson to capture output)
ninja: build stopped: subcommand failed.
[1] Error running command.
==== End log output ====
Windows Server 2019
Kernel: 10.0
Compiler: clang 9.0 and gcc 8.1.0 (MinGW)
Ubuntu 18.04
Kernel: 4.18.0-240.10.1.el8_3.x86_64
Compiler: gcc 7.5.0-3ubuntu1~18.04
Fedora 31
Kernel: 4.18.0-240.10.1.el8_3.x86_64
Compiler: gcc 9.3.1
Ubuntu 18.04 ARM
Kernel: 5.4.0-53-generic
Compiler: gcc 9.3
FreeBSD 11.2
Kernel: 11.2
Compiler: gcc 8.3
CentOS 8
Kernel: 4.18.0-240.10.1.el8_3.x86_64
Compiler: gcc 8.3.1 20191121 (Red Hat 8.3.1-5)
CentOS Stream 8
Kernel: 4.18.0-240.10.1.el8_3.x86_64
Compiler: gcc 8.4.1 20200928
Fedora 32
Kernel: 4.18.0-240.10.1.el8_3.x86_64
Compiler: gcc 10.2.1
RHEL 7
Kernel: 4.18.0-240.10.1.el8_3.x86_64
Compiler: gcc 4.8.5 20150623 (Red Hat 4.8.5-44)
openSUSE Leap 15
Kernel: 4.18.0-240.10.1.el8_3.x86_64
Compiler: gcc 7.5.0
Ubuntu 20.04
Kernel: 4.18.0-240.10.1.el8_3.x86_64
Compiler: gcc 9.3.0-17ubuntu1~20.04
RHEL8
Kernel: 4.18.0-240.10.1.el8_3.x86_64
Compiler: gcc 8.3.1 20191121 (Red Hat 8.3.1-5)
Arch Linux
Kernel: 4.18.0-240.10.1.el8_3.x86_64
Compiler: gcc 10.2.0
To view detailed results, visit:
https://lab.dpdk.org/results/dashboard/patchsets/17087/
UNH-IOL DPDK Community Lab
To manage your email subscriptions, visit:
https://lab.dpdk.org/results/dashboard/preferences/subscriptions/
More information about the test-report
mailing list