[dpdk-test-report] |WARNING| pw93283 [PATCH] vhost: restore IOTLB mempool allocation
dpdklab at iol.unh.edu
dpdklab at iol.unh.edu
Mon May 17 12:10:21 CEST 2021
Test-Label: iol-abi-testing
Test-Status: WARNING
http://dpdk.org/patch/93283
_Testing issues_
Submitter: David Marchand <david.marchand at redhat.com>
Date: Monday, May 17 2021 08:59:51
DPDK git baseline: Repo:dpdk
Branch: master
CommitID:7989b7e7da9be588563c809264c9347a35319969
93283 --> testing fail
Test environment and result as below:
+------------------+----------+
| Environment | abi_test |
+==================+==========+
| Ubuntu 18.04 ARM | PASS |
+------------------+----------+
| Arch Linux | PASS |
+------------------+----------+
| CentOS Stream 8 | PASS |
+------------------+----------+
| Ubuntu 18.04 | PASS |
+------------------+----------+
| Fedora 32 | PASS |
+------------------+----------+
| Fedora 31 | PASS |
+------------------+----------+
| Ubuntu 20.04 | FAIL |
+------------------+----------+
| RHEL 7 | PASS |
+------------------+----------+
| RHEL8 | PASS |
+------------------+----------+
| openSUSE Leap 15 | PASS |
+------------------+----------+
| CentOS 8 | PASS |
+------------------+----------+
==== 20 line log output for Ubuntu 20.04 (abi_test): ====
collect2: fatal error: ld terminated with signal 9 [Killed]
compilation terminated.
[2873/2923] Linking target examples/dpdk-pthread_shim
[2874/2923] Linking target examples/dpdk-symmetric_mp
[2875/2923] Linking target examples/dpdk-ptpclient
[2876/2923] Linking target examples/dpdk-mp_client
[2877/2923] Linking target examples/dpdk-link_status_interrupt
[2878/2923] Linking target examples/dpdk-l3fwd-graph
[2879/2923] Linking target examples/dpdk-simple_mp
[2880/2923] Linking target examples/dpdk-l3fwd
[2881/2923] Linking target examples/dpdk-l2fwd-jobstats
[2882/2923] Linking target examples/dpdk-pipeline
[2883/2923] Linking target examples/dpdk-l3fwd-acl
[2884/2923] Linking target examples/dpdk-l3fwd-power
[2885/2923] Linking target examples/dpdk-hotplug_mp
[2886/2923] Linking target examples/dpdk-mp_server
[2887/2923] Linking target examples/dpdk-l2fwd-keepalive
[2888/2923] Linking target examples/dpdk-qos_meter
[2889/2923] Linking target examples/dpdk-ntb
ninja: build stopped: subcommand failed.
==== End log output ====
Ubuntu 18.04 ARM
Kernel: 5.4.0-53-generic
Compiler: gcc 9.3
Arch Linux
Kernel: 4.18.0-240.10.1.el8_3.x86_64
Compiler: gcc 10.2.0
CentOS Stream 8
Kernel: 4.18.0-240.10.1.el8_3.x86_64
Compiler: gcc 8.4.1 20200928
Ubuntu 18.04
Kernel: 4.18.0-240.10.1.el8_3.x86_64
Compiler: gcc 7.5.0-3ubuntu1~18.04
Fedora 32
Kernel: 4.18.0-240.10.1.el8_3.x86_64
Compiler: gcc 10.2.1
Fedora 31
Kernel: 4.18.0-240.10.1.el8_3.x86_64
Compiler: gcc 9.3.1
Ubuntu 20.04
Kernel: 4.18.0-240.10.1.el8_3.x86_64
Compiler: gcc 9.3.0-17ubuntu1~20.04
RHEL 7
Kernel: 4.18.0-240.10.1.el8_3.x86_64
Compiler: gcc 4.8.5 20150623 (Red Hat 4.8.5-44)
RHEL8
Kernel: 4.18.0-240.10.1.el8_3.x86_64
Compiler: gcc 8.3.1 20191121 (Red Hat 8.3.1-5)
openSUSE Leap 15
Kernel: 4.18.0-240.10.1.el8_3.x86_64
Compiler: gcc 7.5.0
CentOS 8
Kernel: 4.18.0-240.10.1.el8_3.x86_64
Compiler: gcc 8.3.1 20191121 (Red Hat 8.3.1-5)
To view detailed results, visit:
https://lab.dpdk.org/results/dashboard/patchsets/17112/
UNH-IOL DPDK Community Lab
To manage your email subscriptions, visit:
https://lab.dpdk.org/results/dashboard/preferences/subscriptions/
More information about the test-report
mailing list