[dpdk-test-report] |FAILURE| [GIT MASTER] 175af25734f295874e31b33ccd0879e69fd152a9
    dpdklab at iol.unh.edu 
    dpdklab at iol.unh.edu
       
    Fri May 21 20:57:41 CEST 2021
    
    
  
_Testing issues_
Branch: dpdk-next-net
175af25734f295874e31b33ccd0879e69fd152a9 --> testing fail
Test environment and result as below:
+---------------------+----------------------+-------------------+--------------------+----------------+
|     Environment     | dpdk_mingw64_compile | dpdk_compile_spdk | dpdk_meson_compile | dpdk_unit_test |
+=====================+======================+===================+====================+================+
| Windows Server 2019 | PASS                 | SKIPPED           | PASS               | SKIPPED        |
+---------------------+----------------------+-------------------+--------------------+----------------+
| Ubuntu 18.04        | SKIPPED              | PASS              | PASS               | PASS           |
+---------------------+----------------------+-------------------+--------------------+----------------+
| Fedora 31           | SKIPPED              | SKIPPED           | PASS               | PASS           |
+---------------------+----------------------+-------------------+--------------------+----------------+
| Ubuntu 18.04 ARM    | SKIPPED              | SKIPPED           | PASS               | FAIL           |
+---------------------+----------------------+-------------------+--------------------+----------------+
| CentOS 8            | SKIPPED              | SKIPPED           | PASS               | PASS           |
+---------------------+----------------------+-------------------+--------------------+----------------+
| Fedora 32           | SKIPPED              | SKIPPED           | PASS               | PASS           |
+---------------------+----------------------+-------------------+--------------------+----------------+
| CentOS Stream 8     | SKIPPED              | SKIPPED           | PASS               | PASS           |
+---------------------+----------------------+-------------------+--------------------+----------------+
| Ubuntu 20.04        | SKIPPED              | SKIPPED           | PASS               | SKIPPED        |
+---------------------+----------------------+-------------------+--------------------+----------------+
| RHEL8               | SKIPPED              | SKIPPED           | PASS               | PASS           |
+---------------------+----------------------+-------------------+--------------------+----------------+
| RHEL 7              | SKIPPED              | SKIPPED           | PASS               | PASS           |
+---------------------+----------------------+-------------------+--------------------+----------------+
| openSUSE Leap 15    | SKIPPED              | SKIPPED           | PASS               | PASS           |
+---------------------+----------------------+-------------------+--------------------+----------------+
| FreeBSD 11.2        | SKIPPED              | SKIPPED           | PASS               | SKIPPED        |
+---------------------+----------------------+-------------------+--------------------+----------------+
| Arch Linux          | SKIPPED              | SKIPPED           | PASS               | PASS           |
+---------------------+----------------------+-------------------+--------------------+----------------+
==== 20 line log output for Ubuntu 18.04 ARM (dpdk_unit_test): ====
95/96 DPDK:fast-tests / pdump_autotest                 OK             5.58s
Summary of Failures:
3/96 DPDK:fast-tests / atomic_autotest                FAIL           57.79s (killed by signal 9 SIGKILL)
38/96 DPDK:fast-tests / malloc_autotest                FAIL           1457.29s (killed by signal 9 SIGKILL)
77/96 DPDK:fast-tests / ipsec_autotest                 SKIP           0.77s
78/96 DPDK:fast-tests / kni_autotest                   SKIP           0.77s
82/96 DPDK:fast-tests / power_cpufreq_autotest         SKIP           3.78s
84/96 DPDK:fast-tests / power_kvm_vm_autotest          SKIP           0.77s
96/96 DPDK:fast-tests / compressdev_autotest           SKIP           0.77s
Ok:                 89
Expected Fail:      0
Fail:               2
Unexpected Pass:    0
Skipped:            5
Timeout:            0
Full log written to /home-local/jenkins-local/jenkins-agent/workspace/Arm-gigabyte-Unit-Test-DPDK/dpdk/build/meson-logs/testlog.txt
==== End log output ====
Windows Server 2019
	Kernel: 10.0
	Compiler: clang 9.0 and gcc 8.1.0 (MinGW)
Ubuntu 18.04
	Kernel: 4.18.0-240.10.1.el8_3.x86_64
	Compiler: gcc 7.5.0-3ubuntu1~18.04
Fedora 31
	Kernel: 4.18.0-240.10.1.el8_3.x86_64
	Compiler: gcc 9.3.1
Ubuntu 18.04 ARM
	Kernel: 5.4.0-53-generic
	Compiler: gcc 9.3
CentOS 8
	Kernel: 4.18.0-240.10.1.el8_3.x86_64
	Compiler: gcc 8.3.1 20191121 (Red Hat 8.3.1-5)
Fedora 32
	Kernel: 4.18.0-240.10.1.el8_3.x86_64
	Compiler: gcc 10.2.1
CentOS Stream 8
	Kernel: 4.18.0-240.10.1.el8_3.x86_64
	Compiler: gcc 8.4.1 20200928
Ubuntu 20.04
	Kernel: 4.18.0-240.10.1.el8_3.x86_64
	Compiler: gcc 9.3.0-17ubuntu1~20.04
RHEL8
	Kernel: 4.18.0-240.10.1.el8_3.x86_64
	Compiler: gcc 8.3.1 20191121 (Red Hat 8.3.1-5)
RHEL 7
	Kernel: 4.18.0-240.10.1.el8_3.x86_64
	Compiler: gcc 4.8.5 20150623 (Red Hat 4.8.5-44)
openSUSE Leap 15
	Kernel: 4.18.0-240.10.1.el8_3.x86_64
	Compiler: gcc 7.5.0
FreeBSD 11.2
	Kernel: 11.2
	Compiler: gcc 8.3
Arch Linux
	Kernel: 4.18.0-240.10.1.el8_3.x86_64
	Compiler: gcc 10.2.0
To view detailed results, visit:
https://lab.dpdk.org/results/dashboard/tarballs/15297/
UNH-IOL DPDK Community Lab
To manage your email subscriptions, visit: 
https://lab.dpdk.org/results/dashboard/preferences/subscriptions/
    
    
More information about the test-report
mailing list