[dpdk-test-report] |FAILURE| pw93405 [PATCH] [v2] table: fix typo
    dpdklab at iol.unh.edu 
    dpdklab at iol.unh.edu
       
    Mon May 24 23:40:59 CEST 2021
    
    
  
Test-Label: iol-testing
Test-Status: FAILURE
http://dpdk.org/patch/93405
_Testing issues_
Submitter: Thierry Herbelot <thierry.herbelot at 6wind.com>
Date: Monday, May 24 2021 11:28:36 
DPDK git baseline: Repo:dpdk
  Branch: master
  CommitID:66b3a54b9feab193a5cf8ad54606d745078587cc
93405 --> testing fail
Test environment and result as below:
+---------------------+----------------------+-------------------+--------------------+----------------+
|     Environment     | dpdk_mingw64_compile | dpdk_compile_spdk | dpdk_meson_compile | dpdk_unit_test |
+=====================+======================+===================+====================+================+
| Windows Server 2019 | PASS                 | SKIPPED           | PASS               | SKIPPED        |
+---------------------+----------------------+-------------------+--------------------+----------------+
| Ubuntu 18.04        | SKIPPED              | PASS              | PASS               | PASS           |
+---------------------+----------------------+-------------------+--------------------+----------------+
| Fedora 31           | SKIPPED              | SKIPPED           | PASS               | PASS           |
+---------------------+----------------------+-------------------+--------------------+----------------+
| CentOS 8            | SKIPPED              | SKIPPED           | PASS               | PASS           |
+---------------------+----------------------+-------------------+--------------------+----------------+
| Ubuntu 20.04        | SKIPPED              | SKIPPED           | PASS               | SKIPPED        |
+---------------------+----------------------+-------------------+--------------------+----------------+
| Fedora 32           | SKIPPED              | SKIPPED           | PASS               | PASS           |
+---------------------+----------------------+-------------------+--------------------+----------------+
| CentOS Stream 8     | SKIPPED              | SKIPPED           | PASS               | PASS           |
+---------------------+----------------------+-------------------+--------------------+----------------+
| RHEL8               | SKIPPED              | SKIPPED           | PASS               | PASS           |
+---------------------+----------------------+-------------------+--------------------+----------------+
| RHEL 7              | SKIPPED              | SKIPPED           | PASS               | PASS           |
+---------------------+----------------------+-------------------+--------------------+----------------+
| openSUSE Leap 15    | SKIPPED              | SKIPPED           | PASS               | PASS           |
+---------------------+----------------------+-------------------+--------------------+----------------+
| Arch Linux          | SKIPPED              | SKIPPED           | PASS               | PASS           |
+---------------------+----------------------+-------------------+--------------------+----------------+
| FreeBSD 11.2        | SKIPPED              | SKIPPED           | PASS               | SKIPPED        |
+---------------------+----------------------+-------------------+--------------------+----------------+
| Ubuntu 18.04 ARM    | SKIPPED              | SKIPPED           | PASS               | FAIL           |
+---------------------+----------------------+-------------------+--------------------+----------------+
==== 20 line log output for Ubuntu 18.04 ARM (dpdk_unit_test): ====
3/96 DPDK:fast-tests / atomic_autotest                FAIL           262.16s (killed by signal 9 SIGKILL)
29/96 DPDK:fast-tests / func_reentrancy_autotest       FAIL           4.73s (exit status 255 or signal 127 SIGinvalid)
38/96 DPDK:fast-tests / malloc_autotest                FAIL           26.96s (killed by signal 9 SIGKILL)
72/96 DPDK:fast-tests / delay_us_sleep_autotest        FAIL           1.57s (exit status 255 or signal 127 SIGinvalid)
76/96 DPDK:fast-tests / hash_readwrite_func_autotest   FAIL           3.44s (killed by signal 9 SIGKILL)
77/96 DPDK:fast-tests / ipsec_autotest                 SKIP           0.52s
78/96 DPDK:fast-tests / kni_autotest                   SKIP           0.52s
82/96 DPDK:fast-tests / power_cpufreq_autotest         SKIP           3.53s
84/96 DPDK:fast-tests / power_kvm_vm_autotest          SKIP           0.72s
96/96 DPDK:fast-tests / compressdev_autotest           SKIP           0.57s
Ok:                 86
Expected Fail:      0
Fail:               5
Unexpected Pass:    0
Skipped:            5
Timeout:            0
Full log written to /home-local/jenkins-local/jenkins-agent/workspace/Arm-gigabyte-Unit-Test-DPDK/dpdk/build/meson-logs/testlog.txt
==== End log output ====
Windows Server 2019
	Kernel: 10.0
	Compiler: clang 9.0 and gcc 8.1.0 (MinGW)
Ubuntu 18.04
	Kernel: 4.18.0-240.10.1.el8_3.x86_64
	Compiler: gcc 7.5.0-3ubuntu1~18.04
Fedora 31
	Kernel: 4.18.0-240.10.1.el8_3.x86_64
	Compiler: gcc 9.3.1
CentOS 8
	Kernel: 4.18.0-240.10.1.el8_3.x86_64
	Compiler: gcc 8.3.1 20191121 (Red Hat 8.3.1-5)
Ubuntu 20.04
	Kernel: 4.18.0-240.10.1.el8_3.x86_64
	Compiler: gcc 9.3.0-17ubuntu1~20.04
Fedora 32
	Kernel: 4.18.0-240.10.1.el8_3.x86_64
	Compiler: gcc 10.2.1
CentOS Stream 8
	Kernel: 4.18.0-240.10.1.el8_3.x86_64
	Compiler: gcc 8.4.1 20200928
RHEL8
	Kernel: 4.18.0-240.10.1.el8_3.x86_64
	Compiler: gcc 8.3.1 20191121 (Red Hat 8.3.1-5)
RHEL 7
	Kernel: 4.18.0-240.10.1.el8_3.x86_64
	Compiler: gcc 4.8.5 20150623 (Red Hat 4.8.5-44)
openSUSE Leap 15
	Kernel: 4.18.0-240.10.1.el8_3.x86_64
	Compiler: gcc 7.5.0
Arch Linux
	Kernel: 4.18.0-240.10.1.el8_3.x86_64
	Compiler: gcc 10.2.0
FreeBSD 11.2
	Kernel: 11.2
	Compiler: gcc 8.3
Ubuntu 18.04 ARM
	Kernel: 5.4.0-53-generic
	Compiler: gcc 9.3
To view detailed results, visit:
https://lab.dpdk.org/results/dashboard/patchsets/17196/
UNH-IOL DPDK Community Lab
To manage your email subscriptions, visit: 
https://lab.dpdk.org/results/dashboard/preferences/subscriptions/
    
    
More information about the test-report
mailing list