[dpdk-test-report] |FAILURE| pw93541 [PATCH] net/virtio: fix kernel set features for multi-queue devices

dpdklab at iol.unh.edu dpdklab at iol.unh.edu
Fri May 28 19:09:27 CEST 2021


Test-Label: iol-testing
Test-Status: FAILURE
http://dpdk.org/patch/93541

_Testing issues_

Submitter: Thierry Herbelot <thierry.herbelot at 6wind.com>
Date: Friday, May 28 2021 13:20:38 
DPDK git baseline: Repo:dpdk
  Branch: master
  CommitID:66b3a54b9feab193a5cf8ad54606d745078587cc

93541 --> testing fail

Test environment and result as below:

+---------------------+----------------------+-------------------+--------------------+----------------+
|     Environment     | dpdk_mingw64_compile | dpdk_compile_spdk | dpdk_meson_compile | dpdk_unit_test |
+=====================+======================+===================+====================+================+
| Windows Server 2019 | PASS                 | SKIPPED           | PASS               | SKIPPED        |
+---------------------+----------------------+-------------------+--------------------+----------------+
| Ubuntu 18.04        | SKIPPED              | PASS              | PASS               | PASS           |
+---------------------+----------------------+-------------------+--------------------+----------------+
| CentOS 8            | SKIPPED              | SKIPPED           | PASS               | PASS           |
+---------------------+----------------------+-------------------+--------------------+----------------+
| Fedora 31           | SKIPPED              | SKIPPED           | PASS               | PASS           |
+---------------------+----------------------+-------------------+--------------------+----------------+
| RHEL 7              | SKIPPED              | SKIPPED           | PASS               | PASS           |
+---------------------+----------------------+-------------------+--------------------+----------------+
| FreeBSD 11.2        | SKIPPED              | SKIPPED           | PASS               | SKIPPED        |
+---------------------+----------------------+-------------------+--------------------+----------------+
| Fedora 32           | SKIPPED              | SKIPPED           | PASS               | PASS           |
+---------------------+----------------------+-------------------+--------------------+----------------+
| Ubuntu 20.04        | SKIPPED              | SKIPPED           | PASS               | SKIPPED        |
+---------------------+----------------------+-------------------+--------------------+----------------+
| CentOS Stream 8     | SKIPPED              | SKIPPED           | PASS               | PASS           |
+---------------------+----------------------+-------------------+--------------------+----------------+
| Fedora 34           | SKIPPED              | SKIPPED           | PASS               | SKIPPED        |
+---------------------+----------------------+-------------------+--------------------+----------------+
| Fedora 33           | SKIPPED              | SKIPPED           | PASS               | SKIPPED        |
+---------------------+----------------------+-------------------+--------------------+----------------+
| Ubuntu20.04         | SKIPPED              | SKIPPED           | PASS               | SKIPPED        |
+---------------------+----------------------+-------------------+--------------------+----------------+
| NA                  | SKIPPED              | SKIPPED           | PASS               | SKIPPED        |
+---------------------+----------------------+-------------------+--------------------+----------------+
| openSUSE Leap 15    | SKIPPED              | SKIPPED           | PASS               | PASS           |
+---------------------+----------------------+-------------------+--------------------+----------------+
| Arch Linux          | SKIPPED              | SKIPPED           | PASS               | FAIL           |
+---------------------+----------------------+-------------------+--------------------+----------------+
| RHEL8               | SKIPPED              | SKIPPED           | PASS               | PASS           |
+---------------------+----------------------+-------------------+--------------------+----------------+
| Ubuntu 18.04 ARM    | SKIPPED              | SKIPPED           | PASS               | FAIL           |
+---------------------+----------------------+-------------------+--------------------+----------------+

==== 20 line log output for Arch Linux (dpdk_unit_test): ====
87/96 DPDK:fast-tests / thash_autotest                 OK                0.14s
88/96 DPDK:fast-tests / trace_autotest                 OK                0.14s
89/96 DPDK:fast-tests / telemetry_json_autotest        OK                0.14s
90/96 DPDK:fast-tests / telemetry_data_autotest        OK                0.15s
91/96 DPDK:fast-tests / ring_pmd_autotest              OK                0.14s
92/96 DPDK:fast-tests / event_eth_tx_adapter_autotest  OK                0.46s
93/96 DPDK:fast-tests / bitratestats_autotest          OK                0.15s
94/96 DPDK:fast-tests / latencystats_autotest          OK                0.16s
95/96 DPDK:fast-tests / pdump_autotest                 OK                5.20s
96/96 DPDK:fast-tests / compressdev_autotest           SKIP              0.14s   exit status 77


Ok:                 90
Expected Fail:      0
Fail:               1
Unexpected Pass:    0
Skipped:            5
Timeout:            0

Full log written to /home-local/jenkins-local/jenkins-agent/workspace/Arch-Unit-Test-DPDK/dpdk/build/meson-logs/testlog.txt
==== End log output ====

Windows Server 2019
	Kernel: 10.0
	Compiler: clang 9.0 and gcc 8.1.0 (MinGW)

Ubuntu 18.04
	Kernel: 4.18.0-240.10.1.el8_3.x86_64
	Compiler: gcc 7.5.0-3ubuntu1~18.04

CentOS 8
	Kernel: 4.18.0-240.10.1.el8_3.x86_64
	Compiler: gcc 8.3.1 20191121 (Red Hat 8.3.1-5)

Fedora 31
	Kernel: 4.18.0-240.10.1.el8_3.x86_64
	Compiler: gcc 9.3.1

RHEL 7
	Kernel: 4.18.0-240.10.1.el8_3.x86_64
	Compiler: gcc 4.8.5 20150623 (Red Hat 4.8.5-44)

FreeBSD 11.2
	Kernel: 11.2
	Compiler: gcc 8.3

Fedora 32
	Kernel: 4.18.0-240.10.1.el8_3.x86_64
	Compiler: gcc 10.2.1

Ubuntu 20.04
	Kernel: 4.18.0-240.10.1.el8_3.x86_64
	Compiler: gcc 9.3.0-17ubuntu1~20.04

CentOS Stream 8
	Kernel: 4.18.0-240.10.1.el8_3.x86_64
	Compiler: gcc 8.4.1 20200928

Fedora 34
	Kernel: 5.4.0-72-generic
	Compiler: gcc 11.1.1 20210428 (Red Hat 11.1.1-1)

Fedora 33
	Kernel: 5.4.0-72-generic
	Compiler: gcc 10.3.1 20210422 (Red Hat 10.3.1-1)

Ubuntu20.04
	Kernel: 5.4.0-72-generic
	Compiler: aarch64-linux-gnu-gcc (Ubuntu 9.3.0-17ubuntu1~20.04) 9.3.0

NA
	Kernel: 5.4.0-72-generic
	Compiler: clang 12.0.0 (Fedora 12.0.0-0.3.rc1.fc34)

openSUSE Leap 15
	Kernel: 4.18.0-240.10.1.el8_3.x86_64
	Compiler: gcc 7.5.0

Arch Linux
	Kernel: 4.18.0-240.10.1.el8_3.x86_64
	Compiler: gcc 10.2.0

RHEL8
	Kernel: 4.18.0-240.10.1.el8_3.x86_64
	Compiler: gcc 8.3.1 20191121 (Red Hat 8.3.1-5)

Ubuntu 18.04 ARM
	Kernel: 5.4.0-53-generic
	Compiler: gcc 9.3

To view detailed results, visit:
https://lab.dpdk.org/results/dashboard/patchsets/17245/

UNH-IOL DPDK Community Lab

To manage your email subscriptions, visit: 
https://lab.dpdk.org/results/dashboard/preferences/subscriptions/


More information about the test-report mailing list