[dpdk-test-report] |WARNING| pw93602-93605 [PATCH] [v2, 4/4] net/iavf: support AVF RSS for GTPoGRE packet

dpdklab at iol.unh.edu dpdklab at iol.unh.edu
Mon May 31 08:59:06 CEST 2021


Test-Label: iol-abi-testing
Test-Status: WARNING
http://dpdk.org/patch/93605

_Testing issues_

Submitter: Lingyu Liu <lingyu.liu at intel.com>
Date: Monday, May 31 2021 12:38:07 
DPDK git baseline: Repo:dpdk
  Branch: master
  CommitID:66b3a54b9feab193a5cf8ad54606d745078587cc

93602-93605 --> testing fail

Test environment and result as below:

+------------------+----------+
|   Environment    | abi_test |
+==================+==========+
| Ubuntu 18.04 ARM | FAIL     |
+------------------+----------+
| Ubuntu 20.04     | FAIL     |
+------------------+----------+
| Ubuntu 18.04     | FAIL     |
+------------------+----------+
| RHEL 7           | FAIL     |
+------------------+----------+
| Arch Linux       | FAIL     |
+------------------+----------+
| Fedora 32        | FAIL     |
+------------------+----------+
| CentOS Stream 8  | FAIL     |
+------------------+----------+
| Ubuntu20.04      | FAIL     |
+------------------+----------+
| Fedora 31        | FAIL     |
+------------------+----------+
| openSUSE Leap 15 | FAIL     |
+------------------+----------+
| RHEL8            | FAIL     |
+------------------+----------+
| CentOS 8         | FAIL     |
+------------------+----------+

==== 20 line log output for Ubuntu 18.04 ARM (abi_test): ====
raw/ioat:	only supported on x86
crypto/aesni_gcm:	missing dependency, "libIPSec_MB"
crypto/aesni_mb:	missing dependency, "libIPSec_MB"
crypto/armv8:	missing dependency, "libAArch64crypto"
crypto/kasumi:	missing dependency, "libIPSec_MB"
crypto/mvsam:	missing dependency, "libmusdk"
crypto/snow3g:	missing dependency, "libIPSec_MB"
crypto/zuc:	missing dependency, "libIPSec_MB"
compress/isal:	missing dependency, "libisal"
event/dlb2:	only supported on x86_64 Linux


Build targets in project: 1114

Option buildtype is: debugoptimized [default: release]
Found ninja-1.10.0 at /usr/bin/ninja

ERROR: Clock skew detected. File /home-local/jenkins-local/jenkins-agent/workspace/Arm-gigabyte-Compile-DPDK-ABI/dpdk/build/../meson.build has a time stamp 21965.9071s in the future.

A full log can be found at /home-local/jenkins-local/jenkins-agent/workspace/Arm-gigabyte-Compile-DPDK-ABI/dpdk/build/meson-logs/meson-log.txt
==== End log output ====

Ubuntu 18.04 ARM
	Kernel: 5.4.0-53-generic
	Compiler: gcc 9.3

Ubuntu 20.04
	Kernel: 4.18.0-240.10.1.el8_3.x86_64
	Compiler: gcc 9.3.0-17ubuntu1~20.04

Ubuntu 18.04
	Kernel: 4.18.0-240.10.1.el8_3.x86_64
	Compiler: gcc 7.5.0-3ubuntu1~18.04

RHEL 7
	Kernel: 4.18.0-240.10.1.el8_3.x86_64
	Compiler: gcc 4.8.5 20150623 (Red Hat 4.8.5-44)

Arch Linux
	Kernel: 4.18.0-240.10.1.el8_3.x86_64
	Compiler: gcc 10.2.0

Fedora 32
	Kernel: 4.18.0-240.10.1.el8_3.x86_64
	Compiler: gcc 10.2.1

CentOS Stream 8
	Kernel: 4.18.0-240.10.1.el8_3.x86_64
	Compiler: gcc 8.4.1 20200928

Ubuntu20.04
	Kernel: 5.4.0-72-generic
	Compiler: aarch64-linux-gnu-gcc (Ubuntu 9.3.0-17ubuntu1~20.04) 9.3.0

Fedora 31
	Kernel: 4.18.0-240.10.1.el8_3.x86_64
	Compiler: gcc 9.3.1

openSUSE Leap 15
	Kernel: 4.18.0-240.10.1.el8_3.x86_64
	Compiler: gcc 7.5.0

RHEL8
	Kernel: 4.18.0-240.10.1.el8_3.x86_64
	Compiler: gcc 8.3.1 20191121 (Red Hat 8.3.1-5)

CentOS 8
	Kernel: 4.18.0-240.10.1.el8_3.x86_64
	Compiler: gcc 8.3.1 20191121 (Red Hat 8.3.1-5)

To view detailed results, visit:
https://lab.dpdk.org/results/dashboard/patchsets/17254/

UNH-IOL DPDK Community Lab

To manage your email subscriptions, visit: 
https://lab.dpdk.org/results/dashboard/preferences/subscriptions/


More information about the test-report mailing list