[dpdk-test-report] |FAILURE| pw103351 [PATCH] crypto/mlx5: support 1MB data-unit

dpdklab at iol.unh.edu dpdklab at iol.unh.edu
Mon Nov 1 17:55:42 CET 2021


Test-Label: iol-x86_64-unit-testing
Test-Status: FAILURE
http://dpdk.org/patch/103351

_Testing issues_

Submitter: Raja Zidane <rzidane at nvidia.com>
Date: Monday, November 01 2021 15:05:47 
DPDK git baseline: Repo:dpdk
  Branch: master
  CommitID:6cc51b1293ceac4a77d4bf7ac91a8bbd59e1f78c

103351 --> testing fail

Test environment and result as below:

+------------------+----------------+
|   Environment    | dpdk_unit_test |
+==================+================+
| Ubuntu 18.04     | PASS           |
+------------------+----------------+
| Arch Linux       | FAIL           |
+------------------+----------------+
| CentOS 8         | PASS           |
+------------------+----------------+
| Fedora 31        | PASS           |
+------------------+----------------+
| CentOS Stream 8  | PASS           |
+------------------+----------------+
| Fedora 32        | PASS           |
+------------------+----------------+
| openSUSE Leap 15 | PASS           |
+------------------+----------------+
| RHEL 7           | PASS           |
+------------------+----------------+
| RHEL8            | PASS           |
+------------------+----------------+
| Fedora 34        | PASS           |
+------------------+----------------+
| Ubuntu 20.04     | PASS           |
+------------------+----------------+
| Fedora 33        | PASS           |
+------------------+----------------+
| Fedora 34 clang  | PASS           |
+------------------+----------------+

==== 20 line log output for Arch Linux (dpdk_unit_test): ====
raise CalledProcessError(retcode, process.args,
subprocess.CalledProcessError: Command '['ar', 'x', '/home-local/jenkins-local/jenkins-agent/workspace/Generic-Unit-Test-DPDK/dpdk/build/drivers/libtmp_rte_common_cpt.a']' returned non-zero exit status 1.
[489/2967] Linking static target drivers/libtmp_rte_common_dpaax.a
[490/2967] Linking static target lib/librte_ipsec.a
[491/2967] Compiling C object drivers/libtmp_rte_common_iavf.a.p/common_iavf_iavf_common.c.o
[492/2967] Compiling C object drivers/libtmp_rte_common_iavf.a.p/common_iavf_iavf_impl.c.o
[493/2967] Generating lib/fib.sym_chk with a custom command (wrapped by meson to capture output)
[494/2967] Generating lib/pdump.sym_chk with a custom command (wrapped by meson to capture output)
[495/2967] Compiling C object lib/librte_port.a.p/port_rte_port_sym_crypto.c.o
[496/2967] Generating lib/node.sym_chk with a custom command (wrapped by meson to capture output)
[497/2967] Generating lib/flow_classify.sym_chk with a custom command (wrapped by meson to capture output)
[498/2967] Generating lib/table.sym_chk with a custom command (wrapped by meson to capture output)
[499/2967] Generating lib/graph.sym_chk with a custom command (wrapped by meson to capture output)
[500/2967] Generating lib/cryptodev.sym_chk with a custom command (wrapped by meson to capture output)
[501/2967] Generating lib/eventdev.sym_chk with a custom command (wrapped by meson to capture output)
[502/2967] Generating lib/ethdev.sym_chk with a custom command (wrapped by meson to capture output)
[503/2967] Generating lib/eal.sym_chk with a custom command (wrapped by meson to capture output)
[504/2967] Compiling C object lib/librte_vhost.a.p/vhost_vhost_crypto.c.o
[505/2967] Compiling C object lib/librte_pipeline.a.p/pipeline_rte_table_action.c.o
ninja: build stopped: subcommand failed.
==== End log output ====

Ubuntu 18.04
	Kernel: 4.18.0-240.10.1.el8_3.x86_64
	Compiler: gcc 7.5.0-3ubuntu1~18.04

Arch Linux
	Kernel: 5.4.0-73-generic
	Compiler: gcc 11.1.0

CentOS 8
	Kernel: 4.18.0-240.10.1.el8_3.x86_64
	Compiler: gcc 8.3.1 20191121 (Red Hat 8.3.1-5)

Fedora 31
	Kernel: 4.18.0-240.10.1.el8_3.x86_64
	Compiler: gcc 9.3.1

CentOS Stream 8
	Kernel: 4.18.0-240.10.1.el8_3.x86_64
	Compiler: gcc 8.4.1 20200928

Fedora 32
	Kernel: 4.18.0-240.10.1.el8_3.x86_64
	Compiler: gcc 10.2.1

openSUSE Leap 15
	Kernel: 4.18.0-240.10.1.el8_3.x86_64
	Compiler: gcc 7.5.0

RHEL 7
	Kernel: 4.18.0-240.10.1.el8_3.x86_64
	Compiler: gcc 4.8.5 20150623 (Red Hat 4.8.5-44)

RHEL8
	Kernel: 4.18.0-240.10.1.el8_3.x86_64
	Compiler: gcc 8.3.1 20191121 (Red Hat 8.3.1-5)

Fedora 34
	Kernel: 5.4.0-72-generic
	Compiler: gcc 11.1.1 20210428 (Red Hat 11.1.1-1)

Ubuntu 20.04
	Kernel: 4.18.0-240.10.1.el8_3.x86_64
	Compiler: gcc 9.3.0-17ubuntu1~20.04

Fedora 33
	Kernel: 5.4.0-72-generic
	Compiler: gcc 10.3.1 20210422 (Red Hat 10.3.1-1)

Fedora 34 clang
	Kernel: 5.4.0-72-generic
	Compiler: clang 12.0.0 (Fedora 12.0.0-0.3.rc1.fc34)

To view detailed results, visit:
https://lab.dpdk.org/results/dashboard/patchsets/19887/

UNH-IOL DPDK Community Lab

To manage your email subscriptions, visit: 
https://lab.dpdk.org/results/dashboard/preferences/subscriptions/


More information about the test-report mailing list