[dpdk-test-report] |FAILURE| pw103395-103398 [PATCH] [v2, 4/4] dma/cnxk: add copy_sg function

dpdklab at iol.unh.edu dpdklab at iol.unh.edu
Tue Nov 2 05:50:14 CET 2021


Test-Label: iol-x86_64-compile-testing
Test-Status: FAILURE
http://dpdk.org/patch/103398

_Testing issues_

Submitter: Radha Mohan Chintakuntla <radhac at marvell.com>
Date: Tuesday, November 02 2021 03:40:19 
DPDK git baseline: Repo:dpdk
  Branch: master
  CommitID:b2be63b55ab086c52c082d5c0b2b01fffbc48326

103395-103398 --> testing fail

Test environment and result as below:

+---------------------+--------------------+----------------------+-------------------+
|     Environment     | dpdk_meson_compile | dpdk_mingw64_compile | dpdk_compile_spdk |
+=====================+====================+======================+===================+
| Windows Server 2019 | PASS               | PASS                 | SKIPPED           |
+---------------------+--------------------+----------------------+-------------------+
| Ubuntu 18.04        | FAIL               | SKIPPED              | PASS              |
+---------------------+--------------------+----------------------+-------------------+
| FreeBSD 13          | PASS               | SKIPPED              | SKIPPED           |
+---------------------+--------------------+----------------------+-------------------+
| Fedora 31           | PASS               | SKIPPED              | SKIPPED           |
+---------------------+--------------------+----------------------+-------------------+
| CentOS 8            | PASS               | SKIPPED              | SKIPPED           |
+---------------------+--------------------+----------------------+-------------------+
| CentOS Stream 8     | PASS               | SKIPPED              | SKIPPED           |
+---------------------+--------------------+----------------------+-------------------+
| Ubuntu 20.04        | FAIL               | SKIPPED              | SKIPPED           |
+---------------------+--------------------+----------------------+-------------------+
| openSUSE Leap 15    | PASS               | SKIPPED              | SKIPPED           |
+---------------------+--------------------+----------------------+-------------------+
| Fedora 32           | PASS               | SKIPPED              | SKIPPED           |
+---------------------+--------------------+----------------------+-------------------+
| RHEL 7              | PASS               | SKIPPED              | SKIPPED           |
+---------------------+--------------------+----------------------+-------------------+
| RHEL8               | PASS               | SKIPPED              | SKIPPED           |
+---------------------+--------------------+----------------------+-------------------+
| Fedora 34           | PASS               | SKIPPED              | SKIPPED           |
+---------------------+--------------------+----------------------+-------------------+
| Fedora 33           | PASS               | SKIPPED              | SKIPPED           |
+---------------------+--------------------+----------------------+-------------------+
| Alpine              | PASS               | SKIPPED              | SKIPPED           |
+---------------------+--------------------+----------------------+-------------------+
| Fedora 34 clang     | PASS               | SKIPPED              | SKIPPED           |
+---------------------+--------------------+----------------------+-------------------+

==== 20 line log output for Ubuntu 20.04 (dpdk_meson_compile): ====
raise CalledProcessError(retcode, process.args,
subprocess.CalledProcessError: Command '['ar', 'x', '/home-local/jenkins-local/jenkins-agent/workspace/Generic-DPDK-Compile-Meson at 3/dpdk/build/drivers/libtmp_rte_mempool_dpaa2.a']' returned non-zero exit status 1.
[414/2977] Compiling C object lib/librte_port.a.p/port_rte_port_sym_crypto.c.o
[415/2977] Compiling C object lib/librte_port.a.p/port_rte_port_source_sink.c.o
[416/2977] Generating lib/dmadev.sym_chk with a custom command (wrapped by meson to capture output)
[417/2977] Compiling C object lib/librte_port.a.p/port_rte_swx_port_fd.c.o
[418/2977] Generating lib/regexdev.sym_chk with a custom command (wrapped by meson to capture output)
[419/2977] Compiling C object lib/librte_port.a.p/port_rte_swx_port_ring.c.o
[420/2977] Compiling C object lib/librte_port.a.p/port_rte_port_eventdev.c.o
[421/2977] Compiling C object lib/librte_port.a.p/port_rte_swx_port_ethdev.c.o
[422/2977] Compiling C object lib/librte_port.a.p/port_rte_port_kni.c.o
[423/2977] Compiling C object lib/librte_port.a.p/port_rte_swx_port_source_sink.c.o
[424/2977] Generating lib/ipsec.sym_chk with a custom command (wrapped by meson to capture output)
[425/2977] Generating lib/fib.sym_chk with a custom command (wrapped by meson to capture output)
[426/2977] Generating lib/cryptodev.sym_chk with a custom command (wrapped by meson to capture output)
[427/2977] Generating lib/eventdev.sym_chk with a custom command (wrapped by meson to capture output)
[428/2977] Generating lib/vhost.sym_chk with a custom command (wrapped by meson to capture output)
[429/2977] Generating lib/ethdev.sym_chk with a custom command (wrapped by meson to capture output)
[430/2977] Generating lib/eal.sym_chk with a custom command (wrapped by meson to capture output)
ninja: build stopped: subcommand failed.
==== End log output ====

Windows Server 2019
	Kernel: 10.0
	Compiler: clang 9.0 and gcc 8.1.0 (MinGW)

Ubuntu 18.04
	Kernel: 4.18.0-240.10.1.el8_3.x86_64
	Compiler: gcc 7.5.0-3ubuntu1~18.04

FreeBSD 13
	Kernel: 13.0
	Compiler: clang 11.0.1

Fedora 31
	Kernel: 4.18.0-240.10.1.el8_3.x86_64
	Compiler: gcc 9.3.1

CentOS 8
	Kernel: 4.18.0-240.10.1.el8_3.x86_64
	Compiler: gcc 8.3.1 20191121 (Red Hat 8.3.1-5)

CentOS Stream 8
	Kernel: 4.18.0-240.10.1.el8_3.x86_64
	Compiler: gcc 8.4.1 20200928

Ubuntu 20.04
	Kernel: 4.18.0-240.10.1.el8_3.x86_64
	Compiler: gcc 9.3.0-17ubuntu1~20.04

openSUSE Leap 15
	Kernel: 4.18.0-240.10.1.el8_3.x86_64
	Compiler: gcc 7.5.0

Fedora 32
	Kernel: 4.18.0-240.10.1.el8_3.x86_64
	Compiler: gcc 10.2.1

RHEL 7
	Kernel: 4.18.0-240.10.1.el8_3.x86_64
	Compiler: gcc 4.8.5 20150623 (Red Hat 4.8.5-44)

RHEL8
	Kernel: 4.18.0-240.10.1.el8_3.x86_64
	Compiler: gcc 8.3.1 20191121 (Red Hat 8.3.1-5)

Fedora 34
	Kernel: 5.4.0-72-generic
	Compiler: gcc 11.1.1 20210428 (Red Hat 11.1.1-1)

Fedora 33
	Kernel: 5.4.0-72-generic
	Compiler: gcc 10.3.1 20210422 (Red Hat 10.3.1-1)

Alpine
	Kernel: 5.4.0-73-generic
	Compiler: gcc (Alpine 10.3.1_git20210424) 10.3.1 20210424

Fedora 34 clang
	Kernel: 5.4.0-72-generic
	Compiler: clang 12.0.0 (Fedora 12.0.0-0.3.rc1.fc34)

To view detailed results, visit:
https://lab.dpdk.org/results/dashboard/patchsets/19898/

UNH-IOL DPDK Community Lab

To manage your email subscriptions, visit: 
https://lab.dpdk.org/results/dashboard/preferences/subscriptions/


More information about the test-report mailing list