[dpdk-test-report] |FAILURE| pw103476 [PATCH] [v3] app/flow-perf: added option to support flow priority

dpdklab at iol.unh.edu dpdklab at iol.unh.edu
Tue Nov 2 13:25:20 CET 2021


Test-Label: iol-x86_64-compile-testing
Test-Status: FAILURE
http://dpdk.org/patch/103476

_Testing issues_

Submitter: Satheesh Paul <psatheesh at marvell.com>
Date: Tuesday, November 02 2021 10:50:41 
DPDK git baseline: Repo:dpdk
  Branch: master
  CommitID:b2be63b55ab086c52c082d5c0b2b01fffbc48326

103476 --> testing fail

Test environment and result as below:

+---------------------+----------------------+--------------------+-------------------+
|     Environment     | dpdk_mingw64_compile | dpdk_meson_compile | dpdk_compile_spdk |
+=====================+======================+====================+===================+
| Windows Server 2019 | PASS                 | PASS               | SKIPPED           |
+---------------------+----------------------+--------------------+-------------------+
| FreeBSD 13          | SKIPPED              | PASS               | SKIPPED           |
+---------------------+----------------------+--------------------+-------------------+
| Fedora 31           | SKIPPED              | FAIL               | SKIPPED           |
+---------------------+----------------------+--------------------+-------------------+
| Ubuntu 18.04        | SKIPPED              | FAIL               | PASS              |
+---------------------+----------------------+--------------------+-------------------+
| Ubuntu 20.04        | SKIPPED              | FAIL               | SKIPPED           |
+---------------------+----------------------+--------------------+-------------------+
| openSUSE Leap 15    | SKIPPED              | PASS               | SKIPPED           |
+---------------------+----------------------+--------------------+-------------------+
| CentOS 8            | SKIPPED              | PASS               | SKIPPED           |
+---------------------+----------------------+--------------------+-------------------+
| Fedora 32           | SKIPPED              | PASS               | SKIPPED           |
+---------------------+----------------------+--------------------+-------------------+
| CentOS Stream 8     | SKIPPED              | PASS               | SKIPPED           |
+---------------------+----------------------+--------------------+-------------------+
| RHEL 7              | SKIPPED              | PASS               | SKIPPED           |
+---------------------+----------------------+--------------------+-------------------+
| RHEL8               | SKIPPED              | PASS               | SKIPPED           |
+---------------------+----------------------+--------------------+-------------------+
| Fedora 34           | SKIPPED              | PASS               | SKIPPED           |
+---------------------+----------------------+--------------------+-------------------+
| Fedora 33           | SKIPPED              | PASS               | SKIPPED           |
+---------------------+----------------------+--------------------+-------------------+
| Alpine              | SKIPPED              | PASS               | SKIPPED           |
+---------------------+----------------------+--------------------+-------------------+
| Fedora 34 clang     | SKIPPED              | PASS               | SKIPPED           |
+---------------------+----------------------+--------------------+-------------------+

==== 20 line log output for Ubuntu 20.04 (dpdk_meson_compile): ====
raise CalledProcessError(retcode, process.args,
subprocess.CalledProcessError: Command '['ar', 'x', '/home-local/jenkins-local/jenkins-agent/workspace/Generic-DPDK-Compile-Meson at 2/dpdk/build/drivers/libtmp_rte_mempool_dpaa2.a']' returned non-zero exit status 1.
[405/2966] Compiling C object lib/librte_port.a.p/port_rte_port_ring.c.o
[406/2966] Generating lib/reorder.sym_chk with a custom command (wrapped by meson to capture output)
[407/2966] Generating lib/stack.sym_chk with a custom command (wrapped by meson to capture output)
[408/2966] Generating lib/rawdev.sym_chk with a custom command (wrapped by meson to capture output)
[409/2966] Generating lib/security.sym_chk with a custom command (wrapped by meson to capture output)
[410/2966] Generating lib/power.sym_chk with a custom command (wrapped by meson to capture output)
[411/2966] Generating lib/dmadev.sym_chk with a custom command (wrapped by meson to capture output)
[412/2966] Generating lib/sched.sym_chk with a custom command (wrapped by meson to capture output)
[413/2966] Generating lib/rib.sym_chk with a custom command (wrapped by meson to capture output)
[414/2966] Generating lib/regexdev.sym_chk with a custom command (wrapped by meson to capture output)
[415/2966] Generating lib/ipsec.sym_chk with a custom command (wrapped by meson to capture output)
[416/2966] Generating lib/fib.sym_chk with a custom command (wrapped by meson to capture output)
[417/2966] Generating lib/cryptodev.sym_chk with a custom command (wrapped by meson to capture output)
[418/2966] Generating lib/vhost.sym_chk with a custom command (wrapped by meson to capture output)
[419/2966] Generating lib/eventdev.sym_chk with a custom command (wrapped by meson to capture output)
[420/2966] Generating lib/ethdev.sym_chk with a custom command (wrapped by meson to capture output)
[421/2966] Generating lib/eal.sym_chk with a custom command (wrapped by meson to capture output)
ninja: build stopped: subcommand failed.
==== End log output ====

Windows Server 2019
	Kernel: 10.0
	Compiler: clang 9.0 and gcc 8.1.0 (MinGW)

FreeBSD 13
	Kernel: 13.0
	Compiler: clang 11.0.1

Fedora 31
	Kernel: 4.18.0-240.10.1.el8_3.x86_64
	Compiler: gcc 9.3.1

Ubuntu 18.04
	Kernel: 4.18.0-240.10.1.el8_3.x86_64
	Compiler: gcc 7.5.0-3ubuntu1~18.04

Ubuntu 20.04
	Kernel: 4.18.0-240.10.1.el8_3.x86_64
	Compiler: gcc 9.3.0-17ubuntu1~20.04

openSUSE Leap 15
	Kernel: 4.18.0-240.10.1.el8_3.x86_64
	Compiler: gcc 7.5.0

CentOS 8
	Kernel: 4.18.0-240.10.1.el8_3.x86_64
	Compiler: gcc 8.3.1 20191121 (Red Hat 8.3.1-5)

Fedora 32
	Kernel: 4.18.0-240.10.1.el8_3.x86_64
	Compiler: gcc 10.2.1

CentOS Stream 8
	Kernel: 4.18.0-240.10.1.el8_3.x86_64
	Compiler: gcc 8.4.1 20200928

RHEL 7
	Kernel: 4.18.0-240.10.1.el8_3.x86_64
	Compiler: gcc 4.8.5 20150623 (Red Hat 4.8.5-44)

RHEL8
	Kernel: 4.18.0-240.10.1.el8_3.x86_64
	Compiler: gcc 8.3.1 20191121 (Red Hat 8.3.1-5)

Fedora 34
	Kernel: 5.4.0-72-generic
	Compiler: gcc 11.1.1 20210428 (Red Hat 11.1.1-1)

Fedora 33
	Kernel: 5.4.0-72-generic
	Compiler: gcc 10.3.1 20210422 (Red Hat 10.3.1-1)

Alpine
	Kernel: 5.4.0-73-generic
	Compiler: gcc (Alpine 10.3.1_git20210424) 10.3.1 20210424

Fedora 34 clang
	Kernel: 5.4.0-72-generic
	Compiler: clang 12.0.0 (Fedora 12.0.0-0.3.rc1.fc34)

To view detailed results, visit:
https://lab.dpdk.org/results/dashboard/patchsets/19919/

UNH-IOL DPDK Community Lab

To manage your email subscriptions, visit: 
https://lab.dpdk.org/results/dashboard/preferences/subscriptions/


More information about the test-report mailing list