[dpdk-test-report] |FAILURE| pw103475 [PATCH] vhost: rename driver callbacks struct

dpdklab at iol.unh.edu dpdklab at iol.unh.edu
Tue Nov 2 13:55:30 CET 2021


Test-Label: iol-x86_64-unit-testing
Test-Status: FAILURE
http://dpdk.org/patch/103475

_Testing issues_

Submitter: Maxime Coquelin <maxime.coquelin at redhat.com>
Date: Tuesday, November 02 2021 10:47:48 
DPDK git baseline: Repo:dpdk
  Branch: master
  CommitID:b2be63b55ab086c52c082d5c0b2b01fffbc48326

103475 --> testing fail

Test environment and result as below:

+------------------+----------------+
|   Environment    | dpdk_unit_test |
+==================+================+
| Ubuntu 18.04     | FAIL           |
+------------------+----------------+
| CentOS 8         | PASS           |
+------------------+----------------+
| Fedora 31        | FAIL           |
+------------------+----------------+
| CentOS Stream 8  | PASS           |
+------------------+----------------+
| Fedora 32        | PASS           |
+------------------+----------------+
| openSUSE Leap 15 | PASS           |
+------------------+----------------+
| RHEL 7           | PASS           |
+------------------+----------------+
| Ubuntu 20.04     | FAIL           |
+------------------+----------------+
| RHEL8            | PASS           |
+------------------+----------------+
| Fedora 34        | PASS           |
+------------------+----------------+
| Fedora 33        | PASS           |
+------------------+----------------+
| Fedora 34 clang  | PASS           |
+------------------+----------------+

==== 20 line log output for Ubuntu 20.04 (dpdk_unit_test): ====
raise CalledProcessError(retcode, process.args,
subprocess.CalledProcessError: Command '['ar', 'x', '/home-local/jenkins-local/jenkins-agent/workspace/Generic-Unit-Test-DPDK/dpdk/build/drivers/libtmp_rte_mempool_dpaa2.a']' returned non-zero exit status 1.
[422/2967] Generating lib/rte_pdump_def with a custom command
[423/2967] Compiling C object lib/librte_pdump.a.p/pdump_rte_pdump.c.o
[424/2967] Compiling C object lib/librte_table.a.p/table_rte_swx_table_em.c.o
[425/2967] Linking static target lib/librte_port.a
[426/2967] Compiling C object lib/librte_table.a.p/table_rte_swx_table_wm.c.o
[427/2967] Compiling C object lib/librte_table.a.p/table_rte_swx_table_selector.c.o
[428/2967] Compiling C object lib/librte_table.a.p/table_rte_swx_table_learner.c.o
[429/2967] Compiling C object lib/librte_vhost.a.p/vhost_vhost.c.o
[430/2967] Generating lib/fib.sym_chk with a custom command (wrapped by meson to capture output)
[431/2967] Generating lib/ipsec.sym_chk with a custom command (wrapped by meson to capture output)
[432/2967] Compiling C object lib/librte_vhost.a.p/vhost_vhost_user.c.o
[433/2967] Generating lib/cryptodev.sym_chk with a custom command (wrapped by meson to capture output)
[434/2967] Generating lib/eventdev.sym_chk with a custom command (wrapped by meson to capture output)
[435/2967] Generating lib/ethdev.sym_chk with a custom command (wrapped by meson to capture output)
[436/2967] Compiling C object lib/librte_vhost.a.p/vhost_virtio_net.c.o
[437/2967] Generating lib/eal.sym_chk with a custom command (wrapped by meson to capture output)
[438/2967] Compiling C object lib/librte_vhost.a.p/vhost_vhost_crypto.c.o
ninja: build stopped: subcommand failed.
==== End log output ====

Ubuntu 18.04
	Kernel: 4.18.0-240.10.1.el8_3.x86_64
	Compiler: gcc 7.5.0-3ubuntu1~18.04

CentOS 8
	Kernel: 4.18.0-240.10.1.el8_3.x86_64
	Compiler: gcc 8.3.1 20191121 (Red Hat 8.3.1-5)

Fedora 31
	Kernel: 4.18.0-240.10.1.el8_3.x86_64
	Compiler: gcc 9.3.1

CentOS Stream 8
	Kernel: 4.18.0-240.10.1.el8_3.x86_64
	Compiler: gcc 8.4.1 20200928

Fedora 32
	Kernel: 4.18.0-240.10.1.el8_3.x86_64
	Compiler: gcc 10.2.1

openSUSE Leap 15
	Kernel: 4.18.0-240.10.1.el8_3.x86_64
	Compiler: gcc 7.5.0

RHEL 7
	Kernel: 4.18.0-240.10.1.el8_3.x86_64
	Compiler: gcc 4.8.5 20150623 (Red Hat 4.8.5-44)

Ubuntu 20.04
	Kernel: 4.18.0-240.10.1.el8_3.x86_64
	Compiler: gcc 9.3.0-17ubuntu1~20.04

RHEL8
	Kernel: 4.18.0-240.10.1.el8_3.x86_64
	Compiler: gcc 8.3.1 20191121 (Red Hat 8.3.1-5)

Fedora 34
	Kernel: 5.4.0-72-generic
	Compiler: gcc 11.1.1 20210428 (Red Hat 11.1.1-1)

Fedora 33
	Kernel: 5.4.0-72-generic
	Compiler: gcc 10.3.1 20210422 (Red Hat 10.3.1-1)

Fedora 34 clang
	Kernel: 5.4.0-72-generic
	Compiler: clang 12.0.0 (Fedora 12.0.0-0.3.rc1.fc34)

To view detailed results, visit:
https://lab.dpdk.org/results/dashboard/patchsets/19918/

UNH-IOL DPDK Community Lab

To manage your email subscriptions, visit: 
https://lab.dpdk.org/results/dashboard/preferences/subscriptions/


More information about the test-report mailing list