[dpdk-test-report] |FAILURE| pw103439 [PATCH] [v2] net/ice: fix order of flow filter parser list
dpdklab at iol.unh.edu
dpdklab at iol.unh.edu
Tue Nov 2 14:38:04 CET 2021
Test-Label: iol-x86_64-unit-testing
Test-Status: FAILURE
http://dpdk.org/patch/103439
_Testing issues_
Submitter: Yuying Zhang <yuying.zhang at intel.com>
Date: Tuesday, November 02 2021 10:45:05
DPDK git baseline: Repo:dpdk
Branch: master
CommitID:b2be63b55ab086c52c082d5c0b2b01fffbc48326
103439 --> testing fail
Test environment and result as below:
+------------------+----------------+
| Environment | dpdk_unit_test |
+==================+================+
| Ubuntu 18.04 | FAIL |
+------------------+----------------+
| CentOS Stream 8 | PASS |
+------------------+----------------+
| Fedora 31 | FAIL |
+------------------+----------------+
| CentOS 8 | PASS |
+------------------+----------------+
| openSUSE Leap 15 | PASS |
+------------------+----------------+
| Fedora 32 | PASS |
+------------------+----------------+
| RHEL 7 | PASS |
+------------------+----------------+
| Ubuntu 20.04 | FAIL |
+------------------+----------------+
| Fedora 34 | PASS |
+------------------+----------------+
| RHEL8 | PASS |
+------------------+----------------+
| Fedora 33 | PASS |
+------------------+----------------+
| Fedora 34 clang | PASS |
+------------------+----------------+
==== 20 line log output for Ubuntu 20.04 (dpdk_unit_test): ====
raise CalledProcessError(retcode, process.args,
subprocess.CalledProcessError: Command '['ar', 'x', '/home-local/jenkins-local/jenkins-agent/workspace/Generic-Unit-Test-DPDK/dpdk/build/drivers/libtmp_rte_mempool_dpaa2.a']' returned non-zero exit status 1.
[405/2967] Compiling C object lib/librte_port.a.p/port_rte_port_ring.c.o
[406/2967] Generating lib/reorder.sym_chk with a custom command (wrapped by meson to capture output)
[407/2967] Generating lib/stack.sym_chk with a custom command (wrapped by meson to capture output)
[408/2967] Generating lib/rawdev.sym_chk with a custom command (wrapped by meson to capture output)
[409/2967] Generating lib/security.sym_chk with a custom command (wrapped by meson to capture output)
[410/2967] Generating lib/dmadev.sym_chk with a custom command (wrapped by meson to capture output)
[411/2967] Generating lib/power.sym_chk with a custom command (wrapped by meson to capture output)
[412/2967] Generating lib/sched.sym_chk with a custom command (wrapped by meson to capture output)
[413/2967] Generating lib/rib.sym_chk with a custom command (wrapped by meson to capture output)
[414/2967] Generating lib/regexdev.sym_chk with a custom command (wrapped by meson to capture output)
[415/2967] Generating lib/ipsec.sym_chk with a custom command (wrapped by meson to capture output)
[416/2967] Generating lib/fib.sym_chk with a custom command (wrapped by meson to capture output)
[417/2967] Generating lib/cryptodev.sym_chk with a custom command (wrapped by meson to capture output)
[418/2967] Generating lib/vhost.sym_chk with a custom command (wrapped by meson to capture output)
[419/2967] Generating lib/eventdev.sym_chk with a custom command (wrapped by meson to capture output)
[420/2967] Generating lib/ethdev.sym_chk with a custom command (wrapped by meson to capture output)
[421/2967] Generating lib/eal.sym_chk with a custom command (wrapped by meson to capture output)
ninja: build stopped: subcommand failed.
==== End log output ====
Ubuntu 18.04
Kernel: 4.18.0-240.10.1.el8_3.x86_64
Compiler: gcc 7.5.0-3ubuntu1~18.04
CentOS Stream 8
Kernel: 4.18.0-240.10.1.el8_3.x86_64
Compiler: gcc 8.4.1 20200928
Fedora 31
Kernel: 4.18.0-240.10.1.el8_3.x86_64
Compiler: gcc 9.3.1
CentOS 8
Kernel: 4.18.0-240.10.1.el8_3.x86_64
Compiler: gcc 8.3.1 20191121 (Red Hat 8.3.1-5)
openSUSE Leap 15
Kernel: 4.18.0-240.10.1.el8_3.x86_64
Compiler: gcc 7.5.0
Fedora 32
Kernel: 4.18.0-240.10.1.el8_3.x86_64
Compiler: gcc 10.2.1
RHEL 7
Kernel: 4.18.0-240.10.1.el8_3.x86_64
Compiler: gcc 4.8.5 20150623 (Red Hat 4.8.5-44)
Ubuntu 20.04
Kernel: 4.18.0-240.10.1.el8_3.x86_64
Compiler: gcc 9.3.0-17ubuntu1~20.04
Fedora 34
Kernel: 5.4.0-72-generic
Compiler: gcc 11.1.1 20210428 (Red Hat 11.1.1-1)
RHEL8
Kernel: 4.18.0-240.10.1.el8_3.x86_64
Compiler: gcc 8.3.1 20191121 (Red Hat 8.3.1-5)
Fedora 33
Kernel: 5.4.0-72-generic
Compiler: gcc 10.3.1 20210422 (Red Hat 10.3.1-1)
Fedora 34 clang
Kernel: 5.4.0-72-generic
Compiler: clang 12.0.0 (Fedora 12.0.0-0.3.rc1.fc34)
To view detailed results, visit:
https://lab.dpdk.org/results/dashboard/patchsets/19906/
UNH-IOL DPDK Community Lab
To manage your email subscriptions, visit:
https://lab.dpdk.org/results/dashboard/preferences/subscriptions/
More information about the test-report
mailing list