[dpdk-test-report] |FAILURE| pw104087 [PATCH] [v2] common/cnxk: fix memory leak

dpdklab at iol.unh.edu dpdklab at iol.unh.edu
Wed Nov 10 06:49:52 CET 2021


Test-Label: iol-x86_64-unit-testing
Test-Status: FAILURE
http://dpdk.org/patch/104087

_Testing issues_

Submitter: Anoob Joseph <anoobj at marvell.com>
Date: Wednesday, November 10 2021 04:32:03 
DPDK git baseline: Repo:dpdk
  Branch: master
  CommitID:f4801fdb7828f45ddc4ada148b1b0a230a226570

104087 --> testing fail

Test environment and result as below:

+------------------+----------------+
|   Environment    | dpdk_unit_test |
+==================+================+
| Ubuntu 18.04     | PASS           |
+------------------+----------------+
| Arch Linux       | PASS           |
+------------------+----------------+
| CentOS Stream 8  | PASS           |
+------------------+----------------+
| CentOS 8         | PASS           |
+------------------+----------------+
| Fedora 31        | PASS           |
+------------------+----------------+
| Fedora 32        | PASS           |
+------------------+----------------+
| openSUSE Leap 15 | PASS           |
+------------------+----------------+
| RHEL 7           | PASS           |
+------------------+----------------+
| Ubuntu 20.04     | PASS           |
+------------------+----------------+
| RHEL8            | FAIL           |
+------------------+----------------+
| Fedora 34        | PASS           |
+------------------+----------------+
| Fedora 33        | PASS           |
+------------------+----------------+
| Fedora 34 clang  | PASS           |
+------------------+----------------+

==== 20 line log output for RHEL8 (dpdk_unit_test): ====
88/98 DPDK:fast-tests / service_autotest               OK             4.01s
89/98 DPDK:fast-tests / thash_autotest                 OK             0.24s
90/98 DPDK:fast-tests / trace_autotest                 OK             0.27s
91/98 DPDK:fast-tests / telemetry_json_autotest        OK             0.29s
92/98 DPDK:fast-tests / telemetry_data_autotest        OK             0.18s
93/98 DPDK:fast-tests / ring_pmd_autotest              OK             0.27s
94/98 DPDK:fast-tests / event_eth_tx_adapter_autotest  OK             0.52s
95/98 DPDK:fast-tests / bitratestats_autotest          OK             0.21s
96/98 DPDK:fast-tests / latencystats_autotest          OK             0.55s
97/98 DPDK:fast-tests / pdump_autotest                 OK             5.25s
98/98 DPDK:fast-tests / compressdev_autotest           SKIP           0.22s

Ok:                 92
Expected Fail:      0
Fail:               1
Unexpected Pass:    0
Skipped:            5
Timeout:            0

Full log written to /home-local/jenkins-local/jenkins-agent/workspace/Generic-Unit-Test-DPDK/dpdk/build/meson-logs/testlog.txt
==== End log output ====

Ubuntu 18.04
	Kernel: 4.18.0-240.10.1.el8_3.x86_64
	Compiler: gcc 7.5.0-3ubuntu1~18.04

Arch Linux
	Kernel: 5.4.0-73-generic
	Compiler: gcc 11.1.0

CentOS Stream 8
	Kernel: 4.18.0-240.10.1.el8_3.x86_64
	Compiler: gcc 8.4.1 20200928

CentOS 8
	Kernel: 4.18.0-240.10.1.el8_3.x86_64
	Compiler: gcc 8.3.1 20191121 (Red Hat 8.3.1-5)

Fedora 31
	Kernel: 4.18.0-240.10.1.el8_3.x86_64
	Compiler: gcc 9.3.1

Fedora 32
	Kernel: 4.18.0-240.10.1.el8_3.x86_64
	Compiler: gcc 10.2.1

openSUSE Leap 15
	Kernel: 4.18.0-240.10.1.el8_3.x86_64
	Compiler: gcc 7.5.0

RHEL 7
	Kernel: 4.18.0-240.10.1.el8_3.x86_64
	Compiler: gcc 4.8.5 20150623 (Red Hat 4.8.5-44)

Ubuntu 20.04
	Kernel: 4.18.0-240.10.1.el8_3.x86_64
	Compiler: gcc 9.3.0-17ubuntu1~20.04

RHEL8
	Kernel: 4.18.0-240.10.1.el8_3.x86_64
	Compiler: gcc 8.3.1 20191121 (Red Hat 8.3.1-5)

Fedora 34
	Kernel: 5.4.0-72-generic
	Compiler: gcc 11.1.1 20210428 (Red Hat 11.1.1-1)

Fedora 33
	Kernel: 5.4.0-72-generic
	Compiler: gcc 10.3.1 20210422 (Red Hat 10.3.1-1)

Fedora 34 clang
	Kernel: 5.4.0-72-generic
	Compiler: clang 12.0.0 (Fedora 12.0.0-0.3.rc1.fc34)

To view detailed results, visit:
https://lab.dpdk.org/results/dashboard/patchsets/20113/

UNH-IOL DPDK Community Lab

To manage your email subscriptions, visit: 
https://lab.dpdk.org/results/dashboard/preferences/subscriptions/


More information about the test-report mailing list