|FAILURE| pw104227 [PATCH] [v3] examples/flow_filtering: fix wrong comment
dpdklab at iol.unh.edu
dpdklab at iol.unh.edu
Fri Nov 12 08:44:04 CET 2021
Test-Label: iol-x86_64-unit-testing
Test-Status: FAILURE
http://dpdk.org/patch/104227
_Testing issues_
Submitter: Joyce Kong <joyce.kong at arm.com>
Date: Friday, November 12 2021 06:37:03
DPDK git baseline: Repo:dpdk
Branch: master
CommitID:19d024003dfce0018c9e52635b78efdc6e1c172a
104227 --> testing fail
Test environment and result as below:
+------------------+----------------+
| Environment | dpdk_unit_test |
+==================+================+
| Arch Linux | FAIL |
+------------------+----------------+
| Ubuntu 18.04 | PASS |
+------------------+----------------+
| CentOS 8 | PASS |
+------------------+----------------+
| CentOS Stream 8 | PASS |
+------------------+----------------+
| Fedora 31 | PASS |
+------------------+----------------+
| openSUSE Leap 15 | PASS |
+------------------+----------------+
| Fedora 32 | FAIL |
+------------------+----------------+
| RHEL 7 | PASS |
+------------------+----------------+
| Ubuntu 20.04 | PASS |
+------------------+----------------+
| Fedora 34 | PASS |
+------------------+----------------+
| RHEL8 | PASS |
+------------------+----------------+
| Fedora 33 | PASS |
+------------------+----------------+
| Fedora 34 clang | PASS |
+------------------+----------------+
==== 20 line log output for Fedora 32 (dpdk_unit_test): ====
89/99 DPDK:fast-tests / service_autotest OK 3.37s
90/99 DPDK:fast-tests / thash_autotest OK 0.26s
91/99 DPDK:fast-tests / trace_autotest OK 0.21s
92/99 DPDK:fast-tests / telemetry_json_autotest OK 0.32s
93/99 DPDK:fast-tests / telemetry_data_autotest OK 0.17s
94/99 DPDK:fast-tests / ring_pmd_autotest OK 0.25s
95/99 DPDK:fast-tests / event_eth_tx_adapter_autotest OK 0.69s
96/99 DPDK:fast-tests / bitratestats_autotest OK 0.24s
97/99 DPDK:fast-tests / latencystats_autotest OK 0.25s
98/99 DPDK:fast-tests / pdump_autotest OK 5.33s
99/99 DPDK:fast-tests / compressdev_autotest SKIP 0.18s
Ok: 93
Expected Fail: 0
Fail: 1
Unexpected Pass: 0
Skipped: 5
Timeout: 0
Full log written to /home-local/jenkins-local/jenkins-agent/workspace/Generic-Unit-Test-DPDK/dpdk/build/meson-logs/testlog.txt
==== End log output ====
Arch Linux
Kernel: 5.4.0-73-generic
Compiler: gcc 11.1.0
Ubuntu 18.04
Kernel: 4.18.0-240.10.1.el8_3.x86_64
Compiler: gcc 7.5.0-3ubuntu1~18.04
CentOS 8
Kernel: 4.18.0-240.10.1.el8_3.x86_64
Compiler: gcc 8.3.1 20191121 (Red Hat 8.3.1-5)
CentOS Stream 8
Kernel: 4.18.0-240.10.1.el8_3.x86_64
Compiler: gcc 8.4.1 20200928
Fedora 31
Kernel: 4.18.0-240.10.1.el8_3.x86_64
Compiler: gcc 9.3.1
openSUSE Leap 15
Kernel: 4.18.0-240.10.1.el8_3.x86_64
Compiler: gcc 7.5.0
Fedora 32
Kernel: 4.18.0-240.10.1.el8_3.x86_64
Compiler: gcc 10.2.1
RHEL 7
Kernel: 4.18.0-240.10.1.el8_3.x86_64
Compiler: gcc 4.8.5 20150623 (Red Hat 4.8.5-44)
Ubuntu 20.04
Kernel: 4.18.0-240.10.1.el8_3.x86_64
Compiler: gcc 9.3.0-17ubuntu1~20.04
Fedora 34
Kernel: 5.4.0-72-generic
Compiler: gcc 11.1.1 20210428 (Red Hat 11.1.1-1)
RHEL8
Kernel: 4.18.0-240.10.1.el8_3.x86_64
Compiler: gcc 8.3.1 20191121 (Red Hat 8.3.1-5)
Fedora 33
Kernel: 5.4.0-72-generic
Compiler: gcc 10.3.1 20210422 (Red Hat 10.3.1-1)
Fedora 34 clang
Kernel: 5.4.0-72-generic
Compiler: clang 12.0.0 (Fedora 12.0.0-0.3.rc1.fc34)
To view detailed results, visit:
https://lab.dpdk.org/results/dashboard/patchsets/20175/
UNH-IOL DPDK Community Lab
To manage your email subscriptions, visit:
https://lab.dpdk.org/results/dashboard/preferences/subscriptions/
More information about the test-report
mailing list