|FAILURE| pw104634-104635 [PATCH] [2/2] net/mlx5: fix RxQ reference counting for indirect RSS

dpdklab at iol.unh.edu dpdklab at iol.unh.edu
Wed Nov 24 00:15:50 CET 2021


Test-Label: iol-x86_64-unit-testing
Test-Status: FAILURE
http://dpdk.org/patch/104635

_Testing issues_

Submitter: Dmitry Kozlyuk <dkozlyuk at nvidia.com>
Date: Tuesday, November 23 2021 22:31:59 
DPDK git baseline: Repo:dpdk
  Branch: master
  CommitID:0c6e27549c03695f85d949f5195a166b449b419c

104634-104635 --> testing fail

Test environment and result as below:

+------------------+----------------+
|   Environment    | dpdk_unit_test |
+==================+================+
| Arch Linux       | PASS           |
+------------------+----------------+
| Ubuntu 18.04     | PASS           |
+------------------+----------------+
| CentOS 8         | PASS           |
+------------------+----------------+
| Fedora 32        | PASS           |
+------------------+----------------+
| Fedora 31        | PASS           |
+------------------+----------------+
| CentOS Stream 8  | PASS           |
+------------------+----------------+
| RHEL 7           | FAIL           |
+------------------+----------------+
| openSUSE Leap 15 | PASS           |
+------------------+----------------+
| RHEL8            | PASS           |
+------------------+----------------+
| Ubuntu 20.04     | PASS           |
+------------------+----------------+
| Fedora 34        | PASS           |
+------------------+----------------+
| Fedora 33        | PASS           |
+------------------+----------------+
| Fedora 34 clang  | PASS           |
+------------------+----------------+

==== 20 line log output for RHEL 7 (dpdk_unit_test): ====
^
cc1: all warnings being treated as errors
[1802/3045] Generating rte_net_octeontx_ep.pmd.c with a custom command
[1803/3045] Compiling C object drivers/net/qede/base/libqede_base.a.p/ecore_vf.c.o
[1804/3045] Compiling C object drivers/libtmp_rte_net_qede.a.p/net_qede_qede_debug.c.o
[1805/3045] Compiling C object drivers/net/qede/base/libqede_base.a.p/ecore_sriov.c.o
[1806/3045] Generating rte_net_pcap.pmd.c with a custom command
[1807/3045] Generating rte_net_netvsc.sym_chk with a meson_exe.py custom command
[1808/3045] Generating rte_net_i40e.sym_chk with a meson_exe.py custom command
[1809/3045] Generating rte_net_octeontx2.pmd.c with a custom command
[1810/3045] Generating rte_net_null.sym_chk with a meson_exe.py custom command
[1811/3045] Generating rte_net_ngbe.sym_chk with a meson_exe.py custom command
[1812/3045] Generating rte_net_pfe.sym_chk with a meson_exe.py custom command
[1813/3045] Generating rte_net_octeontx.sym_chk with a meson_exe.py custom command
[1814/3045] Generating rte_net_nfp.sym_chk with a meson_exe.py custom command
[1815/3045] Generating rte_net_ixgbe.sym_chk with a meson_exe.py custom command
[1816/3045] Generating eal.sym_chk with a meson_exe.py custom command
[1817/3045] Generating rte_common_sfc_efx.sym_chk with a meson_exe.py custom command
[1818/3045] Generating rte_common_cnxk.sym_chk with a meson_exe.py custom command
ninja: build stopped: subcommand failed.
==== End log output ====

Arch Linux
	Kernel: 5.4.0-73-generic
	Compiler: gcc 11.1.0

Ubuntu 18.04
	Kernel: 4.18.0-240.10.1.el8_3.x86_64
	Compiler: gcc 7.5.0-3ubuntu1~18.04

CentOS 8
	Kernel: 4.18.0-240.10.1.el8_3.x86_64
	Compiler: gcc 8.3.1 20191121 (Red Hat 8.3.1-5)

Fedora 32
	Kernel: 4.18.0-240.10.1.el8_3.x86_64
	Compiler: gcc 10.2.1

Fedora 31
	Kernel: 4.18.0-240.10.1.el8_3.x86_64
	Compiler: gcc 9.3.1

CentOS Stream 8
	Kernel: 4.18.0-240.10.1.el8_3.x86_64
	Compiler: gcc 8.4.1 20200928

RHEL 7
	Kernel: 4.18.0-240.10.1.el8_3.x86_64
	Compiler: gcc 4.8.5 20150623 (Red Hat 4.8.5-44)

openSUSE Leap 15
	Kernel: 4.18.0-240.10.1.el8_3.x86_64
	Compiler: gcc 7.5.0

RHEL8
	Kernel: 4.18.0-240.10.1.el8_3.x86_64
	Compiler: gcc 8.3.1 20191121 (Red Hat 8.3.1-5)

Ubuntu 20.04
	Kernel: 4.18.0-240.10.1.el8_3.x86_64
	Compiler: gcc 9.3.0-17ubuntu1~20.04

Fedora 34
	Kernel: 5.4.0-72-generic
	Compiler: gcc 11.1.1 20210428 (Red Hat 11.1.1-1)

Fedora 33
	Kernel: 5.4.0-72-generic
	Compiler: gcc 10.3.1 20210422 (Red Hat 10.3.1-1)

Fedora 34 clang
	Kernel: 5.4.0-72-generic
	Compiler: clang 12.0.0 (Fedora 12.0.0-0.3.rc1.fc34)

To view detailed results, visit:
https://lab.dpdk.org/results/dashboard/patchsets/20342/

UNH-IOL DPDK Community Lab

To manage your email subscriptions, visit: 
https://lab.dpdk.org/results/dashboard/preferences/subscriptions/


More information about the test-report mailing list