|FAILURE| pw104699 [PATCH] net/tap: Bug fix to populate fds in secondary process

dpdklab at iol.unh.edu dpdklab at iol.unh.edu
Thu Nov 25 14:42:51 CET 2021


Test-Label: iol-x86_64-unit-testing
Test-Status: FAILURE
http://dpdk.org/patch/104699

_Testing issues_

Submitter: Kumara Parameshwaran <kumaraparamesh92 at gmail.com>
Date: Thursday, November 25 2021 12:23:05 
DPDK git baseline: Repo:dpdk
  Branch: master
  CommitID:872c6a28075ccae66a31affef7ae3c5e9811affc

104699 --> testing fail

Test environment and result as below:

+------------------+----------------+
|   Environment    | dpdk_unit_test |
+==================+================+
| Ubuntu 18.04     | PASS           |
+------------------+----------------+
| CentOS 8         | PASS           |
+------------------+----------------+
| Arch Linux       | PASS           |
+------------------+----------------+
| CentOS Stream 8  | PASS           |
+------------------+----------------+
| Fedora 32        | PASS           |
+------------------+----------------+
| RHEL 7           | FAIL           |
+------------------+----------------+
| openSUSE Leap 15 | PASS           |
+------------------+----------------+
| RHEL8            | PASS           |
+------------------+----------------+
| Ubuntu 20.04     | PASS           |
+------------------+----------------+
| Fedora 34        | PASS           |
+------------------+----------------+
| Fedora 33        | PASS           |
+------------------+----------------+
| Fedora 31        | PASS           |
+------------------+----------------+
| Fedora 34 clang  | PASS           |
+------------------+----------------+

==== 20 line log output for RHEL 7 (dpdk_unit_test): ====
for (int i=0; i < dev->data->nb_rx_queues; i++) {
^
[1974/3046] Linking static target drivers/libtmp_rte_net_vmxnet3.a
[1975/3046] Compiling C object drivers/libtmp_rte_raw_cnxk_bphy.a.p/raw_cnxk_bphy_cnxk_bphy_irq.c.o
[1976/3046] Generating rte_raw_cnxk_bphy_mingw with a custom command
[1977/3046] Generating rte_raw_cnxk_bphy_def with a custom command
[1978/3046] Generating rte_net_thunderx.pmd.c with a custom command
[1979/3046] Generating rte_net_vdev_netvsc.pmd.c with a custom command
[1980/3046] Generating rte_net_softnic.pmd.c with a custom command
[1981/3046] Generating rte_net_octeontx2.sym_chk with a meson_exe.py custom command
[1982/3046] Generating rte_net_ring.sym_chk with a meson_exe.py custom command
[1983/3046] Generating rte_net_vhost.pmd.c with a custom command
[1984/3046] Generating rte_net_qede.sym_chk with a meson_exe.py custom command
[1985/3046] Generating rte_net_sfc.pmd.c with a custom command
[1986/3046] Generating rte_net_txgbe.pmd.c with a custom command
[1987/3046] Generating eal.sym_chk with a meson_exe.py custom command
[1988/3046] Generating rte_net_virtio.pmd.c with a custom command
[1989/3046] Generating rte_common_sfc_efx.sym_chk with a meson_exe.py custom command
[1990/3046] Generating rte_common_cnxk.sym_chk with a meson_exe.py custom command
ninja: build stopped: subcommand failed.
==== End log output ====

Ubuntu 18.04
	Kernel: 4.18.0-240.10.1.el8_3.x86_64
	Compiler: gcc 7.5.0-3ubuntu1~18.04

CentOS 8
	Kernel: 4.18.0-240.10.1.el8_3.x86_64
	Compiler: gcc 8.3.1 20191121 (Red Hat 8.3.1-5)

Arch Linux
	Kernel: 5.4.0-73-generic
	Compiler: gcc 11.1.0

CentOS Stream 8
	Kernel: 4.18.0-240.10.1.el8_3.x86_64
	Compiler: gcc 8.4.1 20200928

Fedora 32
	Kernel: 4.18.0-240.10.1.el8_3.x86_64
	Compiler: gcc 10.2.1

RHEL 7
	Kernel: 4.18.0-240.10.1.el8_3.x86_64
	Compiler: gcc 4.8.5 20150623 (Red Hat 4.8.5-44)

openSUSE Leap 15
	Kernel: 4.18.0-240.10.1.el8_3.x86_64
	Compiler: gcc 7.5.0

RHEL8
	Kernel: 4.18.0-240.10.1.el8_3.x86_64
	Compiler: gcc 8.3.1 20191121 (Red Hat 8.3.1-5)

Ubuntu 20.04
	Kernel: 4.18.0-240.10.1.el8_3.x86_64
	Compiler: gcc 9.3.0-17ubuntu1~20.04

Fedora 34
	Kernel: 5.4.0-72-generic
	Compiler: gcc 11.1.1 20210428 (Red Hat 11.1.1-1)

Fedora 33
	Kernel: 5.4.0-72-generic
	Compiler: gcc 10.3.1 20210422 (Red Hat 10.3.1-1)

Fedora 31
	Kernel: 4.18.0-240.10.1.el8_3.x86_64
	Compiler: gcc 9.3.1

Fedora 34 clang
	Kernel: 5.4.0-72-generic
	Compiler: clang 12.0.0 (Fedora 12.0.0-0.3.rc1.fc34)

To view detailed results, visit:
https://lab.dpdk.org/results/dashboard/patchsets/20376/

UNH-IOL DPDK Community Lab

To manage your email subscriptions, visit: 
https://lab.dpdk.org/results/dashboard/preferences/subscriptions/


More information about the test-report mailing list