[dpdk-test-report] |FAILURE| pw100409-100410 [PATCH] [v4, 2/2] hash: unify crc32 selection for x86 and Arm
dpdklab at iol.unh.edu
dpdklab at iol.unh.edu
Tue Oct 5 05:15:26 CEST 2021
Test-Label: iol-x86_64-unit-testing
Test-Status: FAILURE
http://dpdk.org/patch/100410
_Testing issues_
Submitter: Pavan Nikhilesh Bhagavatula <pbhagavatula at marvell.com>
Date: Monday, October 04 2021 05:52:55
DPDK git baseline: Repo:dpdk
Branch: master
CommitID:086d426406bd3f6fac96a15bbd871c7fe714bc2d
100409-100410 --> testing fail
Test environment and result as below:
+------------------+----------------+
| Environment | dpdk_unit_test |
+==================+================+
| Arch Linux | PASS |
+------------------+----------------+
| Fedora 31 | PASS |
+------------------+----------------+
| CentOS 8 | PASS |
+------------------+----------------+
| CentOS Stream 8 | PASS |
+------------------+----------------+
| RHEL 7 | FAIL |
+------------------+----------------+
| openSUSE Leap 15 | PASS |
+------------------+----------------+
| Ubuntu 18.04 | PASS |
+------------------+----------------+
| RHEL8 | PASS |
+------------------+----------------+
| Ubuntu 20.04 | PASS |
+------------------+----------------+
| Fedora 32 | PASS |
+------------------+----------------+
| Fedora 33 | PASS |
+------------------+----------------+
| Fedora 34 | PASS |
+------------------+----------------+
| Fedora 34 clang | PASS |
+------------------+----------------+
==== 20 line log output for RHEL 7 (dpdk_unit_test): ====
^
cc1: all warnings being treated as errors
[1400/2904] Compiling C object drivers/librte_net_iavf.a.p/meson-generated_.._rte_net_iavf.pmd.c.o
[1401/2904] Compiling C object drivers/libtmp_rte_net_ionic.a.p/net_ionic_ionic_mac_api.c.o
[1402/2904] Linking static target drivers/libtmp_rte_net_igc.a
[1403/2904] Compiling C object drivers/libtmp_rte_net_ionic.a.p/net_ionic_ionic_lif.c.o
[1404/2904] Compiling C object drivers/libtmp_rte_net_ionic.a.p/net_ionic_ionic_dev.c.o
[1405/2904] Generating rte_net_hinic.sym_chk with a meson_exe.py custom command
[1406/2904] Generating rte_net_hns3.pmd.c with a custom command
[1407/2904] Compiling C object drivers/libtmp_rte_net_ionic.a.p/net_ionic_ionic_rx_filter.c.o
[1408/2904] Compiling C object drivers/libtmp_rte_net_ionic.a.p/net_ionic_ionic_main.c.o
[1409/2904] Generating rte_bus_fslmc.sym_chk with a meson_exe.py custom command
[1410/2904] Compiling C object drivers/libtmp_rte_net_i40e.a.p/net_i40e_i40e_fdir.c.o
[1411/2904] Compiling C object drivers/libtmp_rte_net_ice.a.p/net_ice_ice_fdir_filter.c.o
[1412/2904] Generating rte_common_mlx5.sym_chk with a meson_exe.py custom command
[1413/2904] Generating eal.sym_chk with a meson_exe.py custom command
[1414/2904] Compiling C object drivers/libtmp_rte_net_i40e.a.p/net_i40e_i40e_ethdev.c.o
[1415/2904] Generating rte_common_sfc_efx.sym_chk with a meson_exe.py custom command
[1416/2904] Generating rte_common_cnxk.sym_chk with a meson_exe.py custom command
ninja: build stopped: subcommand failed.
==== End log output ====
Arch Linux
Kernel: 5.4.0-73-generic
Compiler: gcc 11.1.0
Fedora 31
Kernel: 4.18.0-240.10.1.el8_3.x86_64
Compiler: gcc 9.3.1
CentOS 8
Kernel: 4.18.0-240.10.1.el8_3.x86_64
Compiler: gcc 8.3.1 20191121 (Red Hat 8.3.1-5)
CentOS Stream 8
Kernel: 4.18.0-240.10.1.el8_3.x86_64
Compiler: gcc 8.4.1 20200928
RHEL 7
Kernel: 4.18.0-240.10.1.el8_3.x86_64
Compiler: gcc 4.8.5 20150623 (Red Hat 4.8.5-44)
openSUSE Leap 15
Kernel: 4.18.0-240.10.1.el8_3.x86_64
Compiler: gcc 7.5.0
Ubuntu 18.04
Kernel: 4.18.0-240.10.1.el8_3.x86_64
Compiler: gcc 7.5.0-3ubuntu1~18.04
RHEL8
Kernel: 4.18.0-240.10.1.el8_3.x86_64
Compiler: gcc 8.3.1 20191121 (Red Hat 8.3.1-5)
Ubuntu 20.04
Kernel: 4.18.0-240.10.1.el8_3.x86_64
Compiler: gcc 9.3.0-17ubuntu1~20.04
Fedora 32
Kernel: 4.18.0-240.10.1.el8_3.x86_64
Compiler: gcc 10.2.1
Fedora 33
Kernel: 5.4.0-72-generic
Compiler: gcc 10.3.1 20210422 (Red Hat 10.3.1-1)
Fedora 34
Kernel: 5.4.0-72-generic
Compiler: gcc 11.1.1 20210428 (Red Hat 11.1.1-1)
Fedora 34 clang
Kernel: 5.4.0-72-generic
Compiler: clang 12.0.0 (Fedora 12.0.0-0.3.rc1.fc34)
To view detailed results, visit:
https://lab.dpdk.org/results/dashboard/patchsets/19138/
UNH-IOL DPDK Community Lab
To manage your email subscriptions, visit:
https://lab.dpdk.org/results/dashboard/preferences/subscriptions/
More information about the test-report
mailing list