[dpdk-test-report] |FAILURE| pw100396-100398 [PATCH] [v4, 3/3] examples/l3fwd: use reserved addresses for EM mode
dpdklab at iol.unh.edu
dpdklab at iol.unh.edu
Tue Oct 5 05:33:45 CEST 2021
Test-Label: iol-x86_64-unit-testing
Test-Status: FAILURE
http://dpdk.org/patch/100398
_Testing issues_
Submitter: Pavan Nikhilesh Bhagavatula <pbhagavatula at marvell.com>
Date: Sunday, October 03 2021 20:24:47
DPDK git baseline: Repo:dpdk
Branch: master
CommitID:086d426406bd3f6fac96a15bbd871c7fe714bc2d
100396-100398 --> testing fail
Test environment and result as below:
+------------------+----------------+
| Environment | dpdk_unit_test |
+==================+================+
| Arch Linux | PASS |
+------------------+----------------+
| CentOS 8 | PASS |
+------------------+----------------+
| Ubuntu 18.04 | PASS |
+------------------+----------------+
| Fedora 31 | PASS |
+------------------+----------------+
| RHEL 7 | FAIL |
+------------------+----------------+
| Fedora 32 | PASS |
+------------------+----------------+
| Ubuntu 20.04 | PASS |
+------------------+----------------+
| Fedora 34 | PASS |
+------------------+----------------+
| CentOS Stream 8 | PASS |
+------------------+----------------+
| RHEL8 | PASS |
+------------------+----------------+
| openSUSE Leap 15 | PASS |
+------------------+----------------+
| Fedora 34 clang | PASS |
+------------------+----------------+
| Fedora 33 | PASS |
+------------------+----------------+
==== 20 line log output for RHEL 7 (dpdk_unit_test): ====
^
cc1: all warnings being treated as errors
[1410/2904] Linking static target drivers/libtmp_rte_net_igc.a
[1411/2904] Compiling C object drivers/libtmp_rte_net_ionic.a.p/net_ionic_ionic_lif.c.o
[1412/2904] Compiling C object drivers/libtmp_rte_net_ionic.a.p/net_ionic_ionic_ethdev.c.o
[1413/2904] Linking static target drivers/librte_net_i40e.a
[1414/2904] Compiling C object drivers/libtmp_rte_net_ionic.a.p/net_ionic_ionic_mac_api.c.o
[1415/2904] Generating rte_net_igc_mingw with a custom command
[1416/2904] Generating rte_net_hinic.sym_chk with a meson_exe.py custom command
[1417/2904] Generating pipeline.sym_chk with a meson_exe.py custom command
[1418/2904] Generating rte_net_hns3.sym_chk with a meson_exe.py custom command
[1419/2904] Generating rte_net_ice.pmd.c with a custom command
[1420/2904] Generating rte_bus_dpaa.sym_chk with a meson_exe.py custom command
[1421/2904] Generating rte_bus_fslmc.sym_chk with a meson_exe.py custom command
[1422/2904] Generating rte_net_iavf.sym_chk with a meson_exe.py custom command
[1423/2904] Generating rte_common_mlx5.sym_chk with a meson_exe.py custom command
[1424/2904] Generating eal.sym_chk with a meson_exe.py custom command
[1425/2904] Generating rte_common_sfc_efx.sym_chk with a meson_exe.py custom command
[1426/2904] Generating rte_common_cnxk.sym_chk with a meson_exe.py custom command
ninja: build stopped: subcommand failed.
==== End log output ====
Arch Linux
Kernel: 5.4.0-73-generic
Compiler: gcc 11.1.0
CentOS 8
Kernel: 4.18.0-240.10.1.el8_3.x86_64
Compiler: gcc 8.3.1 20191121 (Red Hat 8.3.1-5)
Ubuntu 18.04
Kernel: 4.18.0-240.10.1.el8_3.x86_64
Compiler: gcc 7.5.0-3ubuntu1~18.04
Fedora 31
Kernel: 4.18.0-240.10.1.el8_3.x86_64
Compiler: gcc 9.3.1
RHEL 7
Kernel: 4.18.0-240.10.1.el8_3.x86_64
Compiler: gcc 4.8.5 20150623 (Red Hat 4.8.5-44)
Fedora 32
Kernel: 4.18.0-240.10.1.el8_3.x86_64
Compiler: gcc 10.2.1
Ubuntu 20.04
Kernel: 4.18.0-240.10.1.el8_3.x86_64
Compiler: gcc 9.3.0-17ubuntu1~20.04
Fedora 34
Kernel: 5.4.0-72-generic
Compiler: gcc 11.1.1 20210428 (Red Hat 11.1.1-1)
CentOS Stream 8
Kernel: 4.18.0-240.10.1.el8_3.x86_64
Compiler: gcc 8.4.1 20200928
RHEL8
Kernel: 4.18.0-240.10.1.el8_3.x86_64
Compiler: gcc 8.3.1 20191121 (Red Hat 8.3.1-5)
openSUSE Leap 15
Kernel: 4.18.0-240.10.1.el8_3.x86_64
Compiler: gcc 7.5.0
Fedora 34 clang
Kernel: 5.4.0-72-generic
Compiler: clang 12.0.0 (Fedora 12.0.0-0.3.rc1.fc34)
Fedora 33
Kernel: 5.4.0-72-generic
Compiler: gcc 10.3.1 20210422 (Red Hat 10.3.1-1)
To view detailed results, visit:
https://lab.dpdk.org/results/dashboard/patchsets/19134/
UNH-IOL DPDK Community Lab
To manage your email subscriptions, visit:
https://lab.dpdk.org/results/dashboard/preferences/subscriptions/
More information about the test-report
mailing list