[dpdk-test-report] |FAILURE| pw100328-100337 [PATCH] [v2, 10/10] doc: update release note
dpdklab at iol.unh.edu
dpdklab at iol.unh.edu
Tue Oct 5 10:22:17 CEST 2021
Test-Label: iol-x86_64-compile-testing
Test-Status: FAILURE
http://dpdk.org/patch/100337
_Testing issues_
Submitter: Fan Zhang <roy.fan.zhang at intel.com>
Date: Friday, October 01 2021 16:59:54
DPDK git baseline: Repo:dpdk
Branch: master
CommitID:086d426406bd3f6fac96a15bbd871c7fe714bc2d
100328-100337 --> testing fail
Test environment and result as below:
+---------------------+--------------------+-------------------+----------------------+
| Environment | dpdk_meson_compile | dpdk_compile_spdk | dpdk_mingw64_compile |
+=====================+====================+===================+======================+
| Windows Server 2019 | PASS | SKIPPED | PASS |
+---------------------+--------------------+-------------------+----------------------+
| FreeBSD 13 | PASS | SKIPPED | SKIPPED |
+---------------------+--------------------+-------------------+----------------------+
| Fedora 31 | PASS | SKIPPED | SKIPPED |
+---------------------+--------------------+-------------------+----------------------+
| CentOS 8 | PASS | SKIPPED | SKIPPED |
+---------------------+--------------------+-------------------+----------------------+
| RHEL 7 | FAIL | SKIPPED | SKIPPED |
+---------------------+--------------------+-------------------+----------------------+
| Ubuntu 20.04 | PASS | SKIPPED | SKIPPED |
+---------------------+--------------------+-------------------+----------------------+
| Fedora 32 | PASS | SKIPPED | SKIPPED |
+---------------------+--------------------+-------------------+----------------------+
| RHEL8 | PASS | SKIPPED | SKIPPED |
+---------------------+--------------------+-------------------+----------------------+
| Ubuntu 18.04 | PASS | PASS | SKIPPED |
+---------------------+--------------------+-------------------+----------------------+
| openSUSE Leap 15 | PASS | SKIPPED | SKIPPED |
+---------------------+--------------------+-------------------+----------------------+
| Fedora 34 | PASS | SKIPPED | SKIPPED |
+---------------------+--------------------+-------------------+----------------------+
| Arch Linux | PASS | SKIPPED | SKIPPED |
+---------------------+--------------------+-------------------+----------------------+
| Alpine | PASS | SKIPPED | SKIPPED |
+---------------------+--------------------+-------------------+----------------------+
| CentOS Stream 8 | PASS | SKIPPED | SKIPPED |
+---------------------+--------------------+-------------------+----------------------+
| Fedora 33 | PASS | SKIPPED | SKIPPED |
+---------------------+--------------------+-------------------+----------------------+
| Fedora 34 clang | PASS | SKIPPED | SKIPPED |
+---------------------+--------------------+-------------------+----------------------+
==== 20 line log output for RHEL 7 (dpdk_meson_compile): ====
^
cc1: all warnings being treated as errors
[1413/2917] Linking static target drivers/net/igc/base/libigc_base.a
[1414/2917] Generating rte_net_igc_mingw with a custom command
[1415/2917] Generating rte_net_fm10k.sym_chk with a meson_exe.py custom command
[1416/2917] Compiling C object drivers/libtmp_rte_net_ionic.a.p/net_ionic_ionic_ethdev.c.o
[1417/2917] Linking static target drivers/libtmp_rte_net_igc.a
[1418/2917] Generating rte_net_iavf.pmd.c with a custom command
[1419/2917] Generating rte_net_i40e.pmd.c with a custom command
[1420/2917] Compiling C object drivers/libtmp_rte_net_ionic.a.p/net_ionic_ionic_mac_api.c.o
[1421/2917] Generating rte_net_hinic.sym_chk with a meson_exe.py custom command
[1422/2917] Compiling C object drivers/libtmp_rte_net_ionic.a.p/net_ionic_ionic_main.c.o
[1423/2917] Generating rte_net_ice.pmd.c with a custom command
[1424/2917] Generating rte_net_hns3.sym_chk with a meson_exe.py custom command
[1425/2917] Compiling C object drivers/libtmp_rte_net_ionic.a.p/net_ionic_ionic_lif.c.o
[1426/2917] Generating rte_common_mlx5.sym_chk with a meson_exe.py custom command
[1427/2917] Generating eal.sym_chk with a meson_exe.py custom command
[1428/2917] Generating rte_common_sfc_efx.sym_chk with a meson_exe.py custom command
[1429/2917] Generating rte_common_cnxk.sym_chk with a meson_exe.py custom command
ninja: build stopped: subcommand failed.
==== End log output ====
Windows Server 2019
Kernel: 10.0
Compiler: clang 9.0 and gcc 8.1.0 (MinGW)
FreeBSD 13
Kernel: 13.0
Compiler: clang 11.0.1
Fedora 31
Kernel: 4.18.0-240.10.1.el8_3.x86_64
Compiler: gcc 9.3.1
CentOS 8
Kernel: 4.18.0-240.10.1.el8_3.x86_64
Compiler: gcc 8.3.1 20191121 (Red Hat 8.3.1-5)
RHEL 7
Kernel: 4.18.0-240.10.1.el8_3.x86_64
Compiler: gcc 4.8.5 20150623 (Red Hat 4.8.5-44)
Ubuntu 20.04
Kernel: 4.18.0-240.10.1.el8_3.x86_64
Compiler: gcc 9.3.0-17ubuntu1~20.04
Fedora 32
Kernel: 4.18.0-240.10.1.el8_3.x86_64
Compiler: gcc 10.2.1
RHEL8
Kernel: 4.18.0-240.10.1.el8_3.x86_64
Compiler: gcc 8.3.1 20191121 (Red Hat 8.3.1-5)
Ubuntu 18.04
Kernel: 4.18.0-240.10.1.el8_3.x86_64
Compiler: gcc 7.5.0-3ubuntu1~18.04
openSUSE Leap 15
Kernel: 4.18.0-240.10.1.el8_3.x86_64
Compiler: gcc 7.5.0
Fedora 34
Kernel: 5.4.0-72-generic
Compiler: gcc 11.1.1 20210428 (Red Hat 11.1.1-1)
Arch Linux
Kernel: 5.4.0-73-generic
Compiler: gcc 11.1.0
Alpine
Kernel: 5.4.0-73-generic
Compiler: gcc (Alpine 10.3.1_git20210424) 10.3.1 20210424
CentOS Stream 8
Kernel: 4.18.0-240.10.1.el8_3.x86_64
Compiler: gcc 8.4.1 20200928
Fedora 33
Kernel: 5.4.0-72-generic
Compiler: gcc 10.3.1 20210422 (Red Hat 10.3.1-1)
Fedora 34 clang
Kernel: 5.4.0-72-generic
Compiler: clang 12.0.0 (Fedora 12.0.0-0.3.rc1.fc34)
To view detailed results, visit:
https://lab.dpdk.org/results/dashboard/patchsets/19119/
UNH-IOL DPDK Community Lab
To manage your email subscriptions, visit:
https://lab.dpdk.org/results/dashboard/preferences/subscriptions/
More information about the test-report
mailing list