[dpdk-test-report] |FAILURE| pw100194-100202 [PATCH] [9/9] net/bnxt: increase scaling numbers on Thor
dpdklab at iol.unh.edu
dpdklab at iol.unh.edu
Tue Oct 5 14:50:15 CEST 2021
Test-Label: iol-x86_64-unit-testing
Test-Status: FAILURE
http://dpdk.org/patch/100202
_Testing issues_
Submitter: Venkat Duvvuru <venkatkumar.duvvuru at broadcom.com>
Date: Friday, October 01 2021 05:59:09
DPDK git baseline: Repo:dpdk
Branch: master
CommitID:086d426406bd3f6fac96a15bbd871c7fe714bc2d
100194-100202 --> testing fail
Test environment and result as below:
+------------------+----------------+
| Environment | dpdk_unit_test |
+==================+================+
| Ubuntu 18.04 | PASS |
+------------------+----------------+
| Arch Linux | PASS |
+------------------+----------------+
| CentOS 8 | PASS |
+------------------+----------------+
| CentOS Stream 8 | PASS |
+------------------+----------------+
| Fedora 31 | PASS |
+------------------+----------------+
| Fedora 32 | PASS |
+------------------+----------------+
| RHEL8 | PASS |
+------------------+----------------+
| Ubuntu 20.04 | PASS |
+------------------+----------------+
| openSUSE Leap 15 | PASS |
+------------------+----------------+
| RHEL 7 | FAIL |
+------------------+----------------+
| Fedora 33 | PASS |
+------------------+----------------+
| Fedora 34 | PASS |
+------------------+----------------+
| Fedora 34 clang | PASS |
+------------------+----------------+
==== 20 line log output for RHEL 7 (dpdk_unit_test): ====
^
cc1: all warnings being treated as errors
[1418/2904] Compiling C object drivers/net/ixgbe/base/libixgbe_base.a.p/ixgbe_dcb_82599.c.o
[1419/2904] Compiling C object drivers/net/ixgbe/base/libixgbe_base.a.p/ixgbe_82599.c.o
[1420/2904] Compiling C object drivers/net/ixgbe/base/libixgbe_base.a.p/ixgbe_dcb_82598.c.o
[1421/2904] Compiling C object drivers/net/ixgbe/base/libixgbe_base.a.p/ixgbe_common.c.o
[1422/2904] Compiling C object drivers/net/ixgbe/base/libixgbe_base.a.p/ixgbe_dcb.c.o
[1423/2904] Linking static target drivers/libtmp_rte_net_ionic.a
[1424/2904] Generating rte_net_hinic.sym_chk with a meson_exe.py custom command
[1425/2904] Generating rte_net_i40e.pmd.c with a custom command
[1426/2904] Generating rte_net_iavf.pmd.c with a custom command
[1427/2904] Generating rte_net_igc.pmd.c with a custom command
[1428/2904] Generating rte_net_ice.pmd.c with a custom command
[1429/2904] Generating rte_net_bnxt.sym_chk with a meson_exe.py custom command
[1430/2904] Generating rte_net_hns3.sym_chk with a meson_exe.py custom command
[1431/2904] Generating rte_common_mlx5.sym_chk with a meson_exe.py custom command
[1432/2904] Generating eal.sym_chk with a meson_exe.py custom command
[1433/2904] Generating rte_common_sfc_efx.sym_chk with a meson_exe.py custom command
[1434/2904] Generating rte_common_cnxk.sym_chk with a meson_exe.py custom command
ninja: build stopped: subcommand failed.
==== End log output ====
Ubuntu 18.04
Kernel: 4.18.0-240.10.1.el8_3.x86_64
Compiler: gcc 7.5.0-3ubuntu1~18.04
Arch Linux
Kernel: 5.4.0-73-generic
Compiler: gcc 11.1.0
CentOS 8
Kernel: 4.18.0-240.10.1.el8_3.x86_64
Compiler: gcc 8.3.1 20191121 (Red Hat 8.3.1-5)
CentOS Stream 8
Kernel: 4.18.0-240.10.1.el8_3.x86_64
Compiler: gcc 8.4.1 20200928
Fedora 31
Kernel: 4.18.0-240.10.1.el8_3.x86_64
Compiler: gcc 9.3.1
Fedora 32
Kernel: 4.18.0-240.10.1.el8_3.x86_64
Compiler: gcc 10.2.1
RHEL8
Kernel: 4.18.0-240.10.1.el8_3.x86_64
Compiler: gcc 8.3.1 20191121 (Red Hat 8.3.1-5)
Ubuntu 20.04
Kernel: 4.18.0-240.10.1.el8_3.x86_64
Compiler: gcc 9.3.0-17ubuntu1~20.04
openSUSE Leap 15
Kernel: 4.18.0-240.10.1.el8_3.x86_64
Compiler: gcc 7.5.0
RHEL 7
Kernel: 4.18.0-240.10.1.el8_3.x86_64
Compiler: gcc 4.8.5 20150623 (Red Hat 4.8.5-44)
Fedora 33
Kernel: 5.4.0-72-generic
Compiler: gcc 10.3.1 20210422 (Red Hat 10.3.1-1)
Fedora 34
Kernel: 5.4.0-72-generic
Compiler: gcc 11.1.1 20210428 (Red Hat 11.1.1-1)
Fedora 34 clang
Kernel: 5.4.0-72-generic
Compiler: clang 12.0.0 (Fedora 12.0.0-0.3.rc1.fc34)
To view detailed results, visit:
https://lab.dpdk.org/results/dashboard/patchsets/19103/
UNH-IOL DPDK Community Lab
To manage your email subscriptions, visit:
https://lab.dpdk.org/results/dashboard/preferences/subscriptions/
More information about the test-report
mailing list