[dpdk-test-report] |FAILURE| pw100019 [PATCH] [v2] bus/vmbus: map to the correct ring buffer addresses for the secondary process

dpdklab at iol.unh.edu dpdklab at iol.unh.edu
Tue Oct 5 22:52:00 CEST 2021


Test-Label: iol-x86_64-unit-testing
Test-Status: FAILURE
http://dpdk.org/patch/100019

_Testing issues_

Submitter: Long Li <longli at linuxonhyperv.com>
Date: Wednesday, September 29 2021 20:46:10 
DPDK git baseline: Repo:dpdk
  Branch: master
  CommitID:086d426406bd3f6fac96a15bbd871c7fe714bc2d

100019 --> testing fail

Test environment and result as below:

+------------------+----------------+
|   Environment    | dpdk_unit_test |
+==================+================+
| Ubuntu 18.04     | PASS           |
+------------------+----------------+
| Arch Linux       | PASS           |
+------------------+----------------+
| CentOS 8         | PASS           |
+------------------+----------------+
| CentOS Stream 8  | PASS           |
+------------------+----------------+
| Fedora 31        | PASS           |
+------------------+----------------+
| RHEL 7           | FAIL           |
+------------------+----------------+
| Fedora 32        | PASS           |
+------------------+----------------+
| openSUSE Leap 15 | PASS           |
+------------------+----------------+
| RHEL8            | PASS           |
+------------------+----------------+
| Fedora 34        | PASS           |
+------------------+----------------+
| Fedora 33        | PASS           |
+------------------+----------------+
| Ubuntu 20.04     | PASS           |
+------------------+----------------+
| Fedora 34 clang  | PASS           |
+------------------+----------------+

==== 20 line log output for RHEL 7 (dpdk_unit_test): ====
^
cc1: all warnings being treated as errors
[1398/2904] Generating rte_net_igc_def with a custom command
[1399/2904] Generating rte_net_iavf.pmd.c with a custom command
[1400/2904] Generating rte_net_i40e.pmd.c with a custom command
[1401/2904] Generating rte_net_fm10k.sym_chk with a meson_exe.py custom command
[1402/2904] Compiling C object drivers/libtmp_rte_net_igc.a.p/net_igc_igc_filter.c.o
[1403/2904] Generating rte_net_hinic.sym_chk with a meson_exe.py custom command
[1404/2904] Generating rte_net_ice.pmd.c with a custom command
[1405/2904] Compiling C object drivers/libtmp_rte_net_igc.a.p/net_igc_igc_flow.c.o
[1406/2904] Generating rte_bus_dpaa.sym_chk with a meson_exe.py custom command
[1407/2904] Generating rte_net_hns3.sym_chk with a meson_exe.py custom command
[1408/2904] Generating rte_bus_fslmc.sym_chk with a meson_exe.py custom command
[1409/2904] Compiling C object drivers/libtmp_rte_net_igc.a.p/net_igc_igc_ethdev.c.o
[1410/2904] Compiling C object drivers/libtmp_rte_net_igc.a.p/net_igc_igc_txrx.c.o
[1411/2904] Generating rte_common_mlx5.sym_chk with a meson_exe.py custom command
[1412/2904] Generating eal.sym_chk with a meson_exe.py custom command
[1413/2904] Generating rte_common_sfc_efx.sym_chk with a meson_exe.py custom command
[1414/2904] Generating rte_common_cnxk.sym_chk with a meson_exe.py custom command
ninja: build stopped: subcommand failed.
==== End log output ====

Ubuntu 18.04
	Kernel: 4.18.0-240.10.1.el8_3.x86_64
	Compiler: gcc 7.5.0-3ubuntu1~18.04

Arch Linux
	Kernel: 5.4.0-73-generic
	Compiler: gcc 11.1.0

CentOS 8
	Kernel: 4.18.0-240.10.1.el8_3.x86_64
	Compiler: gcc 8.3.1 20191121 (Red Hat 8.3.1-5)

CentOS Stream 8
	Kernel: 4.18.0-240.10.1.el8_3.x86_64
	Compiler: gcc 8.4.1 20200928

Fedora 31
	Kernel: 4.18.0-240.10.1.el8_3.x86_64
	Compiler: gcc 9.3.1

RHEL 7
	Kernel: 4.18.0-240.10.1.el8_3.x86_64
	Compiler: gcc 4.8.5 20150623 (Red Hat 4.8.5-44)

Fedora 32
	Kernel: 4.18.0-240.10.1.el8_3.x86_64
	Compiler: gcc 10.2.1

openSUSE Leap 15
	Kernel: 4.18.0-240.10.1.el8_3.x86_64
	Compiler: gcc 7.5.0

RHEL8
	Kernel: 4.18.0-240.10.1.el8_3.x86_64
	Compiler: gcc 8.3.1 20191121 (Red Hat 8.3.1-5)

Fedora 34
	Kernel: 5.4.0-72-generic
	Compiler: gcc 11.1.1 20210428 (Red Hat 11.1.1-1)

Fedora 33
	Kernel: 5.4.0-72-generic
	Compiler: gcc 10.3.1 20210422 (Red Hat 10.3.1-1)

Ubuntu 20.04
	Kernel: 4.18.0-240.10.1.el8_3.x86_64
	Compiler: gcc 9.3.0-17ubuntu1~20.04

Fedora 34 clang
	Kernel: 5.4.0-72-generic
	Compiler: clang 12.0.0 (Fedora 12.0.0-0.3.rc1.fc34)

To view detailed results, visit:
https://lab.dpdk.org/results/dashboard/patchsets/19061/

UNH-IOL DPDK Community Lab

To manage your email subscriptions, visit: 
https://lab.dpdk.org/results/dashboard/preferences/subscriptions/


More information about the test-report mailing list