[dpdk-test-report] |FAILURE| pw99953-99955 [PATCH] [v2, 3/3] test/crypto: add UDP encapsulation ports verification tests
dpdklab at iol.unh.edu
dpdklab at iol.unh.edu
Wed Oct 6 05:09:58 CEST 2021
Test-Label: iol-x86_64-unit-testing
Test-Status: FAILURE
http://dpdk.org/patch/99955
_Testing issues_
Submitter: Tejasree Kondoj <ktejasree at marvell.com>
Date: Wednesday, September 29 2021 03:25:14
DPDK git baseline: Repo:dpdk
Branch: master
CommitID:086d426406bd3f6fac96a15bbd871c7fe714bc2d
99953-99955 --> testing fail
Test environment and result as below:
+------------------+----------------+
| Environment | dpdk_unit_test |
+==================+================+
| Ubuntu 18.04 | PASS |
+------------------+----------------+
| CentOS 8 | PASS |
+------------------+----------------+
| Arch Linux | PASS |
+------------------+----------------+
| Fedora 31 | PASS |
+------------------+----------------+
| CentOS Stream 8 | PASS |
+------------------+----------------+
| openSUSE Leap 15 | PASS |
+------------------+----------------+
| RHEL 7 | FAIL |
+------------------+----------------+
| Fedora 32 | PASS |
+------------------+----------------+
| Ubuntu 20.04 | PASS |
+------------------+----------------+
| RHEL8 | PASS |
+------------------+----------------+
| Fedora 34 | PASS |
+------------------+----------------+
| Fedora 33 | PASS |
+------------------+----------------+
| Fedora 34 clang | PASS |
+------------------+----------------+
==== 20 line log output for RHEL 7 (dpdk_unit_test): ====
^
cc1: all warnings being treated as errors
[1426/2904] Compiling C object drivers/librte_net_hns3.so.22.0.p/meson-generated_.._rte_net_hns3.pmd.c.o
[1427/2904] Compiling C object drivers/librte_net_hns3.a.p/meson-generated_.._rte_net_hns3.pmd.c.o
[1428/2904] Generating rte_net_iavf.pmd.c with a custom command
[1429/2904] Generating rte_net_i40e.pmd.c with a custom command
[1430/2904] Compiling C object drivers/libtmp_rte_net_ixgbe.a.p/net_ixgbe_ixgbe_82599_bypass.c.o
[1431/2904] Generating rte_net_igc.pmd.c with a custom command
[1432/2904] Generating rte_net_ionic.pmd.c with a custom command
[1433/2904] Compiling C object drivers/net/ixgbe/base/libixgbe_base.a.p/ixgbe_x540.c.o
[1434/2904] Generating rte_net_ice.pmd.c with a custom command
[1435/2904] Compiling C object drivers/libtmp_rte_net_ixgbe.a.p/net_ixgbe_ixgbe_bypass.c.o
[1436/2904] Generating rte_net_hinic.sym_chk with a meson_exe.py custom command
[1437/2904] Compiling C object drivers/net/ixgbe/base/libixgbe_base.a.p/ixgbe_x550.c.o
[1438/2904] Generating rte_common_mlx5.sym_chk with a meson_exe.py custom command
[1439/2904] Generating eal.sym_chk with a meson_exe.py custom command
[1440/2904] Compiling C object drivers/libtmp_rte_net_ixgbe.a.p/net_ixgbe_ixgbe_ethdev.c.o
[1441/2904] Generating rte_common_sfc_efx.sym_chk with a meson_exe.py custom command
[1442/2904] Generating rte_common_cnxk.sym_chk with a meson_exe.py custom command
ninja: build stopped: subcommand failed.
==== End log output ====
Ubuntu 18.04
Kernel: 4.18.0-240.10.1.el8_3.x86_64
Compiler: gcc 7.5.0-3ubuntu1~18.04
CentOS 8
Kernel: 4.18.0-240.10.1.el8_3.x86_64
Compiler: gcc 8.3.1 20191121 (Red Hat 8.3.1-5)
Arch Linux
Kernel: 5.4.0-73-generic
Compiler: gcc 11.1.0
Fedora 31
Kernel: 4.18.0-240.10.1.el8_3.x86_64
Compiler: gcc 9.3.1
CentOS Stream 8
Kernel: 4.18.0-240.10.1.el8_3.x86_64
Compiler: gcc 8.4.1 20200928
openSUSE Leap 15
Kernel: 4.18.0-240.10.1.el8_3.x86_64
Compiler: gcc 7.5.0
RHEL 7
Kernel: 4.18.0-240.10.1.el8_3.x86_64
Compiler: gcc 4.8.5 20150623 (Red Hat 4.8.5-44)
Fedora 32
Kernel: 4.18.0-240.10.1.el8_3.x86_64
Compiler: gcc 10.2.1
Ubuntu 20.04
Kernel: 4.18.0-240.10.1.el8_3.x86_64
Compiler: gcc 9.3.0-17ubuntu1~20.04
RHEL8
Kernel: 4.18.0-240.10.1.el8_3.x86_64
Compiler: gcc 8.3.1 20191121 (Red Hat 8.3.1-5)
Fedora 34
Kernel: 5.4.0-72-generic
Compiler: gcc 11.1.1 20210428 (Red Hat 11.1.1-1)
Fedora 33
Kernel: 5.4.0-72-generic
Compiler: gcc 10.3.1 20210422 (Red Hat 10.3.1-1)
Fedora 34 clang
Kernel: 5.4.0-72-generic
Compiler: clang 12.0.0 (Fedora 12.0.0-0.3.rc1.fc34)
To view detailed results, visit:
https://lab.dpdk.org/results/dashboard/patchsets/19036/
UNH-IOL DPDK Community Lab
To manage your email subscriptions, visit:
https://lab.dpdk.org/results/dashboard/preferences/subscriptions/
More information about the test-report
mailing list