[dpdk-test-report] |FAILURE| pw99818-99828 [PATCH] [11/11] net/netvsc: add meson support for FreeBSD
dpdklab at iol.unh.edu
dpdklab at iol.unh.edu
Wed Oct 6 15:30:08 CEST 2021
Test-Label: iol-x86_64-compile-testing
Test-Status: FAILURE
http://dpdk.org/patch/99828
_Testing issues_
Submitter: Srikanth K <srikanth.k at oneconvergence.com>
Date: Monday, September 27 2021 13:42:31
DPDK git baseline: Repo:dpdk
Branch: master
CommitID:2700326085033fd13339a8de31f58a95d1ee9c3f
99818-99828 --> testing fail
Test environment and result as below:
+---------------------+----------------------+-------------------+--------------------+
| Environment | dpdk_mingw64_compile | dpdk_compile_spdk | dpdk_meson_compile |
+=====================+======================+===================+====================+
| Windows Server 2019 | FAIL | SKIPPED | FAIL |
+---------------------+----------------------+-------------------+--------------------+
| Ubuntu 18.04 | SKIPPED | PASS | PASS |
+---------------------+----------------------+-------------------+--------------------+
| Fedora 31 | SKIPPED | SKIPPED | PASS |
+---------------------+----------------------+-------------------+--------------------+
| FreeBSD 13 | SKIPPED | SKIPPED | PASS |
+---------------------+----------------------+-------------------+--------------------+
| openSUSE Leap 15 | SKIPPED | SKIPPED | PASS |
+---------------------+----------------------+-------------------+--------------------+
| Ubuntu 20.04 | SKIPPED | SKIPPED | PASS |
+---------------------+----------------------+-------------------+--------------------+
| Fedora 32 | SKIPPED | SKIPPED | PASS |
+---------------------+----------------------+-------------------+--------------------+
| CentOS Stream 8 | SKIPPED | SKIPPED | PASS |
+---------------------+----------------------+-------------------+--------------------+
| CentOS 8 | SKIPPED | SKIPPED | PASS |
+---------------------+----------------------+-------------------+--------------------+
| Arch Linux | SKIPPED | SKIPPED | PASS |
+---------------------+----------------------+-------------------+--------------------+
| Fedora 34 | SKIPPED | SKIPPED | PASS |
+---------------------+----------------------+-------------------+--------------------+
| Alpine | SKIPPED | SKIPPED | PASS |
+---------------------+----------------------+-------------------+--------------------+
| Fedora 33 | SKIPPED | SKIPPED | PASS |
+---------------------+----------------------+-------------------+--------------------+
| RHEL8 | SKIPPED | SKIPPED | PASS |
+---------------------+----------------------+-------------------+--------------------+
| RHEL 7 | SKIPPED | SKIPPED | PASS |
+---------------------+----------------------+-------------------+--------------------+
| Fedora 34 clang | SKIPPED | SKIPPED | PASS |
+---------------------+----------------------+-------------------+--------------------+
==== 20 line log output for Windows Server 2019 (dpdk_meson_compile): ====
Compiler for C supports arguments -Wno-unused-variable: YES (cached)
Compiler for C supports arguments -Wno-unused-parameter: YES (cached)
Fetching value of define "__AVX2__" : 1 (cached)
Fetching value of define "__AVX512F__" : 1 (cached)
Fetching value of define "__AVX512BW__" : 1 (cached)
Compiler for C supports arguments -mavx512f: YES (cached)
Compiler for C supports arguments -mavx512bw: YES (cached)
Compiler for C supports arguments -march=skylake-avx512: YES (cached)
Message: drivers/net/ice: Defining dependency "net_ice"
Compiler for C supports arguments -std=c11: YES (cached)
Compiler for C supports arguments -Wno-strict-prototypes: YES (cached)
Compiler for C supports arguments -D_BSD_SOURCE: YES (cached)
Compiler for C supports arguments -D_DEFAULT_SOURCE: YES (cached)
Compiler for C supports arguments -D_XOPEN_SOURCE=600: YES (cached)
Message: drivers/net/mlx5: Defining dependency "net_mlx5"
drivers\net\netvsc\meson.build:4:0: ERROR: Include dir windows does not exist.
A full log can be found at C:\Users\builder\jenkins\workspace\Windows-Compile-DPDK-Meson\dpdk\build\meson-logs\meson-log.txt
[1] Error running command.
==== End log output ====
Windows Server 2019
Kernel: 10.0
Compiler: clang 9.0 and gcc 8.1.0 (MinGW)
Ubuntu 18.04
Kernel: 4.18.0-240.10.1.el8_3.x86_64
Compiler: gcc 7.5.0-3ubuntu1~18.04
Fedora 31
Kernel: 4.18.0-240.10.1.el8_3.x86_64
Compiler: gcc 9.3.1
FreeBSD 13
Kernel: 13.0
Compiler: clang 11.0.1
openSUSE Leap 15
Kernel: 4.18.0-240.10.1.el8_3.x86_64
Compiler: gcc 7.5.0
Ubuntu 20.04
Kernel: 4.18.0-240.10.1.el8_3.x86_64
Compiler: gcc 9.3.0-17ubuntu1~20.04
Fedora 32
Kernel: 4.18.0-240.10.1.el8_3.x86_64
Compiler: gcc 10.2.1
CentOS Stream 8
Kernel: 4.18.0-240.10.1.el8_3.x86_64
Compiler: gcc 8.4.1 20200928
CentOS 8
Kernel: 4.18.0-240.10.1.el8_3.x86_64
Compiler: gcc 8.3.1 20191121 (Red Hat 8.3.1-5)
Arch Linux
Kernel: 5.4.0-73-generic
Compiler: gcc 11.1.0
Fedora 34
Kernel: 5.4.0-72-generic
Compiler: gcc 11.1.1 20210428 (Red Hat 11.1.1-1)
Alpine
Kernel: 5.4.0-73-generic
Compiler: gcc (Alpine 10.3.1_git20210424) 10.3.1 20210424
Fedora 33
Kernel: 5.4.0-72-generic
Compiler: gcc 10.3.1 20210422 (Red Hat 10.3.1-1)
RHEL8
Kernel: 4.18.0-240.10.1.el8_3.x86_64
Compiler: gcc 8.3.1 20191121 (Red Hat 8.3.1-5)
RHEL 7
Kernel: 4.18.0-240.10.1.el8_3.x86_64
Compiler: gcc 4.8.5 20150623 (Red Hat 4.8.5-44)
Fedora 34 clang
Kernel: 5.4.0-72-generic
Compiler: clang 12.0.0 (Fedora 12.0.0-0.3.rc1.fc34)
To view detailed results, visit:
https://lab.dpdk.org/results/dashboard/patchsets/18991/
UNH-IOL DPDK Community Lab
To manage your email subscriptions, visit:
https://lab.dpdk.org/results/dashboard/preferences/subscriptions/
More information about the test-report
mailing list