[dpdk-test-report] |FAILURE| pw101267-101269 [PATCH] [v5, 5/5] net/mlx5: update modify field action
dpdklab at iol.unh.edu
dpdklab at iol.unh.edu
Wed Oct 13 01:49:15 CEST 2021
Test-Label: iol-x86_64-unit-testing
Test-Status: FAILURE
http://dpdk.org/patch/101269
_Testing issues_
Submitter: Slava Ovsiienko <viacheslavo at nvidia.com>
Date: Tuesday, October 12 2021 20:25:57
DPDK git baseline: Repo:dpdk
Branch: master
CommitID:e0ae3db0c043cbdc4cc22bb60206f21ec4a82a02
101267-101269 --> testing fail
Test environment and result as below:
+------------------+----------------+
| Environment | dpdk_unit_test |
+==================+================+
| Ubuntu 18.04 | PASS |
+------------------+----------------+
| CentOS 8 | PASS |
+------------------+----------------+
| Arch Linux | PASS |
+------------------+----------------+
| CentOS Stream 8 | PASS |
+------------------+----------------+
| Fedora 31 | PASS |
+------------------+----------------+
| RHEL 7 | FAIL |
+------------------+----------------+
| openSUSE Leap 15 | PASS |
+------------------+----------------+
| Fedora 32 | PASS |
+------------------+----------------+
| RHEL8 | PASS |
+------------------+----------------+
| Fedora 34 | PASS |
+------------------+----------------+
| Ubuntu 20.04 | PASS |
+------------------+----------------+
| Fedora 33 | PASS |
+------------------+----------------+
| Fedora 34 clang | PASS |
+------------------+----------------+
==== 20 line log output for RHEL 7 (dpdk_unit_test): ====
^
cc1: all warnings being treated as errors
[1594/2912] Compiling C object drivers/net/ngbe/base/libngbe_base.a.p/ngbe_mng.c.o
[1595/2912] Compiling C object drivers/net/ngbe/base/libngbe_base.a.p/ngbe_hw.c.o
[1596/2912] Compiling C object drivers/libtmp_rte_net_nfp.a.p/net_nfp_nfpcore_nfp_hwinfo.c.o
[1597/2912] Compiling C object drivers/libtmp_rte_net_netvsc.a.p/net_netvsc_hn_rxtx.c.o
[1598/2912] Compiling C object drivers/libtmp_rte_net_nfp.a.p/net_nfp_nfpcore_nfp_mutex.c.o
[1599/2912] Compiling C object drivers/libtmp_rte_net_nfp.a.p/net_nfp_nfpcore_nfp_nsp_eth.c.o
[1600/2912] Compiling C object drivers/libtmp_rte_net_nfp.a.p/net_nfp_nfp_cpp_bridge.c.o
[1601/2912] Compiling C object drivers/libtmp_rte_net_nfp.a.p/net_nfp_nfp_ethdev_vf.c.o
[1602/2912] Compiling C object drivers/libtmp_rte_net_nfp.a.p/net_nfp_nfp_common.c.o
[1603/2912] Compiling C object drivers/libtmp_rte_net_nfp.a.p/net_nfp_nfp_ethdev.c.o
[1604/2912] Compiling C object drivers/libtmp_rte_net_nfp.a.p/net_nfp_nfp_rxtx.c.o
[1605/2912] Generating eal.sym_chk with a meson_exe.py custom command
[1606/2912] Generating rte_common_sfc_efx.sym_chk with a meson_exe.py custom command
[1607/2912] Generating rte_common_cnxk.sym_chk with a meson_exe.py custom command
[1608/2912] Compiling C object drivers/libtmp_rte_net_mlx5.a.p/net_mlx5_mlx5_tx_nompw.c.o
[1609/2912] Compiling C object drivers/libtmp_rte_net_mlx5.a.p/net_mlx5_mlx5_tx_empw.c.o
[1610/2912] Compiling C object drivers/libtmp_rte_net_mlx5.a.p/net_mlx5_mlx5_tx_txpp.c.o
ninja: build stopped: subcommand failed.
==== End log output ====
Ubuntu 18.04
Kernel: 4.18.0-240.10.1.el8_3.x86_64
Compiler: gcc 7.5.0-3ubuntu1~18.04
CentOS 8
Kernel: 4.18.0-240.10.1.el8_3.x86_64
Compiler: gcc 8.3.1 20191121 (Red Hat 8.3.1-5)
Arch Linux
Kernel: 5.4.0-73-generic
Compiler: gcc 11.1.0
CentOS Stream 8
Kernel: 4.18.0-240.10.1.el8_3.x86_64
Compiler: gcc 8.4.1 20200928
Fedora 31
Kernel: 4.18.0-240.10.1.el8_3.x86_64
Compiler: gcc 9.3.1
RHEL 7
Kernel: 4.18.0-240.10.1.el8_3.x86_64
Compiler: gcc 4.8.5 20150623 (Red Hat 4.8.5-44)
openSUSE Leap 15
Kernel: 4.18.0-240.10.1.el8_3.x86_64
Compiler: gcc 7.5.0
Fedora 32
Kernel: 4.18.0-240.10.1.el8_3.x86_64
Compiler: gcc 10.2.1
RHEL8
Kernel: 4.18.0-240.10.1.el8_3.x86_64
Compiler: gcc 8.3.1 20191121 (Red Hat 8.3.1-5)
Fedora 34
Kernel: 5.4.0-72-generic
Compiler: gcc 11.1.1 20210428 (Red Hat 11.1.1-1)
Ubuntu 20.04
Kernel: 4.18.0-240.10.1.el8_3.x86_64
Compiler: gcc 9.3.0-17ubuntu1~20.04
Fedora 33
Kernel: 5.4.0-72-generic
Compiler: gcc 10.3.1 20210422 (Red Hat 10.3.1-1)
Fedora 34 clang
Kernel: 5.4.0-72-generic
Compiler: clang 12.0.0 (Fedora 12.0.0-0.3.rc1.fc34)
To view detailed results, visit:
https://lab.dpdk.org/results/dashboard/patchsets/19350/
UNH-IOL DPDK Community Lab
To manage your email subscriptions, visit:
https://lab.dpdk.org/results/dashboard/preferences/subscriptions/
More information about the test-report
mailing list