[dpdk-test-report] |FAILURE| pw101486-101500 [PATCH] [v4, 15/15] test/crypto: add raw API support in 5G algos
dpdklab at iol.unh.edu
dpdklab at iol.unh.edu
Wed Oct 13 22:31:26 CEST 2021
Test-Label: iol-x86_64-compile-testing
Test-Status: FAILURE
http://dpdk.org/patch/101500
_Testing issues_
Submitter: Hemant Agrawal <hemant.agrawal at nxp.com>
Date: Wednesday, October 13 2021 19:00:32
DPDK git baseline: Repo:dpdk
Branch: master
CommitID:2f3758751b157760ebb6fc51cd92841073bb115c
101486-101500 --> testing fail
Test environment and result as below:
+---------------------+-------------------+--------------------+----------------------+
| Environment | dpdk_compile_spdk | dpdk_meson_compile | dpdk_mingw64_compile |
+=====================+===================+====================+======================+
| Ubuntu 18.04 | PASS | PASS | SKIPPED |
+---------------------+-------------------+--------------------+----------------------+
| Windows Server 2019 | SKIPPED | FAIL | PASS |
+---------------------+-------------------+--------------------+----------------------+
| Fedora 31 | SKIPPED | PASS | SKIPPED |
+---------------------+-------------------+--------------------+----------------------+
| FreeBSD 13 | SKIPPED | PASS | SKIPPED |
+---------------------+-------------------+--------------------+----------------------+
| CentOS 8 | SKIPPED | PASS | SKIPPED |
+---------------------+-------------------+--------------------+----------------------+
| openSUSE Leap 15 | SKIPPED | PASS | SKIPPED |
+---------------------+-------------------+--------------------+----------------------+
| Fedora 32 | SKIPPED | PASS | SKIPPED |
+---------------------+-------------------+--------------------+----------------------+
| CentOS Stream 8 | SKIPPED | PASS | SKIPPED |
+---------------------+-------------------+--------------------+----------------------+
| Ubuntu 20.04 | SKIPPED | PASS | SKIPPED |
+---------------------+-------------------+--------------------+----------------------+
| Arch Linux | SKIPPED | PASS | SKIPPED |
+---------------------+-------------------+--------------------+----------------------+
| RHEL 7 | SKIPPED | PASS | SKIPPED |
+---------------------+-------------------+--------------------+----------------------+
| RHEL8 | SKIPPED | PASS | SKIPPED |
+---------------------+-------------------+--------------------+----------------------+
| Fedora 33 | SKIPPED | PASS | SKIPPED |
+---------------------+-------------------+--------------------+----------------------+
| Fedora 34 | SKIPPED | PASS | SKIPPED |
+---------------------+-------------------+--------------------+----------------------+
| Alpine | SKIPPED | PASS | SKIPPED |
+---------------------+-------------------+--------------------+----------------------+
| Fedora 34 clang | SKIPPED | PASS | SKIPPED |
+---------------------+-------------------+--------------------+----------------------+
==== 20 line log output for Windows Server 2019 (dpdk_meson_compile): ====
Version: 0.57.1
Source dir: C:\Users\builder\jenkins\workspace\Windows-Compile-DPDK-Meson\dpdk
Build dir: C:\Users\builder\jenkins\workspace\Windows-Compile-DPDK-Meson\dpdk\build
Build type: native build
Program more found: YES (C:\Windows\system32\more.COM)
Project name: DPDK
Project version: 21.11.0-rc0
C compiler for the host machine: clang (clang 9.0.0 "clang version 9.0.0 (tags/RELEASE_900/final)")
C linker for the host machine: clang link 14.24.28314.0
Host machine cpu family: x86_64
Host machine cpu: x86_64
Message: ## Building in Developer Mode ##
Program pkg-config pkgconf found: NO
Program check-symbols.sh found: YES (sh C:\Users\builder\jenkins\workspace\Windows-Compile-DPDK-Meson\dpdk\buildtools\check-symbols.sh)
Program options-ibverbs-static.sh found: YES (sh C:\Users\builder\jenkins\workspace\Windows-Compile-DPDK-Meson\dpdk\buildtools\options-ibverbs-static.sh)
Program binutils-avx512-check.sh found: YES (sh C:\Users\builder\jenkins\workspace\Windows-Compile-DPDK-Meson\dpdk\buildtools\binutils-avx512-check.sh)
Program python3 found: YES (c:\python38\python.exe)
Program more found: YES (C:\Windows\system32\more.COM)
Checking for size of "void *" : 8
[2] Error running command.
==== End log output ====
Ubuntu 18.04
Kernel: 4.18.0-240.10.1.el8_3.x86_64
Compiler: gcc 7.5.0-3ubuntu1~18.04
Windows Server 2019
Kernel: 10.0
Compiler: clang 9.0 and gcc 8.1.0 (MinGW)
Fedora 31
Kernel: 4.18.0-240.10.1.el8_3.x86_64
Compiler: gcc 9.3.1
FreeBSD 13
Kernel: 13.0
Compiler: clang 11.0.1
CentOS 8
Kernel: 4.18.0-240.10.1.el8_3.x86_64
Compiler: gcc 8.3.1 20191121 (Red Hat 8.3.1-5)
openSUSE Leap 15
Kernel: 4.18.0-240.10.1.el8_3.x86_64
Compiler: gcc 7.5.0
Fedora 32
Kernel: 4.18.0-240.10.1.el8_3.x86_64
Compiler: gcc 10.2.1
CentOS Stream 8
Kernel: 4.18.0-240.10.1.el8_3.x86_64
Compiler: gcc 8.4.1 20200928
Ubuntu 20.04
Kernel: 4.18.0-240.10.1.el8_3.x86_64
Compiler: gcc 9.3.0-17ubuntu1~20.04
Arch Linux
Kernel: 5.4.0-73-generic
Compiler: gcc 11.1.0
RHEL 7
Kernel: 4.18.0-240.10.1.el8_3.x86_64
Compiler: gcc 4.8.5 20150623 (Red Hat 4.8.5-44)
RHEL8
Kernel: 4.18.0-240.10.1.el8_3.x86_64
Compiler: gcc 8.3.1 20191121 (Red Hat 8.3.1-5)
Fedora 33
Kernel: 5.4.0-72-generic
Compiler: gcc 10.3.1 20210422 (Red Hat 10.3.1-1)
Fedora 34
Kernel: 5.4.0-72-generic
Compiler: gcc 11.1.1 20210428 (Red Hat 11.1.1-1)
Alpine
Kernel: 5.4.0-73-generic
Compiler: gcc (Alpine 10.3.1_git20210424) 10.3.1 20210424
Fedora 34 clang
Kernel: 5.4.0-72-generic
Compiler: clang 12.0.0 (Fedora 12.0.0-0.3.rc1.fc34)
To view detailed results, visit:
https://lab.dpdk.org/results/dashboard/patchsets/19390/
UNH-IOL DPDK Community Lab
To manage your email subscriptions, visit:
https://lab.dpdk.org/results/dashboard/preferences/subscriptions/
More information about the test-report
mailing list