[dpdk-test-report] |FAILURE| [GIT MASTER] 52f63c60792075d3a89dfe16e5c2577a30dc977a
    dpdklab at iol.unh.edu 
    dpdklab at iol.unh.edu
       
    Thu Oct 14 14:59:37 CEST 2021
    
    
  
_Testing issues_
Branch: dpdk-next-eventdev
52f63c60792075d3a89dfe16e5c2577a30dc977a --> testing fail
Test environment and result as below:
+------------------+----------------+
|   Environment    | dpdk_unit_test |
+==================+================+
| Ubuntu 18.04     | PASS           |
+------------------+----------------+
| Arch Linux       | PASS           |
+------------------+----------------+
| Fedora 31        | PASS           |
+------------------+----------------+
| CentOS Stream 8  | PASS           |
+------------------+----------------+
| RHEL8            | PASS           |
+------------------+----------------+
| RHEL 7           | PASS           |
+------------------+----------------+
| openSUSE Leap 15 | PASS           |
+------------------+----------------+
| Fedora 32        | PASS           |
+------------------+----------------+
| Ubuntu 20.04     | PASS           |
+------------------+----------------+
| Fedora 34        | PASS           |
+------------------+----------------+
| Fedora 33        | PASS           |
+------------------+----------------+
| Fedora 34 clang  | PASS           |
+------------------+----------------+
| CentOS 8         | FAIL           |
+------------------+----------------+
==== 20 line log output for CentOS 8 (dpdk_unit_test): ====
84/94 DPDK:fast-tests / service_autotest               OK             3.68s
85/94 DPDK:fast-tests / thash_autotest                 OK             0.17s
86/94 DPDK:fast-tests / trace_autotest                 OK             0.17s
87/94 DPDK:fast-tests / telemetry_json_autotest        OK             0.17s
88/94 DPDK:fast-tests / telemetry_data_autotest        OK             0.17s
89/94 DPDK:fast-tests / ring_pmd_autotest              OK             0.17s
90/94 DPDK:fast-tests / event_eth_tx_adapter_autotest  OK             0.47s
91/94 DPDK:fast-tests / bitratestats_autotest          OK             0.17s
92/94 DPDK:fast-tests / latencystats_autotest          OK             0.17s
93/94 DPDK:fast-tests / pdump_autotest                 OK             5.23s
94/94 DPDK:fast-tests / compressdev_autotest           SKIP           0.17s
Ok:                 88
Expected Fail:      0
Fail:               0
Unexpected Pass:    0
Skipped:            5
Timeout:            1
Full log written to /home-local/jenkins-local/jenkins-agent/workspace/Generic-Unit-Test-DPDK/dpdk/build/meson-logs/testlog.txt
==== End log output ====
Ubuntu 18.04
	Kernel: 4.18.0-240.10.1.el8_3.x86_64
	Compiler: gcc 7.5.0-3ubuntu1~18.04
Arch Linux
	Kernel: 5.4.0-73-generic
	Compiler: gcc 11.1.0
Fedora 31
	Kernel: 4.18.0-240.10.1.el8_3.x86_64
	Compiler: gcc 9.3.1
CentOS Stream 8
	Kernel: 4.18.0-240.10.1.el8_3.x86_64
	Compiler: gcc 8.4.1 20200928
RHEL8
	Kernel: 4.18.0-240.10.1.el8_3.x86_64
	Compiler: gcc 8.3.1 20191121 (Red Hat 8.3.1-5)
RHEL 7
	Kernel: 4.18.0-240.10.1.el8_3.x86_64
	Compiler: gcc 4.8.5 20150623 (Red Hat 4.8.5-44)
openSUSE Leap 15
	Kernel: 4.18.0-240.10.1.el8_3.x86_64
	Compiler: gcc 7.5.0
Fedora 32
	Kernel: 4.18.0-240.10.1.el8_3.x86_64
	Compiler: gcc 10.2.1
Ubuntu 20.04
	Kernel: 4.18.0-240.10.1.el8_3.x86_64
	Compiler: gcc 9.3.0-17ubuntu1~20.04
Fedora 34
	Kernel: 5.4.0-72-generic
	Compiler: gcc 11.1.1 20210428 (Red Hat 11.1.1-1)
Fedora 33
	Kernel: 5.4.0-72-generic
	Compiler: gcc 10.3.1 20210422 (Red Hat 10.3.1-1)
Fedora 34 clang
	Kernel: 5.4.0-72-generic
	Compiler: clang 12.0.0 (Fedora 12.0.0-0.3.rc1.fc34)
CentOS 8
	Kernel: 4.18.0-240.10.1.el8_3.x86_64
	Compiler: gcc 8.3.1 20191121 (Red Hat 8.3.1-5)
To view detailed results, visit:
https://lab.dpdk.org/results/dashboard/tarballs/17184/
UNH-IOL DPDK Community Lab
To manage your email subscriptions, visit: 
https://lab.dpdk.org/results/dashboard/preferences/subscriptions/
    
    
More information about the test-report
mailing list