[dpdk-test-report] |FAILURE| pw101716-101718 [PATCH] [3/3] net/sfc: implement the transfer proxy port callback
dpdklab at iol.unh.edu
dpdklab at iol.unh.edu
Mon Oct 18 16:46:52 CEST 2021
Test-Label: iol-x86_64-unit-testing
Test-Status: FAILURE
http://dpdk.org/patch/101718
_Testing issues_
Submitter: Andrew Rybchenko <Andrew.Rybchenko at oktetlabs.ru>
Date: Friday, October 15 2021 06:49:03
DPDK git baseline: Repo:dpdk-next-net
Branch: master
CommitID:a46873e69d5ab1b544eee2f441e4d2bfe5995e4e
101716-101718 --> testing fail
Test environment and result as below:
+------------------+----------------+
| Environment | dpdk_unit_test |
+==================+================+
| Ubuntu 18.04 | FAIL |
+------------------+----------------+
| CentOS 8 | PASS |
+------------------+----------------+
| Arch Linux | PASS |
+------------------+----------------+
| CentOS Stream 8 | PASS |
+------------------+----------------+
| openSUSE Leap 15 | FAIL |
+------------------+----------------+
| Fedora 31 | PASS |
+------------------+----------------+
| RHEL 7 | FAIL |
+------------------+----------------+
| Fedora 32 | PASS |
+------------------+----------------+
| RHEL8 | PASS |
+------------------+----------------+
| Ubuntu 20.04 | PASS |
+------------------+----------------+
| Fedora 33 | PASS |
+------------------+----------------+
| Fedora 34 | PASS |
+------------------+----------------+
| Fedora 34 clang | PASS |
+------------------+----------------+
==== 20 line log output for RHEL 7 (dpdk_unit_test): ====
^
cc1: all warnings being treated as errors
[1271/2915] Compiling C object drivers/libtmp_rte_net_hinic.a.p/net_hinic_hinic_pmd_rx.c.o
[1272/2915] Compiling C object drivers/libtmp_rte_net_hinic.a.p/net_hinic_hinic_pmd_ethdev.c.o
[1273/2915] Compiling C object drivers/libtmp_rte_net_hinic.a.p/net_hinic_hinic_pmd_tx.c.o
[1274/2915] Compiling C object drivers/libtmp_rte_net_hinic.a.p/net_hinic_hinic_pmd_flow.c.o
[1275/2915] Linking static target drivers/net/hinic/base/libhinic_base.a
[1276/2915] Generating rte_net_bond.sym_chk with a meson_exe.py custom command
[1277/2915] Generating rte_net_dpaa2.sym_chk with a meson_exe.py custom command
[1278/2915] Generating rte_net_failsafe.pmd.c with a custom command
[1279/2915] Generating rte_net_bnxt.sym_chk with a meson_exe.py custom command
[1280/2915] Generating rte_net_fm10k.pmd.c with a custom command
[1281/2915] Generating ethdev.sym_chk with a meson_exe.py custom command
[1282/2915] Generating rte_bus_fslmc.sym_chk with a meson_exe.py custom command
[1283/2915] Generating rte_bus_dpaa.sym_chk with a meson_exe.py custom command
[1284/2915] Generating rte_common_mlx5.sym_chk with a meson_exe.py custom command
[1285/2915] Generating eal.sym_chk with a meson_exe.py custom command
[1286/2915] Generating rte_common_sfc_efx.sym_chk with a meson_exe.py custom command
[1287/2915] Generating rte_common_cnxk.sym_chk with a meson_exe.py custom command
ninja: build stopped: subcommand failed.
==== End log output ====
Ubuntu 18.04
Kernel: 4.18.0-240.10.1.el8_3.x86_64
Compiler: gcc 7.5.0-3ubuntu1~18.04
CentOS 8
Kernel: 4.18.0-240.10.1.el8_3.x86_64
Compiler: gcc 8.3.1 20191121 (Red Hat 8.3.1-5)
Arch Linux
Kernel: 5.4.0-73-generic
Compiler: gcc 11.1.0
CentOS Stream 8
Kernel: 4.18.0-240.10.1.el8_3.x86_64
Compiler: gcc 8.4.1 20200928
openSUSE Leap 15
Kernel: 4.18.0-240.10.1.el8_3.x86_64
Compiler: gcc 7.5.0
Fedora 31
Kernel: 4.18.0-240.10.1.el8_3.x86_64
Compiler: gcc 9.3.1
RHEL 7
Kernel: 4.18.0-240.10.1.el8_3.x86_64
Compiler: gcc 4.8.5 20150623 (Red Hat 4.8.5-44)
Fedora 32
Kernel: 4.18.0-240.10.1.el8_3.x86_64
Compiler: gcc 10.2.1
RHEL8
Kernel: 4.18.0-240.10.1.el8_3.x86_64
Compiler: gcc 8.3.1 20191121 (Red Hat 8.3.1-5)
Ubuntu 20.04
Kernel: 4.18.0-240.10.1.el8_3.x86_64
Compiler: gcc 9.3.0-17ubuntu1~20.04
Fedora 33
Kernel: 5.4.0-72-generic
Compiler: gcc 10.3.1 20210422 (Red Hat 10.3.1-1)
Fedora 34
Kernel: 5.4.0-72-generic
Compiler: gcc 11.1.1 20210428 (Red Hat 11.1.1-1)
Fedora 34 clang
Kernel: 5.4.0-72-generic
Compiler: clang 12.0.0 (Fedora 12.0.0-0.3.rc1.fc34)
To view detailed results, visit:
https://lab.dpdk.org/results/dashboard/patchsets/19441/
UNH-IOL DPDK Community Lab
To manage your email subscriptions, visit:
https://lab.dpdk.org/results/dashboard/preferences/subscriptions/
More information about the test-report
mailing list