[dpdk-test-report] |WARNING| [GIT MASTER] fcdf769a989e564937185d47624df7622d489b5e
dpdklab at iol.unh.edu
dpdklab at iol.unh.edu
Sun Sep 5 08:47:51 CEST 2021
_Testing issues_
Branch: tags/v20.11
fcdf769a989e564937185d47624df7622d489b5e --> testing fail
Test environment and result as below:
+------------------------------------+----------+
| Environment | abi_test |
+====================================+==========+
| Ubuntu 20.04 ARM | FAIL |
+------------------------------------+----------+
| CentOS 8 | PASS |
+------------------------------------+----------+
| FreeBSD 13 | FAIL |
+------------------------------------+----------+
| CentOS Stream 8 | PASS |
+------------------------------------+----------+
| Ubuntu 18.04 | PASS |
+------------------------------------+----------+
| RHEL 7 | PASS |
+------------------------------------+----------+
| Ubuntu 20.04 | PASS |
+------------------------------------+----------+
| RHEL8 | PASS |
+------------------------------------+----------+
| Fedora 32 | PASS |
+------------------------------------+----------+
| Arch Linux | PASS |
+------------------------------------+----------+
| Fedora 31 | PASS |
+------------------------------------+----------+
| Fedora 33 | PASS |
+------------------------------------+----------+
| openSUSE Leap 15 | PASS |
+------------------------------------+----------+
| Ubuntu 20.04 ARM cross-compilation | PASS |
+------------------------------------+----------+
| Fedora 34 | PASS |
+------------------------------------+----------+
| Fedora 34 clang | PASS |
+------------------------------------+----------+
==== 20 line log output for FreeBSD 13 (abi_test): ====
Installing /usr/home/jenkins/jenkins-agent/workspace/Generic-VM-DPDK-Compile-ABI/dpdk/drivers/raw/ioat/rte_ioat_rawdev_fns.h to /usr/home/jenkins/jenkins-agent/workspace/Generic-VM-DPDK-Compile-ABI/build_install/usr/local/include/
Installing /usr/home/jenkins/jenkins-agent/workspace/Generic-VM-DPDK-Compile-ABI/dpdk/drivers/raw/ntb/rte_pmd_ntb.h to /usr/home/jenkins/jenkins-agent/workspace/Generic-VM-DPDK-Compile-ABI/build_install/usr/local/include/
Installing /usr/home/jenkins/jenkins-agent/workspace/Generic-VM-DPDK-Compile-ABI/dpdk/drivers/crypto/scheduler/rte_cryptodev_scheduler.h to /usr/home/jenkins/jenkins-agent/workspace/Generic-VM-DPDK-Compile-ABI/build_install/usr/local/include/
Installing /usr/home/jenkins/jenkins-agent/workspace/Generic-VM-DPDK-Compile-ABI/dpdk/drivers/crypto/scheduler/rte_cryptodev_scheduler_operations.h to /usr/home/jenkins/jenkins-agent/workspace/Generic-VM-DPDK-Compile-ABI/build_install/usr/local/include/
Installing /usr/home/jenkins/jenkins-agent/workspace/Generic-VM-DPDK-Compile-ABI/dpdk/drivers/baseband/fpga_5gnr_fec/rte_pmd_fpga_5gnr_fec.h to /usr/home/jenkins/jenkins-agent/workspace/Generic-VM-DPDK-Compile-ABI/build_install/usr/local/include/
Installing /usr/home/jenkins/jenkins-agent/workspace/Generic-VM-DPDK-Compile-ABI/dpdk/drivers/baseband/acc100/rte_acc100_cfg.h to /usr/home/jenkins/jenkins-agent/workspace/Generic-VM-DPDK-Compile-ABI/build_install/usr/local/include/
Installing /usr/home/jenkins/jenkins-agent/workspace/Generic-VM-DPDK-Compile-ABI/dpdk/usertools/dpdk-devbind.py to /usr/home/jenkins/jenkins-agent/workspace/Generic-VM-DPDK-Compile-ABI/build_install/usr/local/bin
Installing /usr/home/jenkins/jenkins-agent/workspace/Generic-VM-DPDK-Compile-ABI/dpdk/usertools/dpdk-pmdinfo.py to /usr/home/jenkins/jenkins-agent/workspace/Generic-VM-DPDK-Compile-ABI/build_install/usr/local/bin
Installing /usr/home/jenkins/jenkins-agent/workspace/Generic-VM-DPDK-Compile-ABI/dpdk/usertools/dpdk-telemetry.py to /usr/home/jenkins/jenkins-agent/workspace/Generic-VM-DPDK-Compile-ABI/build_install/usr/local/bin
Installing /usr/home/jenkins/jenkins-agent/workspace/Generic-VM-DPDK-Compile-ABI/dpdk/usertools/dpdk-hugepages.py to /usr/home/jenkins/jenkins-agent/workspace/Generic-VM-DPDK-Compile-ABI/build_install/usr/local/bin
Installing /usr/home/jenkins/jenkins-agent/workspace/Generic-VM-DPDK-Compile-ABI/dpdk/doc/guides/custom.css to /usr/home/jenkins/jenkins-agent/workspace/Generic-VM-DPDK-Compile-ABI/build_install/usr/local/share/doc/dpdk/_static/css
Installing /usr/home/jenkins/jenkins-agent/workspace/Generic-VM-DPDK-Compile-ABI/dpdk/build/rte_build_config.h to /usr/home/jenkins/jenkins-agent/workspace/Generic-VM-DPDK-Compile-ABI/build_install/usr/local/include
Installing /usr/home/jenkins/jenkins-agent/workspace/Generic-VM-DPDK-Compile-ABI/dpdk/build/meson-private/libdpdk-libs.pc to /usr/home/jenkins/jenkins-agent/workspace/Generic-VM-DPDK-Compile-ABI/build_install/usr/local/libdata/pkgconfig
Installing /usr/home/jenkins/jenkins-agent/workspace/Generic-VM-DPDK-Compile-ABI/dpdk/build/meson-private/libdpdk.pc to /usr/home/jenkins/jenkins-agent/workspace/Generic-VM-DPDK-Compile-ABI/build_install/usr/local/libdata/pkgconfig
Running custom install script '/bin/sh /usr/home/jenkins/jenkins-agent/workspace/Generic-VM-DPDK-Compile-ABI/dpdk/config/../buildtools/symlink-drivers-solibs.sh lib dpdk/pmds-21.0'
==== Compiled DPDK with debugoptimized
==== Creating reference DPDK ABI
==== Finished
==== Checking ABI
Error: reference directory '/opt/dpdklab/abi_references/"v20.11"/freebsd13ref' does not exist.
==== End log output ====
Ubuntu 20.04 ARM
Kernel: 5.4.0-53-generic
Compiler: gcc 9.3
CentOS 8
Kernel: 4.18.0-240.10.1.el8_3.x86_64
Compiler: gcc 8.3.1 20191121 (Red Hat 8.3.1-5)
FreeBSD 13
Kernel: 13.0
Compiler: clang 11.0.1
CentOS Stream 8
Kernel: 4.18.0-240.10.1.el8_3.x86_64
Compiler: gcc 8.4.1 20200928
Ubuntu 18.04
Kernel: 4.18.0-240.10.1.el8_3.x86_64
Compiler: gcc 7.5.0-3ubuntu1~18.04
RHEL 7
Kernel: 4.18.0-240.10.1.el8_3.x86_64
Compiler: gcc 4.8.5 20150623 (Red Hat 4.8.5-44)
Ubuntu 20.04
Kernel: 4.18.0-240.10.1.el8_3.x86_64
Compiler: gcc 9.3.0-17ubuntu1~20.04
RHEL8
Kernel: 4.18.0-240.10.1.el8_3.x86_64
Compiler: gcc 8.3.1 20191121 (Red Hat 8.3.1-5)
Fedora 32
Kernel: 4.18.0-240.10.1.el8_3.x86_64
Compiler: gcc 10.2.1
Arch Linux
Kernel: 5.4.0-73-generic
Compiler: gcc 11.1.0
Fedora 31
Kernel: 4.18.0-240.10.1.el8_3.x86_64
Compiler: gcc 9.3.1
Fedora 33
Kernel: 5.4.0-72-generic
Compiler: gcc 10.3.1 20210422 (Red Hat 10.3.1-1)
openSUSE Leap 15
Kernel: 4.18.0-240.10.1.el8_3.x86_64
Compiler: gcc 7.5.0
Ubuntu 20.04 ARM cross-compilation
Kernel: 5.4.0-72-generic
Compiler: aarch64-linux-gnu-gcc (Ubuntu 9.3.0-17ubuntu1~20.04) 9.3.0
Fedora 34
Kernel: 5.4.0-72-generic
Compiler: gcc 11.1.1 20210428 (Red Hat 11.1.1-1)
Fedora 34 clang
Kernel: 5.4.0-72-generic
Compiler: clang 12.0.0 (Fedora 12.0.0-0.3.rc1.fc34)
To view detailed results, visit:
https://lab.dpdk.org/results/dashboard/tarballs/16608/
UNH-IOL DPDK Community Lab
To manage your email subscriptions, visit:
https://lab.dpdk.org/results/dashboard/preferences/subscriptions/
More information about the test-report
mailing list